000
CXUS53 KDVN 011143
CLMCID


CLIMATE REPORT
NATIONAL WEATHER SERVICE QUAD CITIES IA IL
541 AM CST FRI DEC 1 2017

...................................

...THE CEDAR RAPIDS IA CLIMATE SUMMARY FOR THE MONTH OF NOVEMBER 2017...

CLIMATE NORMAL PERIOD 1981 TO 2010
CLIMATE RECORD PERIOD 1891 TO 2017

WEATHER         OBSERVED          NORMAL  DEPART
                 VALUE   DATE(S)  VALUE   FROM
                                          NORMAL
................................................
TEMPERATURE (F)
RECORD
 HIGH              79   11/07/1915
 LOW              -12   11/29/1891
HIGHEST            71   11/24        55      16
LOWEST             11   11/22        20      -9
AVG. MAXIMUM     47.6              46.5     1.1
AVG. MINIMUM     25.9              27.8    -1.9
MEAN             36.8              37.1    -0.3
DAYS MAX >= 90      0
DAYS MAX <= 32      1
DAYS MIN <= 32     24
DAYS MIN <= 0       0

PRECIPITATION (INCHES)
TOTALS           0.59              2.11   -1.52
DAILY AVG.       0.02              0.07   -0.05
DAYS >= .01         6
DAYS >= .10         2
DAYS >= .50         0
DAYS >= 1.00        0
GREATEST
 24 HR. TOTAL    0.36   11/12 TO 11/12

DEGREE_DAYS
HEATING TOTAL     838               836       2
 SINCE 7/1       1258              1446    -188
COOLING TOTAL       0                 0       0
 SINCE 1/1        747               748      -1
.................................................

WIND (MPH)
AVERAGE WIND SPEED              10.5
HIGHEST WIND SPEED/DIRECTION    32/310    DATE  11/15
HIGHEST GUST SPEED/DIRECTION    41/310    DATE  11/21

SKY COVER
POSSIBLE SUNSHINE (PERCENT)   MM
AVERAGE SKY COVER           0.40
NUMBER OF DAYS FAIR           15
NUMBER OF DAYS PC              8
NUMBER OF DAYS CLOUDY          7

AVERAGE RH (PERCENT)     71

WEATHER CONDITIONS. NUMBER OF DAYS WITH
THUNDERSTORM              0     HAIL                       0
SLEET                     0     FOG                       13
FOG W/VIS <= 1/4 MILE     5     HAZE                       7

-  INDICATES NEGATIVE NUMBERS.
R  INDICATES RECORD WAS SET OR TIED.
MM INDICATES DATA IS MISSING.
T  INDICATES TRACE AMOUNT.

$$
