000
CXUS52 KGSP 011313
CLMCLT

CLIMATE REPORT
NATIONAL WEATHER SERVICE GREENVILLE-SPARTANBURG SC
808 AM EST SUN MAR 1 2015

...................................

...THE CHARLOTTE CLIMATE SUMMARY FOR THE MONTH OF FEBRUARY 2015...

CLIMATE NORMAL PERIOD 1981 TO 2010
CLIMATE RECORD PERIOD 1878 TO 2015

WEATHER         OBSERVED          NORMAL  DEPART  LAST YEAR`S
                 VALUE   DATE(S)  VALUE   FROM    VALUE  DATE(S)
                                          NORMAL
................................................................
TEMPERATURE (F)
RECORD
 HIGH              82   02/27/2011
                        02/25/1930
 LOW               -5   02/14/1899
HIGHEST            70   02/08        MM      MM       77  02/20
LOWEST              7   02/20        MM      MM       21  02/01
AVG. MAXIMUM     47.6              55.0    -7.4     56.6
AVG. MINIMUM     27.1              32.7    -5.6     34.1
MEAN             37.4              43.9    -6.5     45.4
DAYS MAX >= 90      0               0.0     0.0        0
DAYS MAX <= 32      2               0.2     1.8        1
DAYS MIN <= 32     22              13.7     8.3       13
DAYS MIN <= 0       0               0.0     0.0        0

PRECIPITATION (INCHES)
RECORD
 MAXIMUM         8.38   1929
 MINIMUM         0.66   1938
TOTALS           3.02              3.32   -0.30     4.01
DAILY AVG.       0.11              0.12   -0.01     0.14
DAYS >= .01        11               9.4     1.6       10
DAYS >= .10         8               6.5     1.5        8
DAYS >= .50         2               2.3    -0.3        3
DAYS >= 1.00        0               0.8    -0.8        2
GREATEST
 24 HR. TOTAL    1.00   02/09 TO 02/10           02/12 TO 02/13
                                                          02/13 TO 02/13
                                                          02/13 TO 02/13
 STORM TOTAL       MM                                 MM
 (MM/DD(HH))            MM                    02/13(00) TO 02/13(00)
                                                 02/13(00) TO 02/13(00)3
                                                 02/13(00) TO 02/13(00)3

SNOWFALL (INCHES)
RECORDS
 TOTAL           17.4   1902
 24 HR TOTAL     16.5   02/14/1902 TO 02/15/1902
 SNOW DEPTH        MM   MM
TOTALS            3.1               1.2     1.9      8.4
 LIQUID EQUIV    0.31              0.10    0.21     0.84
SINCE 7/1         3.1               3.7    -0.6      9.3
 LIQUID 7/1      0.31              0.40   -0.09     0.93
SNOWDEPTH AVG.      0                MM      MM        1
DAYS >= TRACE       7               0.5     6.5        4
DAYS >= 1.0         1               0.3     0.7        3
GREATEST
 SNOW DEPTH         2   02/26                          6  02/14
 24 HR TOTAL      1.9   02/25 TO 02/26           02/13 TO 02/13
                                                          02/13 TO 02/13
                                                          02/13 TO 02/13
 STORM TOTAL       MM                                 MM
 (MM/DD(HH))            MM                    02/13(00) TO 02/13(00)
                                                 02/13(00) TO 02/13(00)3
                                                 02/13(00) TO 02/13(00)3

DEGREE_DAYS
HEATING TOTAL     764               592     172      543
 SINCE 7/1       2771              2699      72     2676
COOLING TOTAL       0                 0       0        1
 SINCE 1/1          0                 0       0        1

FREEZE DATES
RECORD
 EARLIEST     MM
 LATEST       MM
EARLIEST                        MM
LATEST                          MM
....................................................

WIND (MPH)
AVERAGE WIND SPEED              7.3
HIGHEST WIND SPEED/DIRECTION    35/300    DATE  02/14
HIGHEST GUST SPEED/DIRECTION    49/300    DATE  02/14

SKY COVER
POSSIBLE SUNSHINE (PERCENT)   MM
AVERAGE SKY COVER           0.60
NUMBER OF DAYS FAIR            9
NUMBER OF DAYS PC              7
NUMBER OF DAYS CLOUDY         12

AVERAGE RH (PERCENT)     52

WEATHER CONDITIONS. NUMBER OF DAYS WITH
THUNDERSTORM              0     MIXED PRECIP               0
HEAVY RAIN                2     RAIN                       6
LIGHT RAIN                7     FREEZING RAIN              1
LT FREEZING RAIN          2     HAIL                       0
HEAVY SNOW                0     SNOW                       3
LIGHT SNOW                7     SLEET                      4
FOG                      12     FOG W/VIS <= 1/4 MILE      0
HAZE                      4

-  INDICATES NEGATIVE NUMBERS.
R  INDICATES RECORD WAS SET OR TIED.
MM INDICATES DATA IS MISSING.
T  INDICATES TRACE AMOUNT.

$$
JPT
