000
CXUS55 KCYS 060239
CLMCNE


CLIMATE REPORT
NATIONAL WEATHER SERVICE CHEYENNE WY
839 PM MDT SUN OCT 5 2014

...................................

...THE ALLIANCE NE AIRPORT CLIMATE SUMMARY FOR THE MONTH OF SEPTEMBER 2014...

CLIMATE NORMAL PERIOD 1981 TO 2010
CLIMATE RECORD PERIOD 1896 TO 2014

WEATHER         OBSERVED          NORMAL  DEPART  LAST YEAR`S
                 VALUE   DATE(S)  VALUE   FROM    VALUE
                                          NORMAL
.............................................................
TEMPERATURE (F)
RECORD
 HIGH             101   09/06/2013
                        09/04/1998
                        09/07/1908
 LOW               15   09/26/1926
                        09/25/1926
HIGHEST            96   09/03        MM      MM      101
LOWEST             31   09/12        MM      MM       31
AVG. MAXIMUM     77.2              76.1     1.1     80.6
AVG. MINIMUM     44.8              42.7     2.1     49.8
MEAN             61.0              59.4     1.6     65.2
DAYS MAX >= 90      3               2.9     0.1       10
DAYS MAX <= 32      0               0.0     0.0        0
DAYS MIN <= 32      1               3.1    -2.1        2
DAYS MIN <= 0       0               0.0     0.0        0

PRECIPITATION (INCHES)
RECORD
 MAXIMUM         6.27   1951
 MINIMUM         0.03   1953
TOTALS           2.33              1.39    0.94     2.88
DAYS >= .01         9                MM      MM        9
DAYS >= .10         3                MM      MM        5
DAYS >= .50         2                MM      MM        1
DAYS >= 1.00        1                MM      MM        1
GREATEST
 24 HR. TOTAL    1.42   09/29 TO 09/29

DEGREE_DAYS
HEATING TOTAL     151               208     -57      121
 SINCE 7/1        188               245     -57      129
COOLING TOTAL      37                40      -3      136
 SINCE 1/1        499               563     -64      795
..............................................................

WIND (MPH)
AVERAGE WIND SPEED              9.7
HIGHEST WIND SPEED/DIRECTION    53/230    DATE  09/30
HIGHEST GUST SPEED/DIRECTION    66/230    DATE  09/30

SKY COVER
POSSIBLE SUNSHINE (PERCENT)   MM
AVERAGE SKY COVER           0.30
NUMBER OF DAYS FAIR           19
NUMBER OF DAYS PC              7
NUMBER OF DAYS CLOUDY          4

AVERAGE RH (PERCENT)     65

WEATHER CONDITIONS. NUMBER OF DAYS WITH
THUNDERSTORM              0     MIXED PRECIP               0
HEAVY RAIN                2     RAIN                       2
LIGHT RAIN               10     FREEZING RAIN              0
LT FREEZING RAIN          0     HAIL                       0
HEAVY SNOW                0     SNOW                       0
LIGHT SNOW                2     SLEET                      0
FOG                      11     FOG W/VIS <= 1/4 MILE      0
HAZE                      1

-  INDICATES NEGATIVE NUMBERS.
R  INDICATES RECORD WAS SET OR TIED.
MM INDICATES DATA IS MISSING.
T  INDICATES TRACE AMOUNT.
...................................

...THE CHADRON NE AIRPORT CLIMATE SUMMARY FOR THE MONTH OF SEPTEMBER 2014...

CLIMATE NORMAL PERIOD 1981 TO 2010
CLIMATE RECORD PERIOD 1895 TO 2014

WEATHER         OBSERVED          NORMAL  DEPART  LAST YEAR`S
                 VALUE   DATE(S)  VALUE   FROM    VALUE
                                          NORMAL
.............................................................
TEMPERATURE (F)
RECORD
 HIGH             104   09/04/1978
 LOW               15   09/25/1926
HIGHEST            97   09/03        MM      MM      100
LOWEST             31   09/12        MM      MM       32
AVG. MAXIMUM     77.3              78.0    -0.7     81.9
AVG. MINIMUM     46.3              44.1     2.2     51.6
MEAN             61.8              61.0     0.8     66.8
DAYS MAX >= 90      7               4.7     2.3       10
DAYS MAX <= 32      0               0.0     0.0        0
DAYS MIN <= 32      1               2.7    -1.7        1
DAYS MIN <= 0       0               0.0     0.0        0

PRECIPITATION (INCHES)
RECORD
 MAXIMUM         5.82   1986
 MINIMUM            T   2010
TOTALS           3.70              1.73    1.97     2.69
DAYS >= .01         7               7.2    -0.2        8
DAYS >= .10         4               3.6     0.4        5
DAYS >= .50         2               1.1     0.9        1
DAYS >= 1.00        1               0.3     0.7        1
GREATEST
 24 HR. TOTAL    2.93   09/29 TO 09/30

DEGREE_DAYS
HEATING TOTAL     150               181     -31       90
 SINCE 7/1        164               211     -47       90
COOLING TOTAL      62                63      -1      149
 SINCE 1/1        647               710     -63      917
..............................................................

WIND (MPH)
AVERAGE WIND SPEED              8.1
HIGHEST WIND SPEED/DIRECTION    41/280    DATE  09/30
HIGHEST GUST SPEED/DIRECTION    54/280    DATE  09/30

SKY COVER
POSSIBLE SUNSHINE (PERCENT)   MM
AVERAGE SKY COVER           0.30
NUMBER OF DAYS FAIR           19
NUMBER OF DAYS PC              8
NUMBER OF DAYS CLOUDY          3

AVERAGE RH (PERCENT)     63

WEATHER CONDITIONS. NUMBER OF DAYS WITH
THUNDERSTORM              0     MIXED PRECIP               0
HEAVY RAIN                3     RAIN                       3
LIGHT RAIN               10     FREEZING RAIN              0
LT FREEZING RAIN          0     HAIL                       0
HEAVY SNOW                0     SNOW                       0
LIGHT SNOW                1     SLEET                      0
FOG                      10     FOG W/VIS <= 1/4 MILE      1
HAZE                      5

-  INDICATES NEGATIVE NUMBERS.
R  INDICATES RECORD WAS SET OR TIED.
MM INDICATES DATA IS MISSING.
T  INDICATES TRACE AMOUNT.
...................................

...THE SCOTTSBLUFF NE AIRPORT CLIMATE SUMMARY FOR THE MONTH OF SEPTEMBER 2014...

CLIMATE NORMAL PERIOD 1981 TO 2010
CLIMATE RECORD PERIOD 1871 TO 2014

WEATHER         OBSERVED          NORMAL  DEPART  LAST YEAR`S
                 VALUE   DATE(S)  VALUE   FROM    VALUE
                                          NORMAL
.............................................................
TEMPERATURE (F)
RECORD
 HIGH             102   09/06/2013
                        09/05/1998
                        09/04/1998
 LOW               14   09/25/1926
HIGHEST            98   09/03        78      20      102
LOWEST             33   09/12        46     -13       33
AVG. MAXIMUM     79.7              77.9     1.8     82.1
AVG. MINIMUM     47.4              45.4     2.0     52.0
MEAN             63.6              61.7     1.9     67.0
DAYS MAX >= 90      6               4.6     1.4        9
DAYS MAX <= 32      0               0.1    -0.1        0
DAYS MIN <= 32      0               1.3    -1.3        0
DAYS MIN <= 0       0               0.0     0.0        0

PRECIPITATION (INCHES)
RECORD
 MAXIMUM         4.22   1937
 MINIMUM            T   1953
TOTALS           4.26R             1.18    3.08     2.37
DAYS >= .01         8               7.2     0.8       10
DAYS >= .10         4               3.3     0.7        6
DAYS >= .50         2               0.6     1.4        2
DAYS >= 1.00        1               0.1     0.9        0
GREATEST
 24 HR. TOTAL    3.47   09/29 TO 09/30

DEGREE_DAYS
HEATING TOTAL     111               159     -48       86
 SINCE 7/1        124               179     -55       88
COOLING TOTAL      76                58      18      155
 SINCE 1/1        719               723      -4     1047
..............................................................

WIND (MPH)
AVERAGE WIND SPEED              8.2
HIGHEST WIND SPEED/DIRECTION    35/270    DATE  09/30
HIGHEST GUST SPEED/DIRECTION    42/260    DATE  09/30

SKY COVER
POSSIBLE SUNSHINE (PERCENT)   MM
AVERAGE SKY COVER           0.20
NUMBER OF DAYS FAIR           20
NUMBER OF DAYS PC              7
NUMBER OF DAYS CLOUDY          3

AVERAGE RH (PERCENT)     63

WEATHER CONDITIONS. NUMBER OF DAYS WITH
THUNDERSTORM              0     MIXED PRECIP               0
HEAVY RAIN                4     RAIN                       3
LIGHT RAIN               11     FREEZING RAIN              0
LT FREEZING RAIN          0     HAIL                       0
HEAVY SNOW                0     SNOW                       0
LIGHT SNOW                2     SLEET                      0
FOG                      10     FOG W/VIS <= 1/4 MILE      1
HAZE                      3

-  INDICATES NEGATIVE NUMBERS.
R  INDICATES RECORD WAS SET OR TIED.
MM INDICATES DATA IS MISSING.
T  INDICATES TRACE AMOUNT.
...................................

...THE SIDNEY NE AIRPORT CLIMATE SUMMARY FOR THE MONTH OF SEPTEMBER 2014...

CLIMATE NORMAL PERIOD 1981 TO 2010
CLIMATE RECORD PERIOD 1948 TO 2014

WEATHER         OBSERVED          NORMAL  DEPART  LAST YEAR`S
                 VALUE   DATE(S)  VALUE   FROM    VALUE
                                          NORMAL
.............................................................
TEMPERATURE (F)
RECORD
 HIGH             102   09/06/2013
 LOW               13   09/30/1985
HIGHEST            99   09/03        MM      MM      102
LOWEST             33   09/12        MM      MM       37
                        09/11
AVG. MAXIMUM     79.6              78.9     0.7     80.6
AVG. MINIMUM     48.1              48.1     0.0     52.7
MEAN             63.9              63.5     0.4     66.7
DAYS MAX >= 90      6               5.5     0.5        8
DAYS MAX <= 32      0               0.0     0.0        0
DAYS MIN <= 32      0               1.1    -1.1        0
DAYS MIN <= 0       0               0.0     0.0        0

PRECIPITATION (INCHES)
RECORD
 MAXIMUM         7.05   2013
 MINIMUM         0.00   1977
TOTALS           2.99              1.25    1.74     7.05
DAYS >= .01         7               8.4    -1.4       15
DAYS >= .10         4               3.0     1.0        8
DAYS >= .50         1               0.5     0.5        3
DAYS >= 1.00        1               0.0     1.0        3
GREATEST
 24 HR. TOTAL    2.07   09/29 TO 09/29

DEGREE_DAYS
HEATING TOTAL     105               129     -24       95
 SINCE 7/1        117               140     -23      104
COOLING TOTAL      79                84      -5      155
 SINCE 1/1        637               826    -189      918
..............................................................

WIND (MPH)
AVERAGE WIND SPEED              10.3
HIGHEST WIND SPEED/DIRECTION    37/220    DATE  09/29
HIGHEST GUST SPEED/DIRECTION    46/220    DATE  09/29

SKY COVER
POSSIBLE SUNSHINE (PERCENT)   MM
AVERAGE SKY COVER           0.30
NUMBER OF DAYS FAIR           20
NUMBER OF DAYS PC             10
NUMBER OF DAYS CLOUDY          0

AVERAGE RH (PERCENT)     60

WEATHER CONDITIONS. NUMBER OF DAYS WITH
THUNDERSTORM              0     MIXED PRECIP               0
HEAVY RAIN                2     RAIN                       4
LIGHT RAIN               10     FREEZING RAIN              0
LT FREEZING RAIN          0     HAIL                       0
HEAVY SNOW                0     SNOW                       0
LIGHT SNOW                2     SLEET                      0
FOG                      10     FOG W/VIS <= 1/4 MILE      2
HAZE                      2

-  INDICATES NEGATIVE NUMBERS.
R  INDICATES RECORD WAS SET OR TIED.
MM INDICATES DATA IS MISSING.
T  INDICATES TRACE AMOUNT.

$$
