000
CXUS55 KPUB 011907
CLMCOS


CLIMATE REPORT
NATIONAL WEATHER SERVICE PUEBLO
107 PM MDT TUE JUL 1 2014

...................................

...THE COLORADO SPRINGS CO CLIMATE SUMMARY FOR THE MONTH OF JUNE 2014...

CLIMATE NORMAL PERIOD 1981 TO 2010
CLIMATE RECORD PERIOD 1872 TO 2014

WEATHER         OBSERVED          NORMAL  DEPART  LAST YEAR`S
                 VALUE   DATE(S)  VALUE   FROM    VALUE  DATE(S)
                                          NORMAL
................................................................
TEMPERATURE (F)
RECORD
 HIGH             101   06/26/2012
 LOW               27   06/01/1903
HIGHEST            96   06/29        83      13       98  06/27
                                                          06/10
LOWEST             41   06/10        46      -5       45  06/02
                                                          06/01
AVG. MAXIMUM     82.1              79.0     3.1     85.4
AVG. MINIMUM     51.7              51.3     0.4     54.6
MEAN             66.9              65.1     1.8     70.0
DAYS MAX >= 90      4               3.0     1.0
DAYS MAX <= 32      0               0.0     0.0
DAYS MIN <= 32      0               0.0     0.0
DAYS MIN <= 0       0               0.0     0.0

PRECIPITATION (INCHES)
RECORD
 MAXIMUM         8.00   1965
 MINIMUM         0.10   1888
TOTALS           1.29              2.50   -1.21     0.60
DAILY AVG.       0.04              0.08   -0.04
DAYS >= .01         9              10.2    -1.2
DAYS >= .10         2               4.8    -2.8
DAYS >= .50         0               1.6    -1.6
DAYS >= 1.00        0               0.5    -0.5
GREATEST
 24 HR. TOTAL    0.55   06/07 TO 06/08              0.16

SNOWFALL (INCHES)
RECORDS
 TOTAL            2.0   1917
TOTALS              T               0.0     0.0      0.0
SINCE 7/1        34.8              37.7    -2.9     29.6
SNOWDEPTH AVG.      0
DAYS >= 1.0         0               0.0     0.0
GREATEST
 SNOW DEPTH         0   MM                             0
 24 HR TOTAL        T   06/30 TO 06/30               0.0
                        06/05 TO 06/05
                        06/08 TO 06/08

DEGREE_DAYS
HEATING TOTAL      39                79     -40       25
 SINCE 7/1       6085              6292    -207     6128
COOLING TOTAL     104                83      21      182
 SINCE 1/1        117                93      24      204
.................................................................

WIND (MPH)
AVERAGE WIND SPEED              11.2
HIGHEST WIND SPEED/DIRECTION    37/050    DATE  06/30
HIGHEST GUST SPEED/DIRECTION    49/250    DATE  06/08

SKY COVER
POSSIBLE SUNSHINE (PERCENT)   MM
AVERAGE SKY COVER           0.50
NUMBER OF DAYS FAIR           10
NUMBER OF DAYS PC             18
NUMBER OF DAYS CLOUDY          2

AVERAGE RH (PERCENT)     47

WEATHER CONDITIONS. NUMBER OF DAYS WITH
THUNDERSTORM              0     MIXED PRECIP               0
HEAVY RAIN                1     RAIN                       3
LIGHT RAIN               14     FREEZING RAIN              0
LT FREEZING RAIN          0     HAIL                       3
HEAVY SNOW                0     SNOW                       0
LIGHT SNOW                0     SLEET                      0
FOG                       5     FOG W/VIS <= 1/4 MILE      1
HAZE                      4

-  INDICATES NEGATIVE NUMBERS.
R  INDICATES RECORD WAS SET OR TIED.
MM INDICATES DATA IS MISSING.
T  INDICATES TRACE AMOUNT.

$$
