000
CXUS42 KFFC 031555
CLMCSG


CLIMATE REPORT
NATIONAL WEATHER SERVICE PEACHTREE CITY GA
1155 AM EDT FRI NOV 3 2017

...................................

...THE COLUMBUS CLIMATE SUMMARY FOR THE MONTH OF OCTOBER 2017...

CLIMATE NORMAL PERIOD 1981 TO 2010
CLIMATE RECORD PERIOD 1948 TO 2017

WEATHER         OBSERVED          NORMAL  DEPART  LAST YEAR`S
                 VALUE   DATE(S)  VALUE   FROM    VALUE  DATE(S)
                                          NORMAL
................................................................
TEMPERATURE (F)
RECORD
 HIGH              96   10/05/1954
 LOW               24   10/30/1952
HIGHEST            92   10/12        85       7       91  10/08
                        10/11
LOWEST             37   10/30        60     -23       43  10/23
AVG. MAXIMUM     79.8              77.3     2.5     83.9
AVG. MINIMUM     59.1              55.6     3.5     57.7
MEAN             69.5              66.5     3.0     70.8
DAYS MAX >= 90      3               0.6     2.4        1
DAYS MAX <= 32      0               0.0     0.0        0
DAYS MIN <= 32      0               0.0     0.0        0
DAYS MIN <= 0       0               0.0     0.0        0

PRECIPITATION (INCHES)
RECORD
 MAXIMUM         8.41   1995
 MINIMUM         0.00   1963
TOTALS           4.62              2.58    2.04     0.92
DAILY AVG.       0.15              0.08    0.07     0.03
DAYS >= .01         6               6.5    -0.5        1
DAYS >= .10         5               4.0     1.0        1
DAYS >= .50         3               1.6     1.4        1
DAYS >= 1.00        2               0.8     1.2        0
GREATEST
 24 HR. TOTAL    2.10   10/23 TO 10/23           10/16 TO 10/16
                                                          10/31 TO 10/31
                                                          10/31 TO 10/31

DEGREE_DAYS
HEATING TOTAL      64                73      -9       10
 SINCE 7/1         67                76      -9       10
COOLING TOTAL     210               118      92      200
 SINCE 1/1       2677              2340     337     2724
..................................................

WIND (MPH)
AVERAGE WIND SPEED              6.9
HIGHEST WIND SPEED/DIRECTION    24/320    DATE  10/28
HIGHEST GUST SPEED/DIRECTION    37/210    DATE  10/08

SKY COVER
POSSIBLE SUNSHINE (PERCENT)   MM
AVERAGE SKY COVER           0.30
NUMBER OF DAYS FAIR           19
NUMBER OF DAYS PC              9
NUMBER OF DAYS CLOUDY          3

AVERAGE RH (PERCENT)     65

WEATHER CONDITIONS. NUMBER OF DAYS WITH
THUNDERSTORM              0     MIXED PRECIP               0
HEAVY RAIN                5     RAIN                       4
LIGHT RAIN                6     FREEZING RAIN              0
LT FREEZING RAIN          0     HAIL                       0
HEAVY SNOW                0     SNOW                       0
LIGHT SNOW                0     SLEET                      0
FOG                       9     FOG W/VIS <= 1/4 MILE      1
HAZE                      2

-  INDICATES NEGATIVE NUMBERS.
R  INDICATES RECORD WAS SET OR TIED.
MM INDICATES DATA IS MISSING.
T  INDICATES TRACE AMOUNT.

$$
