000
CXUS51 KRNK 011242
CLMDAN


CLIMATE REPORT
NATIONAL WEATHER SERVICE BLACKSBURG VA
838 AM EDT SAT JUL 1 2017

...................................

...THE DANVILLE VA CLIMATE SUMMARY FOR THE MONTH OF JUNE 2017...

CLIMATE NORMAL PERIOD 1981 TO 2010
CLIMATE RECORD PERIOD 1948 TO 2017

WEATHER         OBSERVED          NORMAL  DEPART  LAST YEAR`S
                 VALUE   DATE(S)  VALUE   FROM    VALUE
                                          NORMAL
.............................................................
TEMPERATURE (F)
RECORD
 HIGH             104   06/29/2012
 LOW               40   06/11/1977
HIGHEST            89   06/14                         94
                        06/13
                        06/11
LOWEST             50   06/09                         48
AVG. MAXIMUM     84.1              84.6    -0.5     85.5
AVG. MINIMUM     61.3              65.0    -3.7     62.4
MEAN             72.7              74.8    -2.1     73.9
DAYS MAX >= 90      0               5.9    -5.9        4
DAYS MAX <= 32      0               0.0     0.0        0
DAYS MIN <= 32      0               0.0     0.0        0
DAYS MIN <= 0       0               0.0     0.0        0

PRECIPITATION (INCHES)
RECORD
 MAXIMUM        14.60   1995
 MINIMUM         1.06   2008
TOTALS           4.42              3.85    0.57     7.70
DAILY AVG.       0.15              0.13    0.02     0.26
DAYS >= .01        10               9.5     0.5       13
DAYS >= .10         4               6.3    -2.3       11
DAYS >= .50         4               2.6     1.4        6
DAYS >= 1.00        1               0.8     0.2        3
GREATEST
 24 HR. TOTAL    2.17                               1.82

SNOWFALL (INCHES)
TOTALS            0.0                                0.0
DAYS >= TRACE       0                                  0
DAYS >= 1.0         0                                  0
GREATEST
 24 HR TOTAL      0.0                                0.0

DEGREE_DAYS
HEATING TOTAL       3                 3       0        0
COOLING TOTAL     241               297     -56      276
..............................................................

WIND (MPH)
AVERAGE WIND SPEED              4.7
HIGHEST WIND SPEED/DIRECTION    25/240    DATE  06/24
HIGHEST GUST SPEED/DIRECTION    36/230    DATE  06/24

SKY COVER
AVERAGE SKY COVER           0.30

AVERAGE RH (PERCENT)     76

WEATHER CONDITIONS. NUMBER OF DAYS WITH
THUNDERSTORM              9     MIXED PRECIP               0
HEAVY RAIN                4     RAIN                       4
LIGHT RAIN               14     FREEZING RAIN              0
LT FREEZING RAIN          0     HAIL                       0
HEAVY SNOW                0     SNOW                       0
LIGHT SNOW                0     SLEET                      0
FOG                      16     FOG W/VIS <= 1/4 MILE      1
HAZE                      1

-  INDICATES NEGATIVE NUMBERS.
R  INDICATES RECORD WAS SET OR TIED.
MM INDICATES DATA IS MISSING.
T  INDICATES TRACE AMOUNT.

$$
