000
CXUS53 KDDC 011548
CLMDGC
CLIMATE REPORT
NATIONAL WEATHER SERVICE DODGE CITY, KANSAS
1048 AM CDT MON APR 01 2024
...................................
...THE DODGE CITY KS CLIMATE SUMMARY FOR THE MONTH OF MARCH 2024...
CLIMATE NORMAL PERIOD 1991 TO 2020
CLIMATE RECORD PERIOD 1875 TO 2024
WEATHER OBSERVED NORMAL DEPART LAST YEAR`S
VALUE DATE(S) VALUE FROM VALUE DATE(S)
NORMAL
................................................................
TEMPERATURE (F)
RECORD
HIGH 98 03/19/1907
LOW -15 03/11/1948
HIGHEST 82 03/02 MM MM 78 03/22
LOWEST 17 03/26 MM MM 8 03/19
AVG. MAXIMUM 64.1 59.6 4.5 57.0
AVG. MINIMUM 32.4 31.3 1.1 28.5
MEAN 48.3 45.4 2.9 42.8
DAYS MAX >= 90 0 0.1 -0.1 0
DAYS MAX <= 32 0 1.3 -1.3 0
DAYS MIN <= 32 15 17.3 -2.3 19
DAYS MIN <= 0 0 0.2 -0.2 0
PRECIPITATION (INCHES)
RECORD
MAXIMUM 8.84 1973
MINIMUM T
TOTALS 0.25 1.35 -1.10 0.23
DAYS >= .01 2 5.6 -3.6 4
DAYS >= .10 1 2.8 -1.8 1
DAYS >= .50 0 0.8 -0.8 0
DAYS >= 1.00 0 0.3 -0.3 0
GREATEST
24 HR. TOTAL 0.24 03/24 TO 03/25 0.14 03/23 TO 03/24
SNOWFALL (INCHES)
RECORDS
TOTAL 24.3 1924
24 HR TOTAL 13.3 03/16/1924 TO 03/16/1924
SNOW DEPTH 14 03/13/1999
03/26/1957
03/25/1957
TOTALS 1.6 3.7 -2.1 0.1
SINCE 7/1 23.0 18.3 4.7 12.1
SNOWDEPTH AVG. 0 0
DAYS >= 1.0 1 1.0 0.0 0
GREATEST
SNOW DEPTH 1 03/26 0
24 HR TOTAL 1.6 03/25 TO 03/25 0.1
DEGREE DAYS
HEATING TOTAL 511 609 -98 682
SINCE 7/1 3855 4352 -497 4371
COOLING TOTAL 0 2 -2 0
SINCE 1/1 0 2 -2 0
................................................................
WIND (MPH)
AVERAGE WIND SPEED 13.4
RESULTANT WIND SPEED/DIRECTION 1/090
HIGHEST WIND SPEED/DIRECTION 39/170 DATE 03/24
HIGHEST GUST SPEED/DIRECTION 53/360 DATE 03/25
SKY COVER
POSSIBLE SUNSHINE (PERCENT) MM
AVERAGE SKY COVER 0.21
NUMBER OF DAYS FAIR 25
NUMBER OF DAYS PC 3
NUMBER OF DAYS CLOUDY 3
AVERAGE RH (PERCENT) 57
WEATHER CONDITIONS. NUMBER OF DAYS WITH
THUNDERSTORM 1 MIXED PRECIP 0
HEAVY RAIN 0 RAIN 0
LIGHT RAIN 3 FREEZING RAIN 0
LT FREEZING RAIN 1 HAIL 0
HEAVY SNOW 0 SNOW 1
LIGHT SNOW 1 SLEET 0
FOG 10 FOG W/VIS <= 1/4 MILE 4
HAZE 9
- INDICATES NEGATIVE NUMBERS.
R INDICATES RECORD WAS SET OR TIED.
MM INDICATES DATA IS MISSING.
T INDICATES TRACE AMOUNT.
$$