369
CXUS53 KDVN 011521
CLMDVN


CLIMATE REPORT
NATIONAL WEATHER SERVICE QUAD CITIES IA IL
1019 AM CDT SAT JUL 1 2017

...................................

...THE DAVENPORT IA CLIMATE SUMMARY FOR THE MONTH OF JUNE 2017...

CLIMATE NORMAL PERIOD 1981 TO 2010
CLIMATE RECORD PERIOD 9999 TO 9999

WEATHER         OBSERVED          NORMAL  DEPART
                 VALUE   DATE(S)  VALUE   FROM
                                          NORMAL
................................................
TEMPERATURE (F)
HIGHEST            94   06/13        84      10
LOWEST             48   06/27        55      -7
AVG. MAXIMUM     83.9              80.9     3.0
AVG. MINIMUM     60.8              59.6     1.2
MEAN             72.4              70.2     2.2
DAYS MAX >= 90      7
DAYS MAX <= 32      0
DAYS MIN <= 32      0
DAYS MIN <= 0       0

PRECIPITATION (INCHES)
TOTALS           5.19              4.19    1.00
DAILY AVG.       0.17              0.14    0.03
DAYS >= .01        12
DAYS >= .10         6
DAYS >= .50         4
DAYS >= 1.00        2
GREATEST
 24 HR. TOTAL    1.51   06/28 TO 06/28

SNOWFALL (INCHES)
TOTALS            0.0
SINCE 7/1        25.2
SNOWDEPTH AVG.      0
DAYS >= TRACE       0
DAYS >= 1.0         0
GREATEST
 SNOW DEPTH         0   MM
 24 HR TOTAL      0.0   06/30 TO 06/30

DEGREE_DAYS
HEATING TOTAL      11                24     -13
 SINCE 7/1       5421              6511   -1090
COOLING TOTAL     218               182      36
 SINCE 1/1        270               243      27
.................................................

WIND (MPH)
AVERAGE WIND SPEED              10.2
HIGHEST WIND SPEED/DIRECTION    52/310    DATE  06/15
HIGHEST GUST SPEED/DIRECTION    62/320    DATE  06/15

SKY COVER
POSSIBLE SUNSHINE (PERCENT)   MM
AVERAGE SKY COVER           0.10
NUMBER OF DAYS FAIR           24
NUMBER OF DAYS PC              2
NUMBER OF DAYS CLOUDY          0

AVERAGE RH (PERCENT)     59

WEATHER CONDITIONS. NUMBER OF DAYS WITH
THUNDERSTORM              9     HAIL                       0
SLEET                     0     FOG                        6
FOG W/VIS <= 1/4 MILE     0     HAZE                       4

-  INDICATES NEGATIVE NUMBERS.
R  INDICATES RECORD WAS SET OR TIED.
MM INDICATES DATA IS MISSING.
T  INDICATES TRACE AMOUNT.

$$

NOTE: SUPPLEMENTAL CLIMATE DATA WAS USED FROM A NEARBY
CLIMATOLOGICALLY REPRESENTATIVE STATION.
