000
CXUS52 KAKQ 011530
CLMECG


CLIMATE REPORT
NATIONAL WEATHER SERVICE WAKEFIELD, VA
1126 AM EDT MON AUG 1 2016

...................................

...THE ELIZABETH CITY NC CLIMATE SUMMARY FOR THE MONTH OF JULY 2016...

CLIMATE NORMAL PERIOD 1981 TO 2010
CLIMATE RECORD PERIOD 1934 TO 2016

WEATHER         OBSERVED          NORMAL  DEPART  LAST YEAR`S
                 VALUE   DATE(S)  VALUE   FROM    VALUE  DATE(S)
                                          NORMAL
................................................................
TEMPERATURE (F)
RECORD
 HIGH             107   07/18/1942
 LOW               51   07/13/1978
HIGHEST            96   07/28        88       8       93  07/21
                                                          07/20
LOWEST             66   07/04        69      -3       60  07/26
AVG. MAXIMUM     89.9              87.5     2.4     87.3
AVG. MINIMUM     72.7              70.0     2.7     70.6
MEAN             81.3              78.8     2.5     79.0
DAYS MAX >= 90     17               9.5     7.5        8
DAYS MAX <= 32      0               0.0     0.0        0
DAYS MIN <= 32      0               0.0     0.0        0
DAYS MIN <= 0       0               0.0     0.0        0

PRECIPITATION (INCHES)
RECORD
 MAXIMUM           MM   MM
 MINIMUM           MM   MM
TOTALS           3.26              5.66   -2.40     5.56
DAILY AVG.       0.11              0.18   -0.07     0.18
DAYS >= .01        13              12.7     0.3       13
DAYS >= .10         8               7.9     0.1        4
DAYS >= .50         3               3.3    -0.3        3
DAYS >= 1.00        0               1.7    -1.7        2
GREATEST
 24 HR. TOTAL    0.84   07/03 TO 07/03
                        07/02 TO 07/03
                        07/03 TO 07/03

DEGREE_DAYS
HEATING TOTAL       0                 0       0        0
 SINCE 7/1          0                 0       0        0
COOLING TOTAL     516               426      90      442
 SINCE 1/1       1006               904     102     1055
.................................................................

WIND (MPH)
AVERAGE WIND SPEED              7.7
HIGHEST WIND SPEED/DIRECTION    31/270    DATE  07/05
HIGHEST GUST SPEED/DIRECTION    39/270    DATE  07/05

SKY COVER
POSSIBLE SUNSHINE (PERCENT)   MM
AVERAGE SKY COVER           0.20

AVERAGE RH (PERCENT)     77

WEATHER CONDITIONS. NUMBER OF DAYS WITH
THUNDERSTORM             15     MIXED PRECIP               0
HEAVY RAIN               10     RAIN                       6
LIGHT RAIN               14     FREEZING RAIN              0
LT FREEZING RAIN          0     HAIL                       0
HEAVY SNOW                0     SNOW                       0
LIGHT SNOW                0     SLEET                      0
FOG                      15     FOG W/VIS <= 1/4 MILE      2
HAZE                      0

-  INDICATES NEGATIVE NUMBERS.
R  INDICATES RECORD WAS SET OR TIED.
MM INDICATES DATA IS MISSING.
T  INDICATES TRACE AMOUNT.

$$
