000
CXUS55 KLKN 011754
CLMEKO


CLIMATE REPORT
NATIONAL WEATHER SERVICE ELKO NV
1048 AM PDT THU JUN 1 2017

...................................

...THE ELKO AIRPORT NV CLIMATE SUMMARY FOR THE MONTH OF MAY 2017...

CLIMATE NORMAL PERIOD 1981 TO 2010
CLIMATE RECORD PERIOD 1888 TO 2017

WEATHER         OBSERVED          NORMAL  DEPART  LAST YEAR`S
                 VALUE   DATE(S)  VALUE   FROM    VALUE  DATE(S)
                                          NORMAL
................................................................
TEMPERATURE (F)
RECORD
 HIGH              97   05/28/2003
 LOW                8   05/02/1913
HIGHEST            88   05/30        85       3       83  05/13
LOWEST             31   05/14        24       7       31  05/11
                                                          05/10
AVG. MAXIMUM     72.2              69.2     3.0     68.4
AVG. MINIMUM     39.7              37.6     2.1     40.5
MEAN             56.0              53.4     2.6     54.5
DAYS MAX >= 90      0               0.3    -0.3        0
DAYS MAX <= 32      0               0.0     0.0        0
DAYS MIN <= 32      2               6.1    -4.1        3
DAYS MIN <= 0       0               0.0     0.0        0

PRECIPITATION (INCHES)
RECORD
 MAXIMUM         4.09   1971
 MINIMUM         0.00   1893
TOTALS           0.57              0.96   -0.39     1.49
DAILY AVG.       0.02              0.03   -0.01     0.05
DAYS >= .01         7               8.1    -1.1       12
DAYS >= .10         2               3.3    -1.3        4
DAYS >= .50         0               0.2    -0.2        0
DAYS >= 1.00        0               0.0     0.0        0
GREATEST
 24 HR. TOTAL    0.32   05/15 TO 05/15              0.59

SNOWFALL (INCHES)
RECORDS
 TOTAL           11.3   1971
TOTALS              T               0.5    -0.5        T
SINCE 7/1        53.3              41.3    12.0     63.8
SNOWDEPTH AVG.      0                                  0
DAYS >= TRACE       5               0.8     4.2        2
DAYS >= 1.0         0               0.2    -0.2        0
DAYS >= 5.0         0                                  0
GREATEST
 SNOW DEPTH         0   MM                             0
 24 HR TOTAL        T   05/18 TO 05/18                 T

DEGREE_DAYS
HEATING TOTAL     275               364     -89      317
 SINCE 7/1       6234              6935    -701     6488
COOLING TOTAL       4                 4       0        0
 SINCE 1/1          4                 4       0        0
.................................................................

WIND (MPH)
AVERAGE WIND SPEED              6.4
HIGHEST WIND SPEED/DIRECTION    35/260    DATE  05/24
HIGHEST GUST SPEED/DIRECTION    44/250    DATE  05/24

AVERAGE RH (PERCENT)     51

WEATHER CONDITIONS. NUMBER OF DAYS WITH
THUNDERSTORM              0     MIXED PRECIP               2
HEAVY RAIN                1     RAIN                       3
LIGHT RAIN               10     FREEZING RAIN              0
LT FREEZING RAIN          0     HAIL                       0
HEAVY SNOW                0     SNOW                       0
LIGHT SNOW                3     SLEET                      0
FOG                       4     FOG W/VIS <= 1/4 MILE      1
HAZE                      0

-  INDICATES NEGATIVE NUMBERS.
R  INDICATES RECORD WAS SET OR TIED.
MM INDICATES DATA IS MISSING.
T  INDICATES TRACE AMOUNT.

$$

DS
