000
CXUS55 KLKN 011332
CLMELY


CLIMATE REPORT
NATIONAL WEATHER SERVICE ELKO NV
519 AM PST SUN FEB 1 2015

...................................

...THE ELY AIRPORT NV CLIMATE SUMMARY FOR THE MONTH OF JANUARY 2015...

CLIMATE NORMAL PERIOD 1981 TO 2010
CLIMATE RECORD PERIOD 1893 TO 2015

WEATHER         OBSERVED          NORMAL  DEPART  LAST YEAR`S
                 VALUE   DATE(S)  VALUE   FROM    VALUE  DATE(S)
                                          NORMAL
................................................................
TEMPERATURE (F)
RECORD
 HIGH              68   01/25/1951
 LOW              -27   01/25/1949
HIGHEST            59   01/09        56       3       58  01/19
LOWEST                  01/02       -12      11        5  01/05
AVG. MAXIMUM     47.5              39.5     8.0     46.5
AVG. MINIMUM     19.1              11.2     7.9     16.4
MEAN             33.3              25.3     8.0     31.4
DAYS MAX >= 90      0               0.0     0.0        0
DAYS MAX <= 32      1               6.7    -5.7        1
DAYS MIN <= 32     30              30.4    -0.4       31
DAYS MIN <= 0       1               5.3    -4.3        0

PRECIPITATION (INCHES)
RECORD
 MAXIMUM         2.50   1907
 MINIMUM            T   1948
TOTALS           0.31              0.70   -0.39     0.79
DAILY AVG.       0.01              0.02   -0.01     0.03
DAYS >= .01         6               6.9    -0.9        4
DAYS >= .10         1               2.4    -1.4        2
DAYS >= .50         0               0.2    -0.2        1
DAYS >= 1.00        0               0.0     0.0        0
GREATEST
 24 HR. TOTAL    0.20   01/12 TO 01/13              0.64

SNOWFALL (INCHES)
RECORDS
 TOTAL           25.0   1907
TOTALS            0.8               9.1    -8.3      9.9
SINCE 7/1         7.4              27.0   -19.6     35.7
SNOWDEPTH AVG.      0                                  1
DAYS >= TRACE       4               6.0    -2.0        6
DAYS >= 1.0         0               2.8    -2.8        3
DAYS >= 5.0         0                                  1
GREATEST
 SNOW DEPTH         2   01/05                          8
                        01/04
                        01/03
 24 HR TOTAL      0.6   MM                           7.1

DEGREE_DAYS
HEATING TOTAL     977              1229    -252     1032
 SINCE 7/1       3494              4329    -835     4121
COOLING TOTAL       0                 0       0        0
 SINCE 1/1          0                 0       0        0
.................................................................

WIND (MPH)
AVERAGE WIND SPEED              7.6
HIGHEST WIND SPEED/DIRECTION    25/360    DATE  01/30
HIGHEST GUST SPEED/DIRECTION    32/360    DATE  01/30

AVERAGE RH (PERCENT)     68

WEATHER CONDITIONS. NUMBER OF DAYS WITH
THUNDERSTORM              0     MIXED PRECIP               0
HEAVY RAIN                0     RAIN                       1
LIGHT RAIN                5     FREEZING RAIN              0
LT FREEZING RAIN          0     HAIL                       0
HEAVY SNOW                0     SNOW                       0
LIGHT SNOW                4     SLEET                      0
FOG                       5     FOG W/VIS <= 1/4 MILE      0
HAZE                      0

-  INDICATES NEGATIVE NUMBERS.
R  INDICATES RECORD WAS SET OR TIED.
MM INDICATES DATA IS MISSING.
T  INDICATES TRACE AMOUNT.

&&

=================================================================

...4TH WARMEST JANUARY ON RECORD IN ELY...
...21ST DRIEST JANUARY ON RECORD IN ELY...
...9TH LEAST SNOWY JANUARY ON RECORD IN ELY...

THE AVERAGE TEMPERATURE IN ELY DURING JANUARY 2015 WAS 33.3
DEGREES...WHICH IS 8.0 DEGREES ABOVE THE 1981-2010 CLIMATOLOGICAL
NORMAL OF 25.3 DEGREES. THIS MAKES JANUARY 2015 THE 4TH WARMEST
ON RECORD. THE TOTAL PRECIPITATION WAS 0.31 INCHES...WHICH IS
0.39 INCHES OR 56 PERCENT BELOW THE 1981-2010 CLIMATOLOGICAL
NORMAL OF 0.70 INCHES. THIS MAKES JANUARY 2015 THE 21ST DRIEST ON
RECORD. THE TOTAL SNOWFALL WAS 0.8 INCHES...WHICH IS 8.3 INCHES
OR 91 PERCENT BELOW THE 1981-2010 CLIMATOLOGICAL NORMAL OF 9.1
INCHES. THIS MAKES JANUARY 2015 THE 9TH LEAST SNOWY ON RECORD.

A RECORD HIGH OF 58 DEGREES WAS SET ON JANUARY 26TH.

$$

RCM
