000
CXUS53 KIND 011539
CLMEYE


CLIMATE REPORT
NATIONAL WEATHER SERVICE INDIANAPOLIS IN
1128 AM EDT SUN OCT 1 2017

...................................

...THE INDIANAPOLIS EAGLE CREEK IN CLIMATE SUMMARY FOR THE MONTH OF SEPTEMBER 2017...

CLIMATE NORMAL PERIOD 1981 TO 2010
CLIMATE RECORD PERIOD 9999 TO 9999

WEATHER         OBSERVED          NORMAL  DEPART  LAST YEAR`S
                 VALUE   DATE(S)  VALUE   FROM    VALUE  DATE(S)
                                          NORMAL
................................................................
TEMPERATURE (F)
HIGHEST            94   09/22                         90  09/07
LOWEST             48   09/07                         50  09/27
AVG. MAXIMUM     80.5              77.2     3.3     81.1
AVG. MINIMUM     58.5              57.1     1.4     61.7
MEAN             69.5              67.1     2.4     71.4
DAYS MAX >= 90      8               1.0     7.0        1
DAYS MAX <= 32      0               0.0     0.0        0
DAYS MIN <= 32      0               0.0     0.0        0
DAYS MIN <= 0       0               0.0     0.0        0

PRECIPITATION (INCHES)
TOTALS           0.49              2.25   -1.76     4.04
DAILY AVG.       0.02              0.08   -0.06     0.13
DAYS >= .01         4                MM      MM        9
DAYS >= .10         2                MM      MM        9
DAYS >= .50         0                MM      MM        3
DAYS >= 1.00        0                MM      MM        1
GREATEST
 24 HR. TOTAL    0.22   09/19 TO 09/19

DEGREE_DAYS
HEATING TOTAL      27                58     -31       12
 SINCE 7/1         27                61     -34       15
COOLING TOTAL     169               123      46      212
 SINCE 1/1       1097              1043      54     1401
.................................................................

WIND (MPH)
AVERAGE WIND SPEED              5.2
HIGHEST WIND SPEED/DIRECTION    25/290    DATE  09/17
HIGHEST GUST SPEED/DIRECTION    34/280    DATE  09/11

SKY COVER
POSSIBLE SUNSHINE (PERCENT)   MM
AVERAGE SKY COVER           0.20
NUMBER OF DAYS FAIR           23
NUMBER OF DAYS PC              6
NUMBER OF DAYS CLOUDY          1

AVERAGE RH (PERCENT)     65

WEATHER CONDITIONS. NUMBER OF DAYS WITH
THUNDERSTORM              3     MIXED PRECIP               0
HEAVY RAIN                0     RAIN                       3
LIGHT RAIN                7     FREEZING RAIN              0
LT FREEZING RAIN          0     HAIL                       0
HEAVY SNOW                0     SNOW                       0
LIGHT SNOW                0     SLEET                      0
FOG                      11     FOG W/VIS <= 1/4 MILE      2
HAZE                      0

-  INDICATES NEGATIVE NUMBERS.
R  INDICATES RECORD WAS SET OR TIED.
MM INDICATES DATA IS MISSING.
T  INDICATES TRACE AMOUNT.

$$
