000
CXUS56 KHNX 011508
CLMFAT


CLIMATE REPORT
NATIONAL WEATHER SERVICE SAN JOAQUIN VALLEY, CA
759 AM PDT MON AUG 1 2016

...................................

...THE FRESNO CA CLIMATE SUMMARY FOR THE MONTH OF JULY 2016...

CLIMATE NORMAL PERIOD 1981 TO 2010
CLIMATE RECORD PERIOD 1887 TO 2016

WEATHER         OBSERVED          NORMAL  DEPART  LAST YEAR`S
                 VALUE   DATE(S)  VALUE   FROM    VALUE  DATE(S)
                                          NORMAL
................................................................
TEMPERATURE (F)
RECORD
 HIGH             115   07/08/1905
 LOW               50   07/06/1955
                        07/03/1901
HIGHEST           109   07/29        MM      MM      108  07/29
                        07/27
LOWEST             61   07/11        MM      MM       62  07/09
                        07/10
AVG. MAXIMUM    100.0              98.4     1.6     96.8
AVG. MINIMUM     68.0              67.6     0.4     69.3
MEAN             84.0              83.0     1.0     83.1
DAYS MAX >= 90     30              28.7     1.3       29
DAYS MIN <= 32      0               0.0     0.0        0

PRECIPITATION (INCHES)
RECORD
 MAXIMUM         0.43   2015
TOTALS           0.00R             0.01   -0.01     0.43
DAYS >= .01         0               0.2    -0.2        3
DAYS >= .10         0               0.0     0.0        1
DAYS >= .50         0               0.0     0.0        0
DAYS >= 1.00        0               0.0     0.0        0
GREATEST
 24 HR. TOTAL    0.00   07/31 TO 07/31

SNOWFALL (INCHES)
RECORDS
 TOTAL            0.0
TOTALS            0.0               0.0

DEGREE_DAYS
HEATING TOTAL       0                 0       0        0
 SINCE 7/1          0                 0       0        0
COOLING TOTAL     598               558      40      568
 SINCE 1/1       1363              1168     195     1354
.................................................................

WIND (MPH)
AVERAGE WIND SPEED              7.8
HIGHEST WIND SPEED/DIRECTION    22/310    DATE  07/09
HIGHEST GUST SPEED/DIRECTION    27/320    DATE  07/09

AVERAGE RH (PERCENT)     34

WEATHER CONDITIONS. NUMBER OF DAYS WITH
THUNDERSTORM              0     RAIN                       0
HAIL                      0     FOG                        0
FOG W/VIS <= 1/4 MILE     0     HAZE                       3

-  INDICATES NEGATIVE NUMBERS.
R  INDICATES RECORD WAS SET OR TIED.
MM INDICATES DATA IS MISSING.
T  INDICATES TRACE AMOUNT.

$$
