000
CXUS53 KLMK 011015 RRB
CLMFFT

CLIMATE REPORT
NATIONAL WEATHER SERVICE LOUISVILLE KY
612 AM EDT THU JUN 1 2017

...................................

...THE FRANKFORT KY CLIMATE SUMMARY FOR THE MONTH OF MAY 2017...

CLIMATE NORMAL PERIOD 1981 TO 2010
CLIMATE RECORD PERIOD 1895 TO 2017

WEATHER         OBSERVED          NORMAL  DEPART  LAST YEAR`S
                 VALUE   DATE(S)  VALUE   FROM    VALUE  DATE(S)
                                          NORMAL
................................................................
TEMPERATURE (F)
RECORD
 HIGH              99   05/29/1914
 LOW               27   05/01/1963
HIGHEST            87   05/20        MM      MM       87  05/31
                                                          05/30
                                                          05/29
LOWEST             34   05/08        MM      MM       36  05/16
AVG. MAXIMUM     76.0              75.5     0.5     73.5
AVG. MINIMUM     54.6              52.4     2.2     52.9
MEAN             65.3              63.9     1.4     63.2
DAYS MAX >= 90      0               0.1    -0.1        0
DAYS MAX <= 32      0               0.0     0.0        0
DAYS MIN <= 32      0               0.1    -0.1        0
DAYS MIN <= 0       0               0.0     0.0        0

PRECIPITATION (INCHES)
RECORD
 MAXIMUM        10.74   1983
 MINIMUM         0.38   1931
TOTALS           5.95              4.85    1.10     4.49
DAILY AVG.       0.19              0.16    0.03     0.14
DAYS >= .01        17                MM      MM       16
DAYS >= .10        11                MM      MM        9
DAYS >= .50         4                MM      MM        3
DAYS >= 1.00        1                MM      MM        1
GREATEST
 24 HR. TOTAL    1.49   05/11 TO 05/11

SNOWFALL (INCHES)
RECORDS
 TOTAL             MM   MM
TOTALS             MM                MM      MM       MM
SINCE 7/1          MM                MM      MM       MM
SNOWDEPTH AVG.     MM                MM      MM       MM
DAYS >= 1.0         0                MM      MM        0
GREATEST
 SNOW DEPTH        MM                                 MM  MM
 24 HR TOTAL       MM

DEGREE_DAYS
HEATING TOTAL      92               112     -20      135
 SINCE 7/1       3531              4690   -1159     3873
COOLING TOTAL     110                79      31       89
 SINCE 1/1        186                99      87      115
.................................................................

WIND (MPH)
AVERAGE WIND SPEED              6.8
HIGHEST WIND SPEED/DIRECTION    29/230    DATE  05/20
HIGHEST GUST SPEED/DIRECTION    41/230    DATE  05/01

SKY COVER
POSSIBLE SUNSHINE (PERCENT)   MM
AVERAGE SKY COVER           0.40
NUMBER OF DAYS FAIR           17
NUMBER OF DAYS PC              6
NUMBER OF DAYS CLOUDY          8

AVERAGE RH (PERCENT)     67

WEATHER CONDITIONS. NUMBER OF DAYS WITH
THUNDERSTORM              0     MIXED PRECIP               0
HEAVY RAIN                7     RAIN                       7
LIGHT RAIN               17     FREEZING RAIN              0
LT FREEZING RAIN          0     HAIL                       0
HEAVY SNOW                0     SNOW                       0
LIGHT SNOW                0     SLEET                      0
FOG                      15     FOG W/VIS <= 1/4 MILE      0
HAZE                      6

-  INDICATES NEGATIVE NUMBERS.
R  INDICATES RECORD WAS SET OR TIED.
MM INDICATES DATA IS MISSING.
T  INDICATES TRACE AMOUNT.

$$
