000
CXUS53 KLMK 011255
CLMFFT


CLIMATE REPORT
NATIONAL WEATHER SERVICE LOUISVILLE KY
854 AM EDT FRI APR 1 2016

...................................

...THE FRANKFORT KY CLIMATE SUMMARY FOR THE MONTH OF MARCH 2016...

CLIMATE NORMAL PERIOD 1981 TO 2010
CLIMATE RECORD PERIOD 1895 TO 2016

WEATHER         OBSERVED          NORMAL  DEPART  LAST YEAR`S
                 VALUE   DATE(S)  VALUE   FROM    VALUE  DATE(S)
                                          NORMAL
................................................................
TEMPERATURE (F)
RECORD
 HIGH              87   03/25/1929
 LOW              -10   03/06/2015
HIGHEST            78   03/15        MM      MM       76  03/16
LOWEST             25   03/06        MM      MM      -10  03/06
AVG. MAXIMUM     62.3              56.0     6.3     54.5
AVG. MINIMUM     41.0              33.8     7.2     31.8
MEAN             51.6              44.9     6.7     43.2
DAYS MAX >= 90      0               0.0     0.0        0
DAYS MAX <= 32      0               0.4    -0.4        2
DAYS MIN <= 32     10              14.1    -4.1       13
DAYS MIN <= 0       0               0.0     0.0        1

PRECIPITATION (INCHES)
RECORD
 MAXIMUM        13.59   1964
 MINIMUM         0.18   1910
TOTALS           6.08              4.38    1.70     7.68
DAILY AVG.       0.20              0.14    0.06     0.25
DAYS >= .01        13                MM      MM       11
DAYS >= .10        10                MM      MM        9
DAYS >= .50         5                MM      MM        5
DAYS >= 1.00        2                MM      MM        4
GREATEST
 24 HR. TOTAL    1.68   03/10 TO 03/11

SNOWFALL (INCHES)
RECORDS
 TOTAL             MM   MM
TOTALS             MM                MM      MM       MM
SINCE 7/1          MM                MM      MM       MM
SNOWDEPTH AVG.     MM                MM      MM       MM
DAYS >= 1.0         0                MM      MM        0
GREATEST
 SNOW DEPTH        MM                                 MM  MM
 24 HR TOTAL       MM

DEGREE_DAYS
HEATING TOTAL     410               625    -215      672
 SINCE 7/1       3482              4264    -782     4792
COOLING TOTAL       1                 2      -1        0
 SINCE 1/1          1                 2      -1        0
.................................................................

WIND (MPH)
AVERAGE WIND SPEED              7.5
HIGHEST WIND SPEED/DIRECTION    32/190    DATE  03/24
HIGHEST GUST SPEED/DIRECTION    50/260    DATE  03/31

SKY COVER
POSSIBLE SUNSHINE (PERCENT)   MM
AVERAGE SKY COVER           0.50
NUMBER OF DAYS FAIR           15
NUMBER OF DAYS PC              8
NUMBER OF DAYS CLOUDY          8

AVERAGE RH (PERCENT)     63

WEATHER CONDITIONS. NUMBER OF DAYS WITH
THUNDERSTORM              0     MIXED PRECIP               0
HEAVY RAIN                8     RAIN                       8
LIGHT RAIN               14     FREEZING RAIN              0
LT FREEZING RAIN          0     HAIL                       0
HEAVY SNOW                0     SNOW                       1
LIGHT SNOW                2     SLEET                      0
FOG                      15     FOG W/VIS <= 1/4 MILE      3
HAZE                      7

-  INDICATES NEGATIVE NUMBERS.
R  INDICATES RECORD WAS SET OR TIED.
MM INDICATES DATA IS MISSING.
T  INDICATES TRACE AMOUNT.

$$
