606
CXUS55 KFGZ 011554
CLMFLG


CLIMATE REPORT
NATIONAL WEATHER SERVICE FLAGSTAFF, AZ
850 AM MST FRI DEC 1 2017

...................................

...THE FLAGSTAFF AZ AIRPORT CLIMATE SUMMARY FOR THE MONTH OF NOVEMBER 2017...

CLIMATE NORMAL PERIOD 1981 TO 2010
CLIMATE RECORD PERIOD 1898 TO 2017

WEATHER         OBSERVED          NORMAL  DEPART  LAST YEAR`S
                 VALUE   DATE(S)  VALUE   FROM    VALUE  DATE(S)
                                          NORMAL
................................................................
TEMPERATURE (F)
RECORD
 HIGH              74   11/03/1977
                        11/08/1973
 LOW              -13   11/18/1958
HIGHEST            73   11/25                         72  11/15
LOWEST             10   11/19                          2  11/30
AVG. MAXIMUM     59.7              50.5     9.2     52.9
AVG. MINIMUM     28.3              22.9     5.4     24.3
MEAN             44.0              36.7     7.3     38.6
DAYS MAX >= 90      0               0.0     0.0        0
DAYS MAX <= 32      0               0.5    -0.5        1
DAYS MIN <= 32     23              27.5    -4.5       26
DAYS MIN <= 0       0               0.2    -0.2        0

PRECIPITATION (INCHES)
RECORD
 MAXIMUM         7.10   1905
 MINIMUM         0.00   1999
                        1932
                        1916
TOTALS           0.01              1.76   -1.75     1.98
DAILY AVG.       0.00              0.06   -0.06     0.07
DAYS >= .01         1               4.9    -3.9        5
DAYS >= .10         0               3.4    -3.4        4
DAYS >= .50         0               1.1    -1.1        2
DAYS >= 1.00        0               0.4    -0.4        0
GREATEST
 24 HR. TOTAL    0.01   11/17 TO 11/17              1.37

SNOWFALL (INCHES)
RECORDS
 TOTAL           42.6   1902
TOTALS            0.0              10.7              5.5
SINCE 7/1         0.0              12.2   -12.2      5.5
SNOWDEPTH AVG.      0                MM      MM        0
GREATEST
 SNOW DEPTH         0   MM                             5  11/29
 24 HR TOTAL      0.0   11/30 TO 11/30               4.7

DEGREE_DAYS
HEATING TOTAL     622               849    -227      783
 SINCE 7/1       1386              1732    -346     1560
COOLING TOTAL       0                 0       0        0
 SINCE 1/1        184               117      67      131
.................................................................

WIND (MPH)
AVERAGE WIND SPEED              6.8
HIGHEST WIND SPEED/DIRECTION    36/210    DATE  11/27
HIGHEST GUST SPEED/DIRECTION    47/230    DATE  11/27

SKY COVER
POSSIBLE SUNSHINE (PERCENT)   MM
AVERAGE SKY COVER           0.10
NUMBER OF DAYS FAIR           25
NUMBER OF DAYS PC              5
NUMBER OF DAYS CLOUDY          0

AVERAGE RH (PERCENT)     50

WEATHER CONDITIONS. NUMBER OF DAYS WITH
THUNDERSTORM              0     MIXED PRECIP               0
HEAVY RAIN                0     RAIN                       0
LIGHT RAIN                1     FREEZING RAIN              0
LT FREEZING RAIN          0     HAIL                       0
HEAVY SNOW                0     SNOW                       0
LIGHT SNOW                0     SLEET                      0
FOG                       3     FOG W/VIS <= 1/4 MILE      1
HAZE                      1

-  INDICATES NEGATIVE NUMBERS.
R  INDICATES RECORD WAS SET OR TIED.
MM INDICATES DATA IS MISSING.
T  INDICATES TRACE AMOUNT.

$$
