000
CXUS52 KILM 051345
CLMFLO


CLIMATE REPORT
NATIONAL WEATHER SERVICE WILMINGTON NC
944 AM EDT MON JUN 5 2017

...................................

...THE FLORENCE SC CLIMATE SUMMARY FOR THE MONTH OF MAY 2017...

CLIMATE NORMAL PERIOD 1981 TO 2010
CLIMATE RECORD PERIOD 1948 TO 2017

WEATHER         OBSERVED          NORMAL  DEPART  LAST YEAR`S
                 VALUE   DATE(S)  VALUE   FROM    VALUE  DATE(S)
                                          NORMAL
................................................................
TEMPERATURE (F)
RECORD
 HIGH             102   05/31/1953
                        05/26/1953
 LOW               36   05/08/1989
HIGHEST            92   05/16                         91  05/09
                                                          05/08
LOWEST             46   05/08                         50  05/06
AVG. MAXIMUM     83.3              82.7     0.6     81.1
AVG. MINIMUM     61.0              59.4     1.6     61.6
MEAN             72.1              71.1     1.0     71.4
DAYS MAX >= 90      5               4.2     0.8        3
DAYS MAX <= 32      0               0.0     0.0        0
DAYS MIN <= 32      0               0.0     0.0        0
DAYS MIN <= 0       0               0.0     0.0        0

PRECIPITATION (INCHES)
RECORD
 MAXIMUM         8.18   1966
 MINIMUM         0.46   1987
TOTALS           3.69              3.26    0.43     6.66
DAILY AVG.       0.12              0.11    0.01     0.21
DAYS >= .01        13               8.7     4.3       13
DAYS >= .10        10               5.8     4.2       11
DAYS >= .50         3               2.3     0.7        5
DAYS >= 1.00        0               0.8    -0.8        2
GREATEST
 24 HR. TOTAL    0.66   05/13 TO 05/13

SNOWFALL (INCHES)
RECORDS
 TOTAL             MM   MM
TOTALS             MM               0.0
SINCE 7/1          MM               1.5

DEGREE_DAYS
HEATING TOTAL      11                23     -12       10
COOLING TOTAL     240               211      29      215
........................................................

WIND (MPH)
AVERAGE WIND SPEED              7.3
RESULTANT WIND SPEED/DIRECTION   4/227
HIGHEST WIND SPEED/DIRECTION    29/170    DATE  05/24
HIGHEST GUST SPEED/DIRECTION    42/160    DATE  05/24

SKY COVER
POSSIBLE SUNSHINE (PERCENT)   MM
AVERAGE SKY COVER           0.30
NUMBER OF DAYS FAIR           22
NUMBER OF DAYS PC              4
NUMBER OF DAYS CLOUDY          5

AVERAGE RH (PERCENT)     71

WEATHER CONDITIONS. NUMBER OF DAYS WITH
THUNDERSTORM             10     MIXED PRECIP              MM
HEAVY RAIN                8     RAIN                       6
LIGHT RAIN               14     FREEZING RAIN              0
LT FREEZING RAIN          0     HAIL                      MM
HEAVY SNOW                0     SNOW                       0
LIGHT SNOW                0     SLEET                     MM
FOG                      15     FOG W/VIS <= 1/4 MILE      2
HAZE                      5

-  INDICATES NEGATIVE NUMBERS.
R  INDICATES RECORD WAS SET OR TIED.
MM INDICATES DATA IS MISSING.
T  INDICATES TRACE AMOUNT.

$$
