000
CXUS52 KTBW 021700
CLMFMY


CLIMATE REPORT
NATIONAL WEATHER SERVICE TAMPA BAY FL
1200 PM EST MON MAR 2 2015

...................................

...THE FORT MYERS CLIMATE SUMMARY FOR THE MONTH OF FEBRUARY 2015...



CLIMATE NORMAL PERIOD 1981 TO 2010
CLIMATE RECORD PERIOD 1902 TO 2015

WEATHER         OBSERVED          NORMAL  DEPART  LAST YEAR`S
                 VALUE   DATE(S)  VALUE   FROM    VALUE  DATE(S)
                                          NORMAL
................................................................
ALL-TIME FEBRUARY TEMPERATURE (F)
RECORD
 HIGH              92   02/25/1962
 LOW               27   02/04/1917

FEBRUARY 2015
HIGHEST            86   02/28        MM      MM       88  02/04
LOWEST             35   02/20        MM      MM       45  02/14
AVG. MAXIMUM     74.3              77.2    -2.9     80.9
AVG. MINIMUM     52.4              55.9    -3.5     60.1
MEAN             63.4              66.6    -3.2     70.5
DAYS MAX >= 90      0               0.1    -0.1        0
DAYS MAX <= 32      0               0.0     0.0        0
DAYS MIN <= 32      0               0.0     0.0        0
DAYS MIN <= 0       0               0.0     0.0        0

PRECIPITATION (INCHES)
ALL-TIME FEBRUARY RECORD
 MAXIMUM        10.82   1983
 MINIMUM            T   2001
                        1944
                        1911

FEBRUARY 2015
TOTALS           2.62              2.15    0.47     1.28
DAILY AVG.       0.09              0.08    0.01     0.05
DAYS >= .01         6               5.2     0.8        5
DAYS >= .10         2               3.0    -1.0        4
DAYS >= .50         2               1.4     0.6        1
DAYS >= 1.00        1               0.7     0.3        0
GREATEST
 24 HR. TOTAL    1.75   02/28 TO 02/28

DEGREE_DAYS
HEATING TOTAL      87                59      28       18
 SINCE 7/1        231               260     -29      169
COOLING TOTAL      48               102     -54      178
 SINCE 1/1        148               185     -37      261
.................................................................

WIND (MPH)
AVERAGE WIND SPEED              8.4
HIGHEST WIND SPEED/DIRECTION    31/250    DATE  02/05
HIGHEST GUST SPEED/DIRECTION    39/310    DATE  02/19

SKY COVER (DOES NOT INCLUDE ANY CLOUDS ABOVE 12000 FEET)
POSSIBLE SUNSHINE (PERCENT)   MM
AVERAGE SKY COVER           0.30
NUMBER OF DAYS FAIR           20
NUMBER OF DAYS PC              4
NUMBER OF DAYS CLOUDY          4

AVERAGE RH (PERCENT)     71

WEATHER CONDITIONS. NUMBER OF DAYS WITH
THUNDERSTORM              3     MIXED PRECIP               0
HEAVY RAIN                2     RAIN                       2
LIGHT RAIN                6     FREEZING RAIN              0
LT FREEZING RAIN          0     HAIL                       0
HEAVY SNOW                0     SNOW                       0
LIGHT SNOW                0     SLEET                      0
FOG                      14     FOG W/VIS <= 1/4 MILE      1
HAZE                      0
................................................................

REMARKS
THE FEBRUARY 2015 MONTHLY AVERAGE TEMPERATURE OF 63.4 DEGREES
RANKS AS THE 25TH COOLEST/68TH WARMEST FEBRUARY SINCE RECORDS
BEGAN IN 1902.

THE FEBRUARY 2015 MONTHLY TOTAL RAINFALL OF 2.62 INCHES RANKS
AS THE 36TH WETTEST/77TH DRIEST FEBRUARY SINCE RECORDS BEGAN
IN 1902.

-  INDICATES NEGATIVE NUMBERS.
R  INDICATES RECORD WAS SET OR TIED.
MM INDICATES DATA IS MISSING.
T  INDICATES TRACE AMOUNT.

$$
