000
CXUS53 KIWX 011121
CLMFWA

CLIMATE REPORT
NATIONAL WEATHER SERVICE NORTHERN INDIANA
620 AM EST WED MAR 1 2017

...................................

...THE FORT WAYNE CLIMATE SUMMARY FOR THE MONTH OF FEBRUARY 2017...

CLIMATE NORMAL PERIOD 1981 TO 2010
CLIMATE RECORD PERIOD 1897 TO 2017

WEATHER         OBSERVED          NORMAL  DEPART  LAST YEAR`S
                 VALUE   DATE(S)  VALUE   FROM    VALUE  DATE(S)
                                          NORMAL
................................................................
TEMPERATURE (F)
RECORD
 HIGH              73   02/25/2000
 LOW              -19   02/09/1899
HIGHEST            71   02/24        MM      MM       66  02/28
LOWEST             11   02/09        MM      MM        0  02/13
AVG. MAXIMUM     49.9              36.3    13.6     40.4
AVG. MINIMUM     29.8              20.3     9.5     23.7
MEAN             39.8              28.3    11.5
DAYS MAX >= 90      0               0.0     0.0        0
DAYS MAX <= 32      3               9.2    -6.2        9
DAYS MIN <= 32     17              24.4    -7.4       25
DAYS MIN <= 0       0               1.6    -1.6        1

PRECIPITATION (INCHES)
RECORD
 MAXIMUM         6.84   1990
 MINIMUM         0.20   1920
TOTALS           1.76              2.04   -0.28     1.43
DAILY AVG.       0.06              0.07   -0.01     0.05
DAYS >= .01         8              10.1    -2.1       12
DAYS >= .10         5               5.1    -0.1        3
DAYS >= .50         1               1.2    -0.2        1
DAYS >= 1.00        0               0.2    -0.2        0
GREATEST
 24 HR. TOTAL    0.88   02/06 TO 02/07

SNOWFALL (INCHES)
RECORDS
 TOTAL           19.2   2014
TOTALS            2.5               7.7    -5.2      4.9
SINCE 7/1        15.1              28.4   -13.3     16.2
SNOWDEPTH AVG.      0                 3      -3        0
DAYS >= 1.0         1               2.4    -1.4        1
GREATEST
 SNOW DEPTH         2   02/09                          1
 24 HR TOTAL      2.3   MM

DEGREE_DAYS
HEATING TOTAL     699              1027    -328      951
 SINCE 7/1       3694              4598    -904     3827
COOLING TOTAL       0                 0       0        0
 SINCE 1/1          0                 0       0        0
.................................................................

WIND (MPH)
AVERAGE WIND SPEED              10.6
HIGHEST WIND SPEED/DIRECTION    33/260    DATE  02/07
HIGHEST GUST SPEED/DIRECTION    45/210    DATE  02/28

SKY COVER
POSSIBLE SUNSHINE (PERCENT)   MM
AVERAGE SKY COVER           0.70
NUMBER OF DAYS FAIR            2
NUMBER OF DAYS PC             14
NUMBER OF DAYS CLOUDY         12

AVERAGE RH (PERCENT)     70

WEATHER CONDITIONS. NUMBER OF DAYS WITH
THUNDERSTORM              4     MIXED PRECIP               0
HEAVY RAIN                2     RAIN                       4
LIGHT RAIN               10     FREEZING RAIN              0
LT FREEZING RAIN          0     HAIL                       0
HEAVY SNOW                0     SNOW                       0
LIGHT SNOW                6     SLEET                      0
FOG                      12     FOG W/VIS <= 1/4 MILE      4
HAZE                      5

-  INDICATES NEGATIVE NUMBERS.
R  INDICATES RECORD WAS SET OR TIED.
MM INDICATES DATA IS MISSING.
T  INDICATES TRACE AMOUNT.

&&

...RECORD WARM FEBRUARY WITH BELOW NORMAL SNOWFALL...

IT WAS AN INCREDIBLY WARM FEBRUARY IN THE FORT WAYNE AREA WITH
SLIGHTLY BELOW NORMAL PRECIPITATION AND SNOWFALL THAT WAS WELL BELOW
NORMAL. THE DAILY TEMPERATURES DURING FEBRUARY AVERAGED BELOW NORMAL
ON JUST THREE DAYS WHILE 15 DAYS AVERAGED MORE THAN 10 DEGREES ABOVE
NORMAL. THERE WERE EIGHT DAYS THAT AVERAGED 20 DEGREES OR MORE ABOVE
NORMAL.

THE AVERAGE MONTHLY TEMPERATURE WAS 39.8 DEGREES...11.5 DEGREES
ABOVE NORMAL. THIS RANKED AS THE WARMEST FEBRUARY ON RECORD. THE
PREVIOUS RECORD WAS 38.6 DEGREES SET IN 1930. THE WARMEST
TEMPERATURE WAS 71 ON THE 24TH AND THE COLDEST WAS 11 ON THE 9TH.
THE 71 WAS THE 2ND WARMEST FEBRUARY TEMPERATURE EVER RECORDED IN
FORT WAYNE. THE AVERAGE HIGH TEMPERATURE FOR THE MONTH WAS 49.9
DEGREES. THIS WAS A RECORD...SHATTERING THE PREVIOUS RECORD OF 45.8
SET IN 1930. THE AVERAGE LOW TEMPERATURE WAS 29.8. THIS RANKED AS
THE 2ND WARMEST MEAN LOW TEMPERATURE FOR FEBRUARY. THERE WERE ONLY
3 DAYS WITH A HIGH TEMPERATURE THAT DID NOT REACH 32 DEGREES.

THERE WAS 1 DAY THIS MONTH WITH A HIGH TEMPERATURE ABOVE 70...THAT
WAS 71 ON THE 24TH. THIS TIES 1996...1999 AND 2000 AS THE ONLY OTHER
YEARS TO HAVE A FEBRUARY HIGH TEMPERATURE OF 70 DEGREES OR WARMER.
THE WARMEST FEBRUARY TEMPERATURE WAS 73 SET IN 2000. THERE WERE 9
DAYS IN FEBRUARY WITH A HIGH TEMPERATURE OF 60 DEGREES OR WARMER.
THIS BROKE THE RECORD OF 7 SET IN 1976 AND 1930 AS THE MOST NUMBER
OF 60 DEGREE DAYS IN FEBRUARY. HALF OF THE DAYS...14...HAD A HIGH
TEMPERATURE OF 50 DEGREES OR WARMER. THIS WAS A RECORD...SURPASSING
1976 WHICH HAD 13 DAYS ABOVE 50 DEGREES.

FEBRUARY PRECIPITATION WAS SLIGHTLY BELOW NORMAL WITH 1.76 INCHES OF
PRECIPITATION BEING RECORDED. THIS WAS 0.28 INCHES BELOW NORMAL AND
RANKED AS THE 56TH DRIEST FEBRUARY. MORE THAN HALF OF THIS
PRECIPITATION FELL ON JUST TWO DAYS...THE 7TH AND 8TH. MEASUREABLE
PRECIPITATION FELL ON 8 DAYS DURING THE MONTH.

MEASURABLE SNOW FELL ON JUST 3 DAYS FOR A TOTAL OF 2.5 INCHES AND
2.3 INCHES FELL ON THE 8TH. THE MONTHLY TOTAL WAS 5.2 INCHES BELOW
NORMAL AND RANKED AS THE 22ND LEAST SNOWIEST FEBRUARY ON RECORD. THE
RECORD IS A TRACE SET IN 1998.

$$
LASHLEY
