000
CXUS54 KTSA 011637
CLMFYV

CLIMATE REPORT
NATIONAL WEATHER SERVICE TULSA OK
1137 AM CDT TUE SEP 1 2015

...................................

...THE FAYETTEVILLE ARKANSAS CLIMATE SUMMARY FOR THE MONTH OF AUGUST 2015...

CLIMATE NORMAL PERIOD 1981 TO 2010
CLIMATE RECORD PERIOD 1905 TO 2015

WEATHER         OBSERVED          NORMAL  DEPART  LAST YEAR`S
                 VALUE   DATE(S)  VALUE   FROM    VALUE  DATE(S)
                                          NORMAL
................................................................
TEMPERATURE (F)
RECORD
 HIGH             110   08/03/2011
 LOW               45   08/22/1956
HIGHEST            94   08/09       109     -15       98  08/25
LOWEST             49   08/25        44       5       51  08/13
AVG. MAXIMUM     85.5              89.1    -3.6     88.5
AVG. MINIMUM     62.4              65.1    -2.7     65.2
MEAN             74.0              77.1    -3.1     76.8
DAYS MAX >= 90      5              15.0   -10.0       11
DAYS MAX <= 32      0               0.0     0.0        0
DAYS MIN <= 32      0               0.0     0.0        0
DAYS MIN <= 0       0               0.0     0.0        0

PRECIPITATION (INCHES)
RECORD
 MAXIMUM         9.12   1964
 MINIMUM         0.02   2010
TOTALS           4.41              3.24    1.17     2.08
DAILY AVG.       0.14              0.10    0.04     0.07
DAYS >= .01         6               7.8    -1.8        6
DAYS >= .10         5               4.5     0.5        4
DAYS >= .50         3               2.2     0.8        1
DAYS >= 1.00        3               1.2     1.8        0
GREATEST
 24 HR. TOTAL    1.78   08/19 TO 08/19           08/07 TO 08/07
                        08/18 TO 08/19                    08/06 TO 08/07
                                                          08/07 TO 08/07

SNOWFALL (INCHES)
RECORDS
 TOTAL            0.0   2002
 24 HR TOTAL       MM
TOTALS            0.0               0.0     0.0      0.0
SINCE 7/1         0.0               0.0     0.0      0.0
SNOWDEPTH AVG.      0                MM      MM        0
DAYS >= TRACE       0               0.0     0.0        0
DAYS >= 1.0         0               0.0     0.0        0
GREATEST
 SNOW DEPTH         0   MM                             0  MM
 24 HR TOTAL      0.0   08/31 TO 08/31           08/31 TO 08/31
                                                          08/07 TO 08/07
                                                          08/07 TO 08/07

DEGREE_DAYS
HEATING TOTAL       0                 1      -1        0
 SINCE 7/1          0                 1      -1        4
COOLING TOTAL     283               376     -93      373
 SINCE 1/1       1127              1125       2     1035
........................................................

WIND (MPH)
AVERAGE WIND SPEED              3.7
HIGHEST WIND SPEED/DIRECTION    36/330    DATE  08/05
HIGHEST GUST SPEED/DIRECTION    42/340    DATE  08/05

SKY COVER
POSSIBLE SUNSHINE (PERCENT)   MM
AVERAGE SKY COVER           0.20
NUMBER OF DAYS FAIR           24
NUMBER OF DAYS PC              7
NUMBER OF DAYS CLOUDY          0

AVERAGE RH (PERCENT)     77

WEATHER CONDITIONS. NUMBER OF DAYS WITH
THUNDERSTORM              0     MIXED PRECIP               0
HEAVY RAIN                4     RAIN                       5
LIGHT RAIN                8     FREEZING RAIN              0
LT FREEZING RAIN          0     HAIL                       0
HEAVY SNOW                0     SNOW                       0
LIGHT SNOW                0     SLEET                      0
FOG                      27     FOG W/VIS <= 1/4 MILE      5
HAZE                      3

-  INDICATES NEGATIVE NUMBERS.
R  INDICATES RECORD WAS SET OR TIED.
MM INDICATES DATA IS MISSING.
T  INDICATES TRACE AMOUNT.

&&
-------------------------------------------------------------------
 YEARLY PRECIPITATION (INCHES):
 TOTAL.....................42.69
 DEPARTURE FROM NORMAL.....+10.80
$$
