000
CXUS54 KTSA 011244
CLMFYV

CLIMATE REPORT
NATIONAL WEATHER SERVICE TULSA OK
547 AM CDT TUE APR 1 2014

...................................

...THE FAYETTEVILLE ARKANSAS CLIMATE SUMMARY FOR THE MONTH OF MARCH 2014...

CLIMATE NORMAL PERIOD 1981 TO 2010
CLIMATE RECORD PERIOD 1905 TO 2014

WEATHER         OBSERVED          NORMAL  DEPART  LAST YEAR`S
                 VALUE   DATE(S)  VALUE   FROM    VALUE  DATE(S)
                                          NORMAL
................................................................
TEMPERATURE (F)
RECORD
 HIGH              89   03/22/1995
                        03/31/1974
 LOW                0   03/04/2002
HIGHEST            75   03/11        96     -21       79  03/15
LOWEST              3   03/03         1       2       18  03/26
AVG. MAXIMUM     57.2              60.1    -2.9     55.1
AVG. MINIMUM     29.6              36.2    -6.6     32.8
MEAN             43.4              48.1    -4.7     44.0
DAYS MAX >= 90      0               0.0     0.0        0
DAYS MAX <= 32      1               0.3     0.7        0
DAYS MIN <= 32     20              11.9     8.1       19
DAYS MIN <= 0       0               0.0     0.0        0

PRECIPITATION (INCHES)
RECORD
 MAXIMUM           MM   MM
 MINIMUM           MM   MM
TOTALS           5.58              3.95    1.63     4.48
DAILY AVG.       0.18              0.13    0.05     0.14
DAYS >= .01        14              10.3     3.7       12
DAYS >= .10         7               6.8     0.2        7
DAYS >= .50         4               2.9     1.1        4
DAYS >= 1.00        2               1.1     0.9        1
GREATEST
 24 HR. TOTAL    2.15   03/16 TO 03/16           03/10 TO 03/10
                                                          03/25 TO 03/25
                                                          03/25 TO 03/25

SNOWFALL (INCHES)
RECORDS
 TOTAL             MM   MM
 24 HR TOTAL       MM
TOTALS            3.8               1.4     2.4        T
SINCE 7/1        17.9               7.0    10.9      2.6
SNOWDEPTH AVG.      0                MM      MM        0
DAYS >= TRACE       3               0.4     2.6        5
DAYS >= 1.0         1               0.2     0.8        0
GREATEST
 SNOW DEPTH         3   03/03                          0  MM
 24 HR TOTAL      3.0   03/02 TO 03/02           03/25 TO 03/25
                                                          03/25 TO 03/25
                                                          03/25 TO 03/25

DEGREE_DAYS
HEATING TOTAL     660               526     134      645
 SINCE 7/1       4380              3829     551     3716
COOLING TOTAL       0                 4      -4        1
 SINCE 1/1          0                 4      -4        1
......................................................

WIND (MPH)
AVERAGE WIND SPEED              7.2
HIGHEST WIND SPEED/DIRECTION    31/180    DATE  03/18
HIGHEST GUST SPEED/DIRECTION    44/190    DATE  03/18

SKY COVER
POSSIBLE SUNSHINE (PERCENT)   MM
AVERAGE SKY COVER           0.30
NUMBER OF DAYS FAIR           18
NUMBER OF DAYS PC             10
NUMBER OF DAYS CLOUDY          3

AVERAGE RH (PERCENT)     66

WEATHER CONDITIONS. NUMBER OF DAYS WITH
THUNDERSTORM              5     MIXED PRECIP               0
HEAVY RAIN                5     RAIN                       3
LIGHT RAIN               12     FREEZING RAIN              1
LT FREEZING RAIN          1     HAIL                       0
HEAVY SNOW                0     SNOW                       1
LIGHT SNOW                3     SLEET                      0
FOG                      19     FOG W/VIS <= 1/4 MILE      3
HAZE                      6

-  INDICATES NEGATIVE NUMBERS.
R  INDICATES RECORD WAS SET OR TIED.
MM INDICATES DATA IS MISSING.
T  INDICATES TRACE AMOUNT.

&&
-------------------------------------------------------------------
 YEARLY PRECIPITATION (INCHES):
 TOTAL..................... 8.06
 DEPARTURE FROM NORMAL.....-1.54
$$
