000
CXUS53 KUNR 011616
CLMGCC


CLIMATE REPORT
NATIONAL WEATHER SERVICE RAPID CITY SD
1013 AM MDT FRI JUL 1 2016

...................................

...THE GILLETTE AIRPORT WY CLIMATE SUMMARY FOR THE MONTH OF JUNE 2016...

CLIMATE NORMAL PERIOD 1981 TO 2010
CLIMATE RECORD PERIOD 9999 TO 9999

WEATHER         OBSERVED          NORMAL  DEPART  LAST YEAR`S
                 VALUE   DATE(S)  VALUE   FROM    VALUE  DATE(S)
                                          NORMAL
................................................................
TEMPERATURE (F)
HIGHEST           103   06/21                         90  06/29
                                                          06/28
LOWEST             35   06/01                         47  06/17
AVG. MAXIMUM     87.3              77.0    10.3     78.6
AVG. MINIMUM     50.9              47.5     3.4     53.4
MEAN             69.1              62.3     6.8     66.0
DAYS MAX >= 90     10                                  2
DAYS MAX <= 32      0                                  0
DAYS MIN <= 32      0                                  0
DAYS MIN <= 0       0                                  0

PRECIPITATION (INCHES)
TOTALS           0.44              2.21   -1.77     3.11
DAILY AVG.       0.01              0.07   -0.06     0.10
DAYS >= .01         2                                 11
DAYS >= .10         1                                  6
DAYS >= .50         0                                  3
DAYS >= 1.00        0                                  0
GREATEST
 24 HR. TOTAL    0.44   06/12 TO 06/13              1.47

DEGREE_DAYS
HEATING TOTAL      34               142    -108       39
 SINCE 7/1       6577              7544    -967     6915
COOLING TOTAL     164                60     104       74
 SINCE 1/1        164                68      96       74
.................................................................

WIND (MPH)
AVERAGE WIND SPEED              10.2
HIGHEST WIND SPEED/DIRECTION    47/300    DATE  06/24
HIGHEST GUST SPEED/DIRECTION    64/220    DATE  06/09

AVERAGE RH (PERCENT)     48

WEATHER CONDITIONS. NUMBER OF DAYS WITH
THUNDERSTORM              0     MIXED PRECIP               0
HEAVY RAIN                1     RAIN                       1
LIGHT RAIN                4     FREEZING RAIN              0
LT FREEZING RAIN          0     HAIL                       0
HEAVY SNOW                0     SNOW                       0
LIGHT SNOW                0     SLEET                      0
FOG                       0     FOG W/VIS <= 1/4 MILE      0
HAZE                      3

-  INDICATES NEGATIVE NUMBERS.
R  INDICATES RECORD WAS SET OR TIED.
MM INDICATES DATA IS MISSING.
T  INDICATES TRACE AMOUNT.

$$
