000
CXUS53 KIND 011610
CLMGEZ


CLIMATE REPORT
NATIONAL WEATHER SERVICE INDIANAPOLIS IN
1110 AM EST FRI DEC 1 2017

...................................

...THE SHELBYVILLE IN CLIMATE SUMMARY FOR THE MONTH OF NOVEMBER 2017...

CLIMATE NORMAL PERIOD 1981 TO 2010
CLIMATE RECORD PERIOD 9999 TO 9999

WEATHER         OBSERVED          NORMAL  DEPART  LAST YEAR`S
                 VALUE   DATE(S)  VALUE   FROM    VALUE  DATE(S)
                                          NORMAL
................................................................
TEMPERATURE (F)
HIGHEST            72   11/05                         82  11/01
LOWEST             23   11/26                         24  11/21
                        11/23
AVG. MAXIMUM     54.2              53.1     1.1     58.7
AVG. MINIMUM     34.7              34.3     0.4     37.1
MEAN             44.4              43.7     0.7     47.9
DAYS MAX >= 90      0               0.0     0.0        0
DAYS MAX <= 32      0               0.4    -0.4        0
DAYS MIN <= 32     14              12.7     1.3        8
DAYS MIN <= 0       0               0.0     0.0        0

PRECIPITATION (INCHES)
TOTALS           6.57              3.73    2.84     2.29
DAILY AVG.       0.22              0.12    0.10     0.08
DAYS >= .01        11                MM      MM        5
DAYS >= .10         6                MM      MM        4
DAYS >= .50         4                MM      MM        3
DAYS >= 1.00        2                MM      MM        0
GREATEST
 24 HR. TOTAL    3.48   11/05 TO 11/05

DEGREE_DAYS
HEATING TOTAL     589               640     -51      514
 SINCE 7/1        893              1075    -182      686
COOLING TOTAL       0                 0       0        7
 SINCE 1/1       1132               913     219     1470
.................................................................

WIND (MPH)
AVERAGE WIND SPEED              342.0
HIGHEST WIND SPEED/DIRECTION    29/330    DATE  11/18
HIGHEST GUST SPEED/DIRECTION    39/330    DATE  11/18

SKY COVER
POSSIBLE SUNSHINE (PERCENT)   MM
AVERAGE SKY COVER           0.40
NUMBER OF DAYS FAIR           13
NUMBER OF DAYS PC              8
NUMBER OF DAYS CLOUDY          9

AVERAGE RH (PERCENT)     66

WEATHER CONDITIONS. NUMBER OF DAYS WITH
THUNDERSTORM              3     MIXED PRECIP               0
HEAVY RAIN                4     RAIN                       6
LIGHT RAIN               14     FREEZING RAIN              0
LT FREEZING RAIN          0     HAIL                       0
HEAVY SNOW                0     SNOW                       0
LIGHT SNOW                2     SLEET                      0
FOG                      12     FOG W/VIS <= 1/4 MILE      0
HAZE                      4

-  INDICATES NEGATIVE NUMBERS.
R  INDICATES RECORD WAS SET OR TIED.
MM INDICATES DATA IS MISSING.
T  INDICATES TRACE AMOUNT.

$$
