000
CXUS53 KFGF 011510
CLMGFK

CLIMATE REPORT
NATIONAL WEATHER SERVICE EASTERN NORTH DAKOTA/GRAND FORKS
910 AM CST MON JAN 1 2018

...................................

...THE GRAND FORKS CLIMATE SUMMARY FOR THE MONTH OF DECEMBER 2017...

CLIMATE NORMAL PERIOD 1981 TO 2010
CLIMATE RECORD PERIOD 1948 TO 2017

WEATHER         OBSERVED          NORMAL  DEPART  LAST YEAR`S
                 VALUE   DATE(S)  VALUE   FROM    VALUE  DATE(S)
                                          NORMAL
................................................................
TEMPERATURE (F)
RECORD
 HIGH              56   12/09/1990
 LOW              -32   12/31/1967
HIGHEST            44   12/02        19      25       36  12/20
LOWEST            -25   12/31         2     -27      -24  12/18
AVG. MAXIMUM     20.5              20.3     0.2     21.1
AVG. MINIMUM      2.3               2.6    -0.3      5.0
MEAN             11.4              11.5    -0.1     13.1
DAYS MAX >= 90      0               0.0     0.0        0
DAYS MAX <= 32     21              24.0    -3.0       22
DAYS MIN <= 32     31              30.9     0.1       31
DAYS MIN <= 0      13              13.6    -0.6       12

PRECIPITATION (INCHES)
RECORD
 MAXIMUM         1.96   1988
 MINIMUM         0.07   1979
TOTALS           0.77              0.61    0.16     1.61
DAILY AVG.       0.02              0.02    0.00     0.05
DAYS >= .01         8               8.5    -0.5       12
DAYS >= .10         4               1.9     2.1        6
DAYS >= .50         0               0.1    -0.1        0
DAYS >= 1.00        0               0.0     0.0        0
GREATEST
 24 HR. TOTAL    0.21   12/04 TO 12/04
                        12/03 TO 12/04

SNOWFALL (INCHES)
RECORDS
 TOTAL           30.2   1996
TOTALS            8.2              10.7    -2.5     25.1
SINCE 7/1        18.4              19.9    -1.5     26.2
SNOWDEPTH AVG.      3                 4      -1        6
DAYS >= 1.0         3               3.4    -0.4        5
GREATEST
 SNOW DEPTH         5   12/31                         10  12/07
                        12/30
                        12/29
 24 HR TOTAL      3.6   12/04 TO 12/04

DEGREE_DAYS
HEATING TOTAL    1655              1660      -5     1604
 SINCE 7/1       3640              3859    -219     3072
COOLING TOTAL       0                 0       0        0
 SINCE 1/1        411               379      32      434
.................................................................

WIND (MPH)
AVERAGE WIND SPEED              11.0
HIGHEST WIND SPEED/DIRECTION    40/350    DATE  12/11
HIGHEST GUST SPEED/DIRECTION    50/350    DATE  12/11

SKY COVER
POSSIBLE SUNSHINE (PERCENT)   MM
AVERAGE SKY COVER           0.60
NUMBER OF DAYS FAIR            8
NUMBER OF DAYS PC             13
NUMBER OF DAYS CLOUDY         10

AVERAGE RH (PERCENT)     80

WEATHER CONDITIONS. NUMBER OF DAYS WITH
THUNDERSTORM              0     MIXED PRECIP               0
HEAVY RAIN                0     RAIN                       1
LIGHT RAIN                4     FREEZING RAIN              0
LT FREEZING RAIN          1     HAIL                       0
HEAVY SNOW                1     SNOW                       1
LIGHT SNOW               15     SLEET                      1
FOG                      16     FOG W/VIS <= 1/4 MILE      2
HAZE                      6

-  INDICATES NEGATIVE NUMBERS.
R  INDICATES RECORD WAS SET OR TIED.
MM INDICATES DATA IS MISSING.
T  INDICATES TRACE AMOUNT.

&&

REMARKS...

THE FIRST PART OF THE MONTH STARTED OUT MUCH ABOVE NORMAL FOR
TEMPERATURES. HOWEVER TEMPERATURES FELL WAY BELOW NORMAL FOR THE
LAST HALF OF THE MONTH. SO THE AVERAGE TEMPERATURE WAS 0.1 DEGREES
BELOW NORMAL. THE AVERAGE TEMPERATURE FOR THE MONTH WAS 11.4
DEGREES. A DAILY RECORD OF 24 BELOW ZERO OCCURRED ON DEC 27. THIS
TIED THE OLD RECORD LOW OF -24 DEGREES IN 1964. ALSO A DAILY LOWEST
MAX TEMPERATURE OCCURRED ON DECEMBER 30 WITH A HIGH OF 17 BELOW
ZERO. THE PREVIOUS DAILY LOW MAX TEMPERATURE WAS 13 BELOW ZERO SET
IN 1973.

THE TOTAL PRECIPITATION FOR THE MONTH WAS 0.77 INCHES AND WAS 0.16
INCHES ABOVE NORMAL. NO DAILY PRECIPITATION RECORDS OCCURRED THIS
MONTH.

SNOWFALL FOR THE MONTH WAS NORMAL WITH 8.2 INCHES. NORMAL IS 10.7
INCHES.

REMEMBER...THIS DATA IS PROVISIONAL AND SUBJECT TO CHANGE. THE FINAL
AND OFFICIAL RECORDS WILL BE AVAILABLE FROM THE NATIONAL CENTERS FOR
ENVIRONMENTAL INFORMATION (FORMALLY THE NATIONAL CLIMATIC DATA
CENTER).


$$
