387
CXUS53 KFGF 011006
CLMGFK

CLIMATE REPORT
NATIONAL WEATHER SERVICE EASTERN NORTH DAKOTA/GRAND FORKS
334 AM CST THU DEC 1 2016

...................................

...THE GRAND FORKS CLIMATE SUMMARY FOR THE MONTH OF NOVEMBER 2016...

CLIMATE NORMAL PERIOD 1981 TO 2010
CLIMATE RECORD PERIOD 1941 TO 2016

WEATHER         OBSERVED          NORMAL  DEPART  LAST YEAR`S
                 VALUE   DATE(S)  VALUE   FROM    VALUE  DATE(S)
                                          NORMAL
................................................................
TEMPERATURE (F)
RECORD
 HIGH              75   11/05/1975
 LOW              -31   11/29/1985
HIGHEST            73   11/04        34      39       60  11/15
LOWEST             16   11/19        17      -1        3  11/27
AVG. MAXIMUM     50.0              35.1    14.9     42.8
AVG. MINIMUM     31.7              17.0    14.7     24.3
MEAN             40.8              26.1    14.7     33.5
DAYS MAX >= 90      0               0.0     0.0        0
DAYS MAX <= 32      0              12.1   -12.1        5
DAYS MIN <= 32     13              28.0   -15.0       24
DAYS MIN <= 0       0               2.8    -2.8        0

PRECIPITATION (INCHES)
RECORD
 MAXIMUM         3.94   2000
 MINIMUM            T   1999
TOTALS           1.34              0.95    0.39     1.40
DAILY AVG.       0.04              0.03    0.01     0.05
DAYS >= .01         8               6.9     1.1        6
DAYS >= .10         3               2.7     0.3        2
DAYS >= .50         1               0.3     0.7        1
DAYS >= 1.00        0               0.1    -0.1        0
GREATEST
 24 HR. TOTAL    0.75   11/27 TO 11/28

SNOWFALL (INCHES)
RECORDS
 TOTAL           29.0   1985
TOTALS            1.1               7.7    -6.6      2.7
SINCE 7/1         1.1               9.2    -8.1      2.7
SNOWDEPTH AVG.      0                 3      -3        0
DAYS >= 1.0         0               2.4    -2.4        1
GREATEST
 SNOW DEPTH         0   MM                             0  MM
 24 HR TOTAL      0.7   MM

DEGREE_DAYS
HEATING TOTAL     716              1168    -452      936
 SINCE 7/1       1468              2199    -731     1665
COOLING TOTAL       0                 0       0        0
 SINCE 1/1        434               379      55      476
.................................................................

WIND (MPH)
AVERAGE WIND SPEED              10.9
HIGHEST WIND SPEED/DIRECTION    36/350    DATE  11/18
HIGHEST GUST SPEED/DIRECTION    46/360    DATE  11/18

SKY COVER
POSSIBLE SUNSHINE (PERCENT)   MM
AVERAGE SKY COVER           0.50
NUMBER OF DAYS FAIR           12
NUMBER OF DAYS PC              8
NUMBER OF DAYS CLOUDY         10

AVERAGE RH (PERCENT)     73

WEATHER CONDITIONS. NUMBER OF DAYS WITH
THUNDERSTORM              0     MIXED PRECIP               0
HEAVY RAIN                0     RAIN                       1
LIGHT RAIN                8     FREEZING RAIN              1
LT FREEZING RAIN          1     HAIL                       0
HEAVY SNOW                0     SNOW                       0
LIGHT SNOW                4     SLEET                      1
FOG                      12     FOG W/VIS <= 1/4 MILE      4
HAZE                      7

-  INDICATES NEGATIVE NUMBERS.
R  INDICATES RECORD WAS SET OR TIED.
MM INDICATES DATA IS MISSING.
T  INDICATES TRACE AMOUNT.

&&

ANOTHER WARM AND WET MONTH OCCURRED IN NOVEMBER. THE AVERAGE MONTHLY
TEMPERATURE WAS 40.8 DEGREES OR 14.7 DEGREES ABOVE NORMAL.
THE AVERAGE MONTHLY TEMPERATURE RANKS AS THE WARMEST NOVEMBER ON
RECORD. NO DAILY RECORD TEMPERATURES OCCURRED DURING THE MONTH.

RAINFALL WAS WELL ABOVE NORMAL. 1.34 INCHES OF RAIN FELL IN NOVEMBER
AND WAS 0.39 INCHES ABOVE NORMAL. A DAILY RECORD RAINFALL OCCURRED
ON NOVEMBER 28 WHEN 0.73 INCHES OCCURRED...SHATTERING THE OLD RECORD
OF 0.36 INCHES SET IN 1960.

REMEMBER...THIS DATA IS PROVISIONAL AND SUBJECT TO CHANGE. THE FINAL
AND OFFICIAL RECORDS WILL BE AVAILABLE FROM THE NATIONAL CENTERS FOR
ENVIRONMENTAL INFORMATION (FORMERLY THE NATIONAL CLIMATE DATA
CENTER).


$$
