000
CXUS51 KALY 010806
CLMGFL


CLIMATE REPORT
NATIONAL WEATHER SERVICE ALBANY NY
402 AM EDT SUN OCT 1 2017

...................................

...THE GLENS FALLS NY CLIMATE SUMMARY FOR THE MONTH OF SEPTEMBER 2017...

CLIMATE NORMAL PERIOD 1981 TO 2010
CLIMATE RECORD PERIOD 1949 TO 2017

WEATHER         OBSERVED          NORMAL  DEPART  LAST YEAR`S
                 VALUE   DATE(S)  VALUE   FROM    VALUE  DATE(S)
                                          NORMAL
................................................................
TEMPERATURE (F)
HIGHEST            90   09/25                         87  09/09
LOWEST             34   09/02                         32  09/26
AVG. MAXIMUM     74.9              70.6     4.3     76.1
AVG. MINIMUM     50.3              46.4     3.9     49.8
MEAN             62.6              58.5     4.1     62.9
DAYS MAX >= 90      1               0.1     0.9        0
DAYS MAX <= 32      0               0.0     0.0        0
DAYS MIN <= 32      0               1.3    -1.3        1
DAYS MIN <= 0       0               0.0     0.0        0

PRECIPITATION (INCHES)
RECORD
 MAXIMUM         7.75   1987
 MINIMUM         0.10   1964
TOTALS           2.32              3.38   -1.06     1.21
DAILY AVG.       0.08              0.11   -0.03     0.05
DAYS >= .01         6               9.3    -3.3       10
DAYS >= .10         5               6.2    -1.2        4
DAYS >= .50         1               2.2    -1.2        0
DAYS >= 1.00        1               0.8     0.2        0
GREATEST
 24 HR. TOTAL    1.37   09/03 TO 09/03

DEGREE_DAYS
HEATING TOTAL     132               219     -87      103
 SINCE 7/1        199               285     -86      109
COOLING TOTAL      67                24      43       55
 SINCE 1/1        381               351      30      640

FREEZE DATES
RECORD
 EARLIEST     08/29/1982
 LATEST       06/01/2009
EARLIEST                        09/29
LATEST                          05/13
.................................................................

WIND (MPH)
AVERAGE WIND SPEED              3.7
HIGHEST WIND SPEED/DIRECTION    22/320    DATE  09/01
HIGHEST GUST SPEED/DIRECTION    28/010    DATE  09/28

SKY COVER
AVERAGE SKY COVER           0.40

AVERAGE RH (PERCENT)     76

WEATHER CONDITIONS. NUMBER OF DAYS WITH
THUNDERSTORM              3     MIXED PRECIP               0
HEAVY RAIN                2     RAIN                       2
LIGHT RAIN               11     FREEZING RAIN              0
LT FREEZING RAIN          0     HAIL                       0
HEAVY SNOW                0     SNOW                       0
LIGHT SNOW                0     SLEET                      0
FOG                      29     FOG W/VIS <= 1/4 MILE     18
HAZE                      2

-  INDICATES NEGATIVE NUMBERS.
R  INDICATES RECORD WAS SET OR TIED.
MM INDICATES DATA IS MISSING.
T  INDICATES TRACE AMOUNT.

$$
