000
CXUS54 KHGX 192144
CLMGLS

CLIMATE REPORT
NATIONAL WEATHER SERVICE HOUSTON/GALVESTON TX
210 PM CDT FRI JUL 1 2016

...................................

...THE GALVESTON CLIMATE SUMMARY FOR THE MONTH OF JUNE 2016...

CLIMATE NORMAL PERIOD 1981 TO 2010
CLIMATE RECORD PERIOD 1875 TO 2016

WEATHER         OBSERVED          NORMAL  DEPART  LAST YEAR`S
                 VALUE   DATE(S)  VALUE   FROM    VALUE  DATE(S)
                                          NORMAL
................................................................
TEMPERATURE (F)
RECORD
 HIGH             100   06/25/2012
 LOW               57   06/14/1903
                        06/13/1903
HIGHEST            92   06/28                         92  06/27
LOWEST             70   06/18                         75  06/30
                        06/04                             06/16
                        06/03                             06/04
AVG. MAXIMUM     87.1              88.2    -1.1     87.7
AVG. MINIMUM     77.7              77.5     0.2     78.5
MEAN             82.4              82.9    -0.5     83.1
DAYS MAX >= 90      3               6.6    -3.6        5
DAYS MAX <= 32      0               0.0     0.0        0
DAYS MIN <= 32      0               0.0     0.0        0
DAYS MIN <= 0       0               0.0     0.0        0

PRECIPITATION (INCHES)
RECORD
 MAXIMUM        15.49   1919
 MINIMUM            T   1907
TOTALS           7.93              5.69    2.24     2.75
DAILY AVG.       0.26              0.19    0.07     0.09
DAYS >= .01        13                                  8
DAYS >= .10         9                                  6
DAYS >= .50         4                                  3
DAYS >= 1.00        3                                  0

DEGREE_DAYS
HEATING TOTAL       0                 0       0        0
 SINCE 7/1        745              1009    -264     1182
COOLING TOTAL     530               535      -5      551
 SINCE 1/1       1197              1170      27     1253
.................................................................

WIND (MPH)
AVERAGE WIND SPEED              9.5
HIGHEST WIND SPEED/DIRECTION    39/020    DATE  06/18
HIGHEST GUST SPEED/DIRECTION    52/020    DATE  06/18

SKY COVER
AVERAGE SKY COVER           0.30

AVERAGE RH (PERCENT)     82

WEATHER CONDITIONS. NUMBER OF DAYS WITH
THUNDERSTORM              10     MIXED PRECIP               0
HEAVY RAIN                7     RAIN                       9
LIGHT RAIN               18     FREEZING RAIN              0
LT FREEZING RAIN          0     HAIL                       0
HEAVY SNOW                0     SNOW                       0
LIGHT SNOW                0     SLEET                      0
FOG                      12     FOG W/VIS <= 1/4 MILE      0
HAZE                      4

-  INDICATES NEGATIVE NUMBERS.
R  INDICATES RECORD WAS SET OR TIED.
MM INDICATES DATA IS MISSING.
T  INDICATES TRACE AMOUNT.

$$
