000
CXUS54 KHGX 021848 RRA
CLMGLS

CLIMATE REPORT
NATIONAL WEATHER SERVICE HOUSTON/GALVESTON TX
148 PM CDT THU JUL 2 2015

...................................

...THE GALVESTON CLIMATE SUMMARY FOR THE MONTH OF JUNE 2015...

CLIMATE NORMAL PERIOD 1981 TO 2010
CLIMATE RECORD PERIOD 1875 TO 2015

WEATHER         OBSERVED          NORMAL  DEPART  LAST YEAR`S
                 VALUE   DATE(S)  VALUE   FROM    VALUE  DATE(S)
                                          NORMAL
................................................................
TEMPERATURE (F)
RECORD
 HIGH             100   06/25/2012
 LOW               57   06/14/1903
                        06/13/1903

HIGHEST            92   06/27        MM      MM       93  06/10
LOWEST             75   06/30        MM      MM       73  06/25
                        06/16
                        06/04

AVG. MAXIMUM     87.7              88.2    -0.5     87.7
AVG. MINIMUM     78.5              77.5     1.0     78.9
MEAN             83.1              82.9     0.2     83.3

DAYS MAX >= 90      5               6.6    -1.6        4
DAYS MAX <= 32      0               0.0     0.0        0
DAYS MIN <= 32      0               0.0     0.0        0
DAYS MIN <= 0       0               0.0     0.0        0

PRECIPITATION (INCHES)
RECORD
 MAXIMUM        15.49   1919
 MINIMUM            T   1907

TOTALS           2.75              5.69   -2.94     1.53
DAILY AVG.       0.09              0.19   -0.10     0.05

DAYS >= .01         8                MM      MM        7
DAYS >= .10         6                MM      MM        3
DAYS >= .50         3                MM      MM        1
DAYS >= 1.00        0                MM      MM        1

DEGREE_DAYS
HEATING TOTAL       0                 0       0        0
 SINCE 7/1       1182              1009     173     1425
COOLING TOTAL     551               535      16      558
 SINCE 1/1       1253              1170      83     1066
.................................................................

WIND (MPH)
AVERAGE WIND SPEED              10.8
HIGHEST WIND SPEED/DIRECTION    37/150    DATE  06/16
HIGHEST GUST SPEED/DIRECTION    46/150    DATE  06/16

SKY COVER
AVERAGE SKY COVER           0.30

AVERAGE RH (PERCENT)     78

WEATHER CONDITIONS. NUMBER OF DAYS WITH
THUNDERSTORM              8     MIXED PRECIP               0
HEAVY RAIN                4     RAIN                       4
LIGHT RAIN                8     FREEZING RAIN              0
LT FREEZING RAIN          0     HAIL                       0
HEAVY SNOW                0     SNOW                       0
LIGHT SNOW                0     SLEET                      0
FOG                       7     FOG W/VIS <= 1/4 MILE      0
HAZE                      5

-  INDICATES NEGATIVE NUMBERS.
R  INDICATES RECORD WAS SET OR TIED.
MM INDICATES DATA IS MISSING.
T  INDICATES TRACE AMOUNT.

$$
