000
CXUS52 KJAX 021354 RRA
CLMGNV

MIACLMGNV 000
TTAA00 KJAX 011231


CLIMATE REPORT
NATIONAL WEATHER SERVICE JACKSONVILLE FL
820 AM EDT SUN OCT 1 2017

...................................

...THE GAINESVILLE CLIMATE SUMMARY FOR THE MONTH OF SEPTEMBER 2017...

CLIMATE NORMAL PERIOD 1981 TO 2010
CLIMATE RECORD PERIOD 1890 TO 2017

WEATHER         OBSERVED          NORMAL  DEPART  LAST YEAR`S
                 VALUE   DATE(S)  VALUE   FROM    VALUE  DATE(S)
                                          NORMAL
................................................................
TEMPERATURE (F)
RECORD
 HIGH              99   09/21/1925
                        09/02/1907
 LOW               36   09/25/2017
HIGHEST            93   09/28        87       6       94  09/11
                                                          09/10
LOWEST             62   09/19        68      -6       61  09/08
                                                          09/06
AVG. MAXIMUM     87.8              87.4     0.4     89.9
AVG. MINIMUM     68.8              69.0    -0.2     70.0
MEAN             78.3              78.2     0.1     80.0
DAYS MAX >= 90     14               8.0     6.0       20
DAYS MAX <= 32      0               0.0     0.0        0
DAYS MIN <= 32      0               0.0     0.0        0
DAYS MIN <= 0       0               0.0     0.0        0

PRECIPITATION (INCHES)
RECORD
 MAXIMUM        19.91   1894
 MINIMUM         0.25   1978
TOTALS          15.28              4.42   10.86     7.97
DAILY AVG.       0.51              0.15    0.36     0.27
DAYS >= .01        10              11.6    -1.6       10
DAYS >= .10         7               6.9     0.1        8
DAYS >= .50         4               2.6     1.4        4
DAYS >= 1.00        3               1.2     1.8        3
GREATEST
 24 HR. TOTAL    6.63

SNOWFALL (INCHES)
RECORDS
 TOTAL             MM   MM
TOTALS            0.0               0.0     0.0      0.0
SINCE 7/1         0.0               0.0     0.0      0.0
SNOWDEPTH AVG.      0                MM      MM        0
DAYS >= 1.0         0               0.0     0.0        0
GREATEST
 SNOW DEPTH         0   MM                             0  MM
 24 HR TOTAL      0.0

DEGREE_DAYS
HEATING TOTAL       0                 0       0        0
 SINCE 7/1          0                 0       0        0
COOLING TOTAL     405               396       9      457
 SINCE 1/1       2565              2340     225     2700
.................................................................

WIND (MPH)
AVERAGE WIND SPEED              5.2
HIGHEST WIND SPEED/DIRECTION    45/050    DATE  09/11
HIGHEST GUST SPEED/DIRECTION    61/050    DATE  09/11

SKY COVER
POSSIBLE SUNSHINE (PERCENT)   MM
AVERAGE SKY COVER           0.30
NUMBER OF DAYS FAIR           21
NUMBER OF DAYS PC              6
NUMBER OF DAYS CLOUDY          3

AVERAGE RH (PERCENT)     78

WEATHER CONDITIONS. NUMBER OF DAYS WITH
THUNDERSTORM              0     MIXED PRECIP               0
HEAVY RAIN                5     RAIN                       6
LIGHT RAIN                9     FREEZING RAIN              0
LT FREEZING RAIN          0     HAIL                       0
HEAVY SNOW                0     SNOW                       0
LIGHT SNOW                0     SLEET                      0
FOG                      13     FOG W/VIS <= 1/4 MILE      0
HAZE                      0

-  INDICATES NEGATIVE NUMBERS.
R  INDICATES RECORD WAS SET OR TIED.
MM INDICATES DATA IS MISSING.
T  INDICATES TRACE AMOUNT.

$$
