000
CXUS53 KGID 020137 CCA
CLMGRI

CLIMATE REPORT...CORRECTED
NATIONAL WEATHER SERVICE HASTINGS NE
1012 AM CST WED FEB 1 2017
CORRECTED WIND DATA

...................................

...THE GRAND ISLAND NE CLIMATE SUMMARY FOR THE MONTH OF JANUARY 2017...

CLIMATE NORMAL PERIOD 1981 TO 2010
CLIMATE RECORD PERIOD 1895 TO 2017

WEATHER         OBSERVED          NORMAL  DEPART  LAST YEAR`S
                 VALUE   DATE(S)  VALUE   FROM    VALUE  DATE(S)
                                          NORMAL
................................................................
TEMPERATURE (F)
RECORD
 HIGH              76   01/10/1990
 LOW              -29   01/12/1912
HIGHEST            59   01/30        58       1       57  01/29
LOWEST            -11   01/06        -9      -2       -6  01/17
                                                          01/10
AVG. MAXIMUM     34.6              35.8    -1.2     35.8
AVG. MINIMUM     17.9              14.4     3.5     18.3
MEAN             26.3              25.1     1.2     27.0
DAYS MAX >= 90      0               0.0     0.0        0
DAYS MAX <= 32     12              12.4    -0.4       14
DAYS MIN <= 32     29              30.3    -1.3       31
DAYS MIN <= 0       4               4.0     0.0        4

PRECIPITATION (INCHES)
RECORD
 MAXIMUM         2.60   1932
 MINIMUM         0.00   1986
                        1961
                        1933
TOTALS           1.07              0.53    0.54     0.32
DAILY AVG.       0.03              0.02    0.01     0.01
DAYS >= .01         8               5.1     2.9        9
DAYS >= .10         3               1.7     1.3        1
DAYS >= .50         1               0.2     0.8        0
DAYS >= 1.00        0               0.0     0.0        0
GREATEST
 24 HR. TOTAL    0.68   01/16 TO 01/16

SNOWFALL (INCHES)
RECORDS
 TOTAL           26.0   1932
TOTALS            2.4               6.5    -4.1      4.6
SINCE 7/1         4.2              15.8   -11.6     12.6
SNOWDEPTH AVG.      0                 3      -3        1
DAYS >= 1.0         1               2.0    -1.0        3
GREATEST
 SNOW DEPTH         1   01/08                          2  01/24
                        01/07                             01/23
                        01/06                             01/22

DEGREE_DAYS
HEATING TOTAL    1191              1237     -46     1170
 SINCE 7/1       3312              3756    -444     3144
COOLING TOTAL       0                 0       0        0
 SINCE 1/1          0                 0       0        0
.................................................................

WIND (MPH)
AVERAGE WIND SPEED              M
HIGHEST WIND SPEED/DIRECTION    M         DATE  M
HIGHEST GUST SPEED/DIRECTION    M         DATE  M

SKY COVER
POSSIBLE SUNSHINE (PERCENT)   MM
NUMBER OF DAYS FAIR           19
NUMBER OF DAYS PC              4
NUMBER OF DAYS CLOUDY          8

AVERAGE RH (PERCENT)     78

WEATHER CONDITIONS. NUMBER OF DAYS WITH
THUNDERSTORM              0     MIXED PRECIP               0
HEAVY RAIN                0     RAIN                       0
LIGHT RAIN                2     FREEZING RAIN              1
LT FREEZING RAIN          2     HAIL                       0
HEAVY SNOW                0     SNOW                       0
LIGHT SNOW                6     SLEET                      0
FOG                      14     FOG W/VIS <= 1/4 MILE      3
HAZE                      3

-  INDICATES NEGATIVE NUMBERS.
R  INDICATES RECORD WAS SET OR TIED.
MM INDICATES DATA IS MISSING.
T  INDICATES TRACE AMOUNT.

$$
