000
CXUS53 KGRR 011911
CLMGRR


CLIMATE REPORT
NATIONAL WEATHER SERVICE GRAND RAPIDS, MI
206 PM EST WED MAR 1 2017

...................................

...THE GRAND RAPIDS MI (ASOS) CLIMATE SUMMARY FOR THE MONTH OF FEBRUARY 2017...

CLIMATE NORMAL PERIOD 1981 TO 2010
CLIMATE RECORD PERIOD 1892 TO 2017

WEATHER         OBSERVED          NORMAL  DEPART  LAST YEAR`S
                 VALUE   DATE(S)  VALUE   FROM    VALUE  DATE(S)
                                          NORMAL
................................................................
TEMPERATURE (F)
RECORD
 HIGH              69   02/11/1999
 LOW              -24   02/14/1899
                        02/13/1899
HIGHEST            66   02/22        50      16       61  02/19
LOWEST              4   02/04        -3       7        1  02/14
AVG. MAXIMUM     43.1              33.7     9.4     36.5
AVG. MINIMUM     26.3              19.9     6.4     22.5
MEAN             34.7              26.8     7.9     29.5
DAYS MAX >= 90      0               0.0     0.0        0
DAYS MAX <= 32      5              12.5    -7.5       11
DAYS MIN <= 32     17              24.7    -7.7       27
DAYS MIN <= 0       0               1.0    -1.0        0

PRECIPITATION (INCHES)
RECORD
 MAXIMUM         5.77   1898
 MINIMUM         0.21   1907
TOTALS           2.05              1.79    0.26     2.78
DAILY AVG.       0.07              0.06    0.01     0.10
DAYS >= .01        11              12.2    -1.2       11
DAYS >= .10         5               4.8     0.2        4
DAYS >= .50         2               0.8     1.2        2
DAYS >= 1.00        0               0.2    -0.2        1
GREATEST
 24 HR. TOTAL    0.69   02/28 TO 02/28

SNOWFALL (INCHES)
RECORDS
 TOTAL           41.6   2008
 24 HR TOTAL     11.3   02/03/2007 TO 02/03/2007
 SNOW DEPTH        24   02/18/2014
TOTALS            2.4              14.8   -12.4     14.8
SINCE 7/1        55.0              64.8    -9.8     41.6
SNOWDEPTH AVG.      1                 5      -4        1
DAYS >= TRACE      14              10.7     3.3       21
DAYS >= 1.0         1               4.6    -3.6        3
GREATEST
 SNOW DEPTH         5   02/01                         10  02/25
 24 HR TOTAL      1.2   02/01 TO 02/01

DEGREE_DAYS
HEATING TOTAL     842              1070    -228     1022
 SINCE 7/1       4054              4777    -723     4077
COOLING TOTAL       0                 0       0        0
 SINCE 1/1          0                 0       0        0

FREEZE DATES
RECORD
 EARLIEST     09/03/1946
 LATEST       06/04/1945
EARLIEST                        10/13
LATEST                          05/02
.................................................................

WIND (MPH)
AVERAGE WIND SPEED              11.0
RESULTANT WIND SPEED/DIRECTION   5/246
HIGHEST WIND SPEED/DIRECTION    33/290    DATE  02/12
HIGHEST GUST SPEED/DIRECTION    45/290    DATE  02/12

SKY COVER
POSSIBLE SUNSHINE (PERCENT)   40
AVERAGE SKY COVER           0.70
NUMBER OF DAYS FAIR            4
NUMBER OF DAYS PC             10
NUMBER OF DAYS CLOUDY         14

AVERAGE RH (PERCENT)     68

WEATHER CONDITIONS. NUMBER OF DAYS WITH
THUNDERSTORM              2     MIXED PRECIP               2
HEAVY RAIN                3     RAIN                       4
LIGHT RAIN                9     FREEZING RAIN              0
LT FREEZING RAIN          0     HAIL                       0
HEAVY SNOW                2     SNOW                       4
LIGHT SNOW               14     SLEET                      0
FOG                      13     FOG W/VIS <= 1/4 MILE      3
HAZE                     10

-  INDICATES NEGATIVE NUMBERS.
R  INDICATES RECORD WAS SET OR TIED.
MM INDICATES DATA IS MISSING.
T  INDICATES TRACE AMOUNT.

$$

63
