000
CXUS52 KRAH 011139
CLMGSO


CLIMATE REPORT
NATIONAL WEATHER SERVICE RALEIGH NC
736 AM EDT SAT OCT 1 2016

...................................

...THE PIEDMONT TRIAD INTL AIRPORT CLIMATE SUMMARY FOR THE MONTH OF SEPTEMBER 2016...

CLIMATE NORMAL PERIOD 1981 TO 2010
CLIMATE RECORD PERIOD 1903 TO 2016

WEATHER         OBSERVED          NORMAL  DEPART  LAST YEAR`S
                 VALUE   DATE(S)  VALUE   FROM    VALUE
                                          NORMAL
.............................................................
TEMPERATURE (F)
RECORD
 HIGH             100   09/06/1954
 LOW               35   09/29/1942
HIGHEST            94   09/09                         93
                        09/08
LOWEST             60   09/05                         50
AVG. MAXIMUM     85.2              79.7     5.5     81.4
AVG. MINIMUM     66.9              60.6     6.3     63.1
MEAN             76.0              70.2     5.8     72.3
DAYS MAX >= 90      8                                  4
DAYS MAX <= 32      0                                  0
DAYS MIN <= 32      0                                  0
DAYS MIN <= 0       0                                  0

PRECIPITATION (INCHES)
RECORD
 MAXIMUM        13.26   1947
TOTALS           2.22              4.19   -1.97     5.60
DAYS >= .01         8
DAYS >= .10         4
DAYS >= .50         2
DAYS >= 1.00        0
GREATEST
 24 HR. TOTAL    0.91   09/28 TO 09/28

DEGREE_DAYS
HEATING TOTAL       0                30     -30        7
 SINCE 7/1          0                31     -31        7
COOLING TOTAL     339               185     154      232
 SINCE 1/1       1906              1447     459     1746
..............................................................

WIND (MPH)
AVERAGE WIND SPEED              6.7
HIGHEST WIND SPEED/DIRECTION    25/290    DATE  09/28
HIGHEST GUST SPEED/DIRECTION    37/260    DATE  09/28

SKY COVER
POSSIBLE SUNSHINE (PERCENT)   MM
AVERAGE SKY COVER           0.60
NUMBER OF DAYS FAIR            7
NUMBER OF DAYS PC             12
NUMBER OF DAYS CLOUDY         11

AVERAGE RH (PERCENT)     74

WEATHER CONDITIONS. NUMBER OF DAYS WITH
THUNDERSTORM              2     MIXED PRECIP               0
HEAVY RAIN                3     RAIN                       2
LIGHT RAIN               11     FREEZING RAIN              0
LT FREEZING RAIN          0     HAIL                       0
HEAVY SNOW                0     SNOW                       0
LIGHT SNOW                0     SLEET                      0
FOG                      14     FOG W/VIS <= 1/4 MILE      1
HAZE                      0

-  INDICATES NEGATIVE NUMBERS.
R  INDICATES RECORD WAS SET OR TIED.
MM INDICATES DATA IS MISSING.
T  INDICATES TRACE AMOUNT.

&&

A RECORD HIGH MINIMUM TEMPERATURE OF 72 DEGREES WAS SET AT PIEDMONT
TRIAD INTL AIRPORT ON SEPTEMBER 10. THIS TIED THE RECORD LAST SET IN
1925.

$$
