000
CXGM50 PGUM 041520
CLMGUM


CLIMATE REPORT
NATIONAL WEATHER SERVICE TIYAN, GUAM
120 AM CHST SAT SEP 5 2015

...................................

...THE GUAM INTERNATIONAL AIRPORT GU CLIMATE SUMMARY FOR THE MONTH OF AUGUST 2015...

CLIMATE NORMAL PERIOD 1981 TO 2010
CLIMATE RECORD PERIOD 1945 TO 2015

WEATHER         OBSERVED          NORMAL  DEPART  LAST YEAR`S
                 VALUE   DATE(S)  VALUE   FROM    VALUE  DATE(S)
                                          NORMAL
................................................................
TEMPERATURE (F)
RECORD
 HIGH              94   08/30/1994
                        08/06/1994
 LOW               70   08/15/1989
                        08/22/1986
                        08/13/1967
HIGHEST            90   08/29        MM      MM       91  08/29
                        08/12                             08/10
LOWEST             74   08/22        MM      MM       74  08/14
                        08/21
                        08/16
AVG. MAXIMUM     86.5              86.5     0.0     87.5
AVG. MINIMUM     76.1              76.3    -0.2     76.8
MEAN             81.3              81.4    -0.1     82.2
DAYS MAX >= 90      2               0.6     1.4        2
DAYS MAX <= 32      0               0.0     0.0        0
DAYS MIN <= 32      0               0.0     0.0        0
DAYS MIN <= 0       0               0.0     0.0        0

PRECIPITATION (INCHES)
RECORD
 MAXIMUM        26.42   2012
 MINIMUM         7.84   2008
TOTALS          21.54             17.15    4.39     9.08
DAILY AVG.       0.69              0.55    0.14     0.29
DAYS >= .01        25              26.4    -1.4       27
DAYS >= .10        20              19.3     0.7       15
DAYS >= .50         6               9.8    -3.8        7
DAYS >= 1.00        3               5.1    -2.1        2
GREATEST
 24 HR. TOTAL   11.72   08/15 TO 08/16           07/31 TO 08/01
                                                          08/31 TO 08/31
                                                          08/31 TO 08/31
 STORM TOTAL       MM                                 MM
 (MM/DD(HH))            MM                    08/01(00) TO 08/01(00)
                                                 08/31(00) TO 08/31(00)1
                                                 08/31(00) TO 08/31(00)1

DEGREE_DAYS
COOLING TOTAL     512               508       4      541
 SINCE 1/1       4088              3987     101     4300

FREEZE DATES
RECORD
 EARLIEST     MM
 LATEST       MM
EARLIEST                        MM
LATEST                          MM
..................................................

WIND (MPH)
AVERAGE WIND SPEED              7.1
RESULTANT WIND SPEED/DIRECTION   3/256
HIGHEST WIND SPEED/DIRECTION    36/270    DATE  08/16
HIGHEST GUST SPEED/DIRECTION    46/250    DATE  08/16

SKY COVER
POSSIBLE SUNSHINE (PERCENT)    0
AVERAGE SKY COVER           0.40
NUMBER OF DAYS FAIR           12
NUMBER OF DAYS PC             17
NUMBER OF DAYS CLOUDY          2

AVERAGE RH (PERCENT)     85

WEATHER CONDITIONS. NUMBER OF DAYS WITH
THUNDERSTORM              0     MIXED PRECIP               0
HEAVY RAIN               13     RAIN                      13
LIGHT RAIN               25     FREEZING RAIN              0
LT FREEZING RAIN          0     HAIL                       0
HEAVY SNOW                0     SNOW                       0
LIGHT SNOW                0     SLEET                      0
FOG                      21     FOG W/VIS <= 1/4 MILE      2
HAZE                      2

-  INDICATES NEGATIVE NUMBERS.
R  INDICATES RECORD WAS SET OR TIED.
MM INDICATES DATA IS MISSING.
T  INDICATES TRACE AMOUNT.

$$
