209
CXUS54 KAMA 011550
CLMGUY


CLIMATE REPORT
NATIONAL WEATHER SERVICE AMARILLO TX
949 AM CST SUN JAN 1 2017

...................................

...THE GUYMON CLIMATE SUMMARY FOR THE MONTH OF DECEMBER 2016...

CLIMATE NORMAL PERIOD 1981 TO 2010
CLIMATE RECORD PERIOD 1998 TO 2016

WEATHER         OBSERVED          NORMAL  DEPART  LAST YEAR`S
                 VALUE   DATE(S)  VALUE   FROM    VALUE  DATE(S)
                                          NORMAL
................................................................
TEMPERATURE (F)
HIGHEST            76   12/16                         77  12/11
LOWEST            -11R  12/18                         14  12/30
AVG. MAXIMUM     48.7              48.4     0.3     51.3
AVG. MINIMUM     19.3              21.8    -2.5     26.3
MEAN             34.0              35.1    -1.1     38.8
DAYS MAX >= 90      0               0.0     0.0        0
DAYS MAX <= 32      4               3.7     0.3        2
DAYS MIN <= 32     30              28.1     1.9       25
DAYS MIN <= 0       3               0.5     2.5        0

PRECIPITATION (INCHES)
TOTALS           0.44              0.64   -0.20     0.84
DAILY AVG.       0.01              0.02   -0.01     0.03
DAYS >= .01         4                MM      MM        3
DAYS >= .10         3                MM      MM        2
DAYS >= .50         0                MM      MM        1
DAYS >= 1.00        0                MM      MM        0
GREATEST
 24 HR. TOTAL    0.14   12/25 TO 12/25
                        12/02 TO 12/03
                        12/03 TO 12/03

SNOWFALL (INCHES)
TOTALS            0.8                MM      MM       MM
SINCE 7/1         0.8                MM      MM      0.0
DAYS >= TRACE       1                MM      MM
DAYS >= 1.0         0                MM      MM        0
GREATEST
 SNOW DEPTH         0   MM
 24 HR TOTAL      0.8   MM

DEGREE_DAYS
HEATING TOTAL     952               926      26      807
 SINCE 7/1       1490              1817    -327     1521
COOLING TOTAL       0                 0       0        0
 SINCE 1/1       1807              1482     325     1662
.................................................................

WIND (MPH)
AVERAGE WIND SPEED              10.2
HIGHEST WIND SPEED/DIRECTION    54/230    DATE  12/25
HIGHEST GUST SPEED/DIRECTION    71/230    DATE  12/25

SKY COVER
POSSIBLE SUNSHINE (PERCENT)   MM
NUMBER OF DAYS FAIR           24
NUMBER OF DAYS PC              5
NUMBER OF DAYS CLOUDY          2

AVERAGE RH (PERCENT)     59

WEATHER CONDITIONS. NUMBER OF DAYS WITH
THUNDERSTORM              0     MIXED PRECIP               0
HEAVY RAIN                0     RAIN                       1
LIGHT RAIN                3     FREEZING RAIN              0
LT FREEZING RAIN          0     HEAVY SNOW                 1
SNOW                      1     LIGHT SNOW                 3
SLEET                     0     FOG                        5
FOG W/VIS <= 1/4 MILE     1     HAZE                       0

-  INDICATES NEGATIVE NUMBERS.
R  INDICATES RECORD WAS SET OR TIED.
MM INDICATES DATA IS MISSING.
T  INDICATES TRACE AMOUNT.

$$
