000
CXHW50 PHFO 011613
CLMHNL


CLIMATE REPORT
NATIONAL WEATHER SERVICE HONOLULU HI
612 AM HST WED OCT 1 2014

...................................

...THE HONOLULU HI CLIMATE SUMMARY FOR THE MONTH OF SEPTEMBER 2014...

CLIMATE NORMAL PERIOD 1981 TO 2010
CLIMATE RECORD PERIOD 1946 TO 2014

WEATHER         OBSERVED          NORMAL  DEPART  LAST YEAR`S
                 VALUE   DATE(S)  VALUE   FROM    VALUE  DATE(S)
                                          NORMAL
................................................................
TEMPERATURE (F)
RECORD
 HIGH              95   09/19/1994
 LOW               66   09/12/1985
                        09/04/1985
                        09/22/1975
HIGHEST            93   09/07        89       4       90  09/15
                                                          09/08
LOWEST             72   09/14        74      -2       71  09/05
AVG. MAXIMUM     89.8              88.6     1.2     87.3
AVG. MINIMUM     76.0              74.4     1.6     74.2
MEAN             82.9              81.5     1.4     80.7
DAYS MAX >= 90     21               5.8    15.2        2
DAYS MAX <= 32      0               0.0     0.0        0
DAYS MIN <= 32      0               0.0     0.0        0
DAYS MIN <= 0       0               0.0     0.0        0

PRECIPITATION (INCHES)
RECORD
 MAXIMUM         2.74   1947
 MINIMUM         0.05   1977
TOTALS           0.58              0.70   -0.12     1.33
DAILY AVG.       0.02              0.02    0.00     0.04
DAYS >= .01         8               6.9     1.1       12
DAYS >= .10         2               2.1    -0.1        3
DAYS >= .50         0               0.2    -0.2        0
DAYS >= 1.00        0               0.1    -0.1        0
GREATEST
 24 HR. TOTAL    0.22   09/24 TO 09/25              0.46

SNOWFALL (INCHES)
RECORDS
 TOTAL             MM   5
TOTALS            0.0               0.0     0.0      0.0
SINCE 7/1         0.0               0.0     0.0      0.0
SNOWDEPTH AVG.      0                MM      MM        0
DAYS >= 1.0         0               0.0     0.0        0
GREATEST
 SNOW DEPTH         0   MM                             0  MM
 24 HR TOTAL      0.0   09/30 TO 09/30               0.0

DEGREE_DAYS
HEATING TOTAL       0                 0       0        0
 SINCE 7/1          0                 0       0        0
COOLING TOTAL     545               495      50      477
 SINCE 1/1       3703              3479     224     3337
.................................................................

WIND (MPH)
AVERAGE WIND SPEED              7.8
HIGHEST WIND SPEED/DIRECTION    24/070    DATE  09/25
HIGHEST GUST SPEED/DIRECTION    32/070    DATE  09/25

SKY COVER
POSSIBLE SUNSHINE (PERCENT)   MM
AVERAGE SKY COVER           0.50
NUMBER OF DAYS FAIR            3
NUMBER OF DAYS PC             27
NUMBER OF DAYS CLOUDY          0

AVERAGE RH (PERCENT)     64

WEATHER CONDITIONS. NUMBER OF DAYS WITH
THUNDERSTORM              0     MIXED PRECIP               0
HEAVY RAIN                2     RAIN                       1
LIGHT RAIN               10     FREEZING RAIN              0
LT FREEZING RAIN          0     HAIL                       0
HEAVY SNOW                0     SNOW                       0
LIGHT SNOW                0     SLEET                      0
FOG                       5     FOG W/VIS <= 1/4 MILE      0
HAZE                      3

-  INDICATES NEGATIVE NUMBERS.
R  INDICATES RECORD WAS SET OR TIED.
MM INDICATES DATA IS MISSING.
T  INDICATES TRACE AMOUNT.

$$
