151
CXHW50 PHFO 011609
CLMHNL


CLIMATE REPORT
NATIONAL WEATHER SERVICE HONOLULU HI
607 AM HST SAT JUL 1 2017

...................................

...THE HONOLULU HI CLIMATE SUMMARY FOR THE MONTH OF JUNE 2017...

CLIMATE NORMAL PERIOD 1981 TO 2010
CLIMATE RECORD PERIOD 1946 TO 2017

WEATHER         OBSERVED          NORMAL  DEPART  LAST YEAR`S
                 VALUE   DATE(S)  VALUE   FROM    VALUE  DATE(S)
                                          NORMAL
................................................................
TEMPERATURE (F)
RECORD
 HIGH              92   06/11/1996
                        06/28/1995
                        06/04/1992
 LOW               65   06/02/1982
                        06/07/1979
                        06/16/1971
HIGHEST            88   06/25        87       1       89  06/30
                        06/24                             06/29
                        06/09
LOWEST             71   06/24        72      -1       69  06/04
                        06/16
AVG. MAXIMUM     86.2              87.0    -0.8     85.2
AVG. MINIMUM     74.0              73.4     0.6     73.1
MEAN             80.1              80.2    -0.1     79.1
DAYS MAX >= 90      0               1.0    -1.0        0
DAYS MAX <= 32      0               0.0     0.0        0
DAYS MIN <= 32      0               0.0     0.0        0
DAYS MIN <= 0       0               0.0     0.0        0

PRECIPITATION (INCHES)
RECORD
 MAXIMUM         2.46   1971
 MINIMUM            T   1959
TOTALS           0.53              0.26    0.27     0.19
DAILY AVG.       0.02              0.01    0.01     0.01
DAYS >= .01         8               5.7     2.3       10
DAYS >= .10         3               0.5     2.5        0
DAYS >= .50         0               0.0     0.0        0
DAYS >= 1.00        0               0.0     0.0        0
GREATEST
 24 HR. TOTAL    0.23   06/20 TO 06/20              0.07

SNOWFALL (INCHES)
RECORDS
 TOTAL             MM   0
TOTALS            0.0               0.0     0.0      0.0
SINCE 7/1         0.0               0.0     0.0      0.0
SNOWDEPTH AVG.     MM                MM      MM        0
DAYS >= 1.0         0               0.0     0.0        0
GREATEST
 SNOW DEPTH        MM                                  0  MM
 24 HR TOTAL      0.0   06/30 TO 06/30               0.0

DEGREE_DAYS
HEATING TOTAL       0                 0       0        0
 SINCE 7/1          0                 0       0        0
COOLING TOTAL     461               456       5      430
 SINCE 1/1       2162              1958     204     2144
.................................................................

WIND (MPH)
AVERAGE WIND SPEED              11.1
HIGHEST WIND SPEED/DIRECTION    30/060    DATE  06/28
HIGHEST GUST SPEED/DIRECTION    39/060    DATE  06/02

SKY COVER
POSSIBLE SUNSHINE (PERCENT)   MM
AVERAGE SKY COVER             MM
NUMBER OF DAYS FAIR            0
NUMBER OF DAYS PC              0
NUMBER OF DAYS CLOUDY          0

AVERAGE RH (PERCENT)     MM

WEATHER CONDITIONS. NUMBER OF DAYS WITH
THUNDERSTORM              0     MIXED PRECIP               0
HEAVY RAIN                0     RAIN                       0
LIGHT RAIN                0     FREEZING RAIN              0
LT FREEZING RAIN          0     HAIL                       0
HEAVY SNOW                0     SNOW                       0
LIGHT SNOW                0     SLEET                      0
FOG                       4     FOG W/VIS <= 1/4 MILE      0
HAZE                      1

-  INDICATES NEGATIVE NUMBERS.
R  INDICATES RECORD WAS SET OR TIED.
MM INDICATES DATA IS MISSING.
T  INDICATES TRACE AMOUNT.

$$
