000
CXUS52 KMHX 012031
CLMHSE


CLIMATE REPORT
NATIONAL WEATHER SERVICE NEWPORT/MOREHEAD CITY NC
430 PM EDT SAT OCT 1 2016

...................................

...THE CAPE HATTERAS NC CLIMATE SUMMARY FOR THE MONTH OF SEPTEMBER 2016...

CLIMATE NORMAL PERIOD 1981 TO 2010
CLIMATE RECORD PERIOD 1874 TO 2016

WEATHER         OBSERVED          NORMAL  DEPART  LAST YEAR`S
                 VALUE   DATE(S)  VALUE   FROM    VALUE  DATE(S)
                                          NORMAL
................................................................
TEMPERATURE (F)
RECORD
 HIGH              92   09/07/2011
                        09/09/1978
                        09/01/1932
 LOW               33   09/26/2005
HIGHEST            89   09/19                         89
LOWEST             63   09/14                         53
AVG. MAXIMUM     84.3              79.9     4.4     82.7
AVG. MINIMUM     72.7              69.0     3.7     71.4
MEAN             78.5              74.5     4.0     77.1
DAYS MAX >= 90      0               0.1    -0.1        0
DAYS MAX <= 32      0               0.0     0.0        0
DAYS MIN <= 32      0               0.0     0.0        0
DAYS MIN <= 0       0               0.0     0.0        0

PRECIPITATION (INCHES)
RECORD
 MAXIMUM        20.00   1989
 MINIMUM           MM   MM
TOTALS           8.86              6.25    2.61    12.53
DAYS >= .01        13               9.6     3.4       18
DAYS >= .10         8               6.7     1.3       11
DAYS >= .50         4               3.4     0.6        5
DAYS >= 1.00        3               2.1     0.9        5

DEGREE_DAYS
COOLING TOTAL     410               286     124      369
 SINCE 1/1       2045              1592     453     1885
.................................................................

WIND (MPH)
AVERAGE WIND SPEED              8.0
HIGHEST WIND SPEED/DIRECTION    47/140    DATE  09/03
HIGHEST GUST SPEED/DIRECTION    56/140    DATE  09/03

SKY COVER
POSSIBLE SUNSHINE (PERCENT)   MM
AVERAGE SKY COVER           0.30
NUMBER OF DAYS FAIR           24
NUMBER OF DAYS PC              4
NUMBER OF DAYS CLOUDY          2

AVERAGE RH (PERCENT)     78

WEATHER CONDITIONS. NUMBER OF DAYS WITH
THUNDERSTORM              0     MIXED PRECIP               0
HEAVY RAIN                6     RAIN                       4
LIGHT RAIN               15     FREEZING RAIN              0
LT FREEZING RAIN          0     HAIL                       0
HEAVY SNOW                0     SNOW                       0
LIGHT SNOW                0     SLEET                      0
FOG                       7     FOG W/VIS <= 1/4 MILE      0
HAZE                      0

-  INDICATES NEGATIVE NUMBERS.
R  INDICATES RECORD WAS SET OR TIED.
MM INDICATES DATA IS MISSING.
T  INDICATES TRACE AMOUNT.

$$
