000
CXUS52 KMHX 072151
CLMHSE


CLIMATE REPORT
NATIONAL WEATHER SERVICE NEWPORT/MOREHEAD CITY NC
450 PM EST TUE MAR 7 2017

...................................

...THE CAPE HATTERAS NC CLIMATE SUMMARY FOR THE MONTH OF FEBRUARY 2017...

CLIMATE NORMAL PERIOD 1981 TO 2010
CLIMATE RECORD PERIOD 1874 TO 2017

WEATHER         OBSERVED          NORMAL  DEPART  LAST YEAR`S
                 VALUE   DATE(S)  VALUE   FROM    VALUE  DATE(S)
                                          NORMAL
................................................................
TEMPERATURE (F)
RECORD
 HIGH              76   02/28/2017
                        02/24/2017
                        02/22/1971
 LOW               11   02/08/1895
HIGHEST            76R  02/28                         71
                        02/24
LOWEST             33   02/10                         22
AVG. MAXIMUM     63.6              53.5    10.1     55.2
AVG. MINIMUM     47.5              40.0     7.5     43.1
MEAN             55.6              46.8     8.8     49.1
DAYS MAX >= 90      0               0.0     0.0        0
DAYS MAX <= 32      0               0.1    -0.1        1
DAYS MIN <= 32      0               4.5    -4.5        4
DAYS MIN <= 0       0               0.0     0.0        0

PRECIPITATION (INCHES)
RECORD
 MAXIMUM         8.45   1983
 MINIMUM           MM   MM
TOTALS           1.33              4.02   -2.69     8.24
DAYS >= .01         7              10.5    -3.5       11
DAYS >= .10         4               6.6    -2.6        8
DAYS >= .50         1               2.8    -1.8        5
DAYS >= 1.00        0               1.2    -1.2        4

SNOWFALL (INCHES)
RECORDS
 TOTAL             MM   5
 SNOW DEPTH        MM   MM
TOTALS            0.0               0.1    -0.1        T
 LIQUID EQUIV    0.00              0.00    0.00       MM
SINCE 7/1           T               1.7    -1.7        T
 LIQUID 7/1        MM              0.20      MM       MM
SNOWDEPTH AVG.      0                MM      MM        0
DAYS >= TRACE       0               0.3    -0.3        1
DAYS >= 1.0         0               0.0     0.0        0
GREATEST
 SNOW DEPTH         0   MM                             0  MM
 STORM TOTAL       MM
 (MM/DD(HH))            MM

DEGREE_DAYS
HEATING TOTAL     264               511    -247      452
 SINCE 7/1       1322              1924    -602     1313
.................................................................

WIND (MPH)
AVERAGE WIND SPEED              8.4
HIGHEST WIND SPEED/DIRECTION    25/250    DATE  02/15
HIGHEST GUST SPEED/DIRECTION    41/310    DATE  02/09

SKY COVER
POSSIBLE SUNSHINE (PERCENT)   MM
AVERAGE SKY COVER           0.20
NUMBER OF DAYS FAIR           22
NUMBER OF DAYS PC              5
NUMBER OF DAYS CLOUDY          1

AVERAGE RH (PERCENT)     67

WEATHER CONDITIONS. NUMBER OF DAYS WITH
THUNDERSTORM              0     MIXED PRECIP               0
HEAVY RAIN                5     RAIN                       4
LIGHT RAIN                8     FREEZING RAIN              0
LT FREEZING RAIN          0     HAIL                       0
HEAVY SNOW                0     SNOW                       0
LIGHT SNOW                0     SLEET                      0
FOG                      14     FOG W/VIS <= 1/4 MILE      1
HAZE                     24

-  INDICATES NEGATIVE NUMBERS.
R  INDICATES RECORD WAS SET OR TIED.
MM INDICATES DATA IS MISSING.
T  INDICATES TRACE AMOUNT.

$$
