000
CXUS54 KHUN 032029
CLMHSV


CLIMATE REPORT
NATIONAL WEATHER SERVICE HUNTSVILLE AL
227 PM CST WED FEB 3 2016

...................................

...THE HUNTSVILLE CLIMATE SUMMARY FOR THE MONTH OF JANUARY 2016...

CLIMATE NORMAL PERIOD 1981 TO 2010
CLIMATE RECORD PERIOD 1894 TO 2016

WEATHER         OBSERVED          NORMAL  DEPART  LAST YEAR`S
                 VALUE   DATE(S)  VALUE   FROM    VALUE
                                          NORMAL
.............................................................
TEMPERATURE (F)
RECORD
 HIGH              79   01/01/1952
 LOW              -11   01/21/1985
                        01/30/1966
HIGHEST            69   01/31        MM      MM       67
LOWEST             16   01/19        MM      MM        7
AVG. MAXIMUM     49.3              51.2    -1.9     50.5
AVG. MINIMUM     31.0              31.8    -0.8     31.5
MEAN             40.2              41.5    -1.3     41.0
DAYS MAX >= 90      0               0.0     0.0        0
DAYS MAX <= 32      0               1.4    -1.4        1
DAYS MIN <= 32     19              16.5     2.5       15
DAYS MIN <= 0       0               0.1    -0.1        0

PRECIPITATION (INCHES)
RECORD
 MAXIMUM        10.92   1982
 MINIMUM         1.28   1914
TOTALS           3.57              4.89   -1.32     3.97
DAILY AVG.       0.12              0.16   -0.04     0.13
DAYS >= .01         6              10.7    -4.7        9
DAYS >= .10         6               7.2    -1.2        5
DAYS >= .50         3               3.4    -0.4        3
DAYS >= 1.00        1               1.5    -0.5        1
GREATEST
 24 HR. TOTAL    2.05   01/21 TO 01/22              1.75

SNOWFALL (INCHES)
RECORDS
 TOTAL            9.6   1988
 24 HR TOTAL      8.9   01/09/2011 TO 01/10/2011
TOTALS            0.4               1.1    -0.7        T
SINCE 7/1         0.4               1.4    -1.0        T
DAYS >= TRACE       2               0.9     1.1        4
DAYS >= 1.0         0               0.4    -0.4        0
GREATEST
 SNOW DEPTH         T   01/23                          0
 24 HR TOTAL      0.4   01/22 TO 01/22

DEGREE_DAYS
HEATING TOTAL     762               729      33      737
 SINCE 7/1       1377              1910    -533     1896
COOLING TOTAL       0                 0       0        0
 SINCE 1/1          0                 0       0        0

FREEZE DATES
RECORD
 EARLIEST     10/09/2000
 LATEST       05/02/1909
EARLIEST                        11/05
LATEST                          03/30
..............................................................

WIND (MPH)
AVERAGE WIND SPEED              7.7
HIGHEST WIND SPEED/DIRECTION    26/080    DATE  01/22
HIGHEST GUST SPEED/DIRECTION    34/290    DATE  01/10

AVERAGE RH (PERCENT)     63


-  INDICATES NEGATIVE NUMBERS.
R  INDICATES RECORD WAS SET OR TIED.
MM INDICATES DATA IS MISSING.
T  INDICATES TRACE AMOUNT.

$$
