000
CXUS53 KAPX 051229
CLMHTL


CLIMATE REPORT
NATIONAL WEATHER SERVICE GAYLORD MI
829 AM EDT WED JUL 5 2017

...................................

...THE HOUGHTON LAKE MI CLIMATE SUMMARY FOR THE MONTH OF JUNE 2017...

CLIMATE NORMAL PERIOD 1981 TO 2010
CLIMATE RECORD PERIOD 1913 TO 2017

WEATHER         OBSERVED          NORMAL  DEPART  LAST YEAR`S
                 VALUE   DATE(S)  VALUE   FROM    VALUE  DATE(S)
                                          NORMAL
................................................................
TEMPERATURE (F)
RECORD
 HIGH             107   06/01/1934
 LOW               23   06/08/1949
                        06/05/1921
HIGHEST            86   06/11        MM      MM       87  06/18
LOWEST             35   06/01        MM      MM       38  06/09
AVG. MAXIMUM     76.3              75.5     0.8     75.8
AVG. MINIMUM     54.1              50.2     3.9     49.9
MEAN             65.2              62.9     2.3     62.8
DAYS MAX >= 90      0               0.9    -0.9        0
DAYS MAX <= 32      0               0.0     0.0        0
DAYS MIN <= 32      0               0.2    -0.2        0
DAYS MIN <= 0       0               0.0     0.0        0

PRECIPITATION (INCHES)
RECORD
 MAXIMUM           MM   MM
 MINIMUM           MM   MM
TOTALS           4.84              3.10    1.74     2.76
DAILY AVG.       0.16              0.10    0.06     0.09
DAYS >= .01        19              10.5     8.5        9
DAYS >= .10        11               5.7     5.3        6
DAYS >= .50         3               2.1     0.9        2
DAYS >= 1.00        1               0.7     0.3        1
GREATEST
 24 HR. TOTAL    1.32   06/12 TO 06/12
 STORM TOTAL       MM
 (MM/DD(HH))            MM

SNOWFALL (INCHES)
RECORDS
 TOTAL             MM   MM
 24 HR TOTAL       MM
 SNOW DEPTH        MM   MM
TOTALS            0.0               0.0     0.0      0.0
SINCE 7/1        76.1              66.6     9.5     58.4
SNOWDEPTH AVG.      0                MM      MM        0
DAYS >= TRACE       0               0.0     0.0        0
DAYS >= 1.0         0               0.0     0.0        0
GREATEST
 SNOW DEPTH         0   MM                             0  MM
 24 HR TOTAL      0.0   06/30 TO 06/30               0.0

DEGREE_DAYS
HEATING TOTAL      68               124     -56      105
 SINCE 7/1       6900              8143   -1243     7009
COOLING TOTAL      83                59      24       44
 SINCE 1/1         97                75      22       73
.................................................................

WIND (MPH)
AVERAGE WIND SPEED              7.5
HIGHEST WIND SPEED/DIRECTION    35/300    DATE  06/12
HIGHEST GUST SPEED/DIRECTION    44/300    DATE  06/12

SKY COVER
POSSIBLE SUNSHINE (PERCENT)   MM
AVERAGE SKY COVER           0.40
NUMBER OF DAYS FAIR           12
NUMBER OF DAYS PC             15
NUMBER OF DAYS CLOUDY          3

AVERAGE RH (PERCENT)     70

WEATHER CONDITIONS. NUMBER OF DAYS WITH
THUNDERSTORM              0     MIXED PRECIP               0
HEAVY RAIN                8     RAIN                      12
LIGHT RAIN               19     FREEZING RAIN              0
LT FREEZING RAIN          0     HAIL                       0
HEAVY SNOW                0     SNOW                       0
LIGHT SNOW                0     SLEET                      0
FOG                      20     FOG W/VIS <= 1/4 MILE      2
HAZE                      1

-  INDICATES NEGATIVE NUMBERS.
R  INDICATES RECORD WAS SET OR TIED.
MM INDICATES DATA IS MISSING.
T  INDICATES TRACE AMOUNT.

$$
