000
CXUS55 KTFX 041618
CLMHVR

CLIMATE REPORT
NATIONAL WEATHER SERVICE GREAT FALLS MT
1018 AM MDT THU JUN 4 2015

...................................

...THE HAVRE MT CLIMATE SUMMARY FOR THE MONTH OF MAY 2015...

CLIMATE NORMAL PERIOD 1981 TO 2010
CLIMATE RECORD PERIOD 1880 TO 2015

WEATHER         OBSERVED          NORMAL  DEPART  LAST YEAR`S
                 VALUE   DATE(S)  VALUE   FROM    VALUE
                                          NORMAL
.............................................................
TEMPERATURE (F)
RECORD
 HIGH              98   05/21/1980
                        05/29/1936
                        05/27/1936
 LOW               14   05/02/2005
                        05/02/1954
HIGHEST            82   05/31        73       9       89
LOWEST             25   05/07        35     -10       26
AVG. MAXIMUM     66.7              67.5    -0.8     67.6
AVG. MINIMUM     37.3              40.5    -3.2     38.6
MEAN             52.0              54.0    -2.0     53.1
DAYS MAX >= 90      0               0.5    -0.5        0
DAYS MAX <= 32      0               0.0     0.0        0
DAYS MIN <= 32      8               3.9     4.1        7
DAYS MIN <= 0       0               0.0     0.0        0

PRECIPITATION (INCHES)
RECORD
 MAXIMUM         7.09   1927
 MINIMUM         0.13   1918
TOTALS           1.58              1.74   -0.16     0.97
DAYS >= .01         8               9.7    -1.7
DAYS >= .10         5               4.7     0.3
DAYS >= .50         1               1.0     0.0
DAYS >= 1.00        0               0.1    -0.1
GREATEST
 24 HR. TOTAL    0.83   05/16 TO 05/17

SNOWFALL (INCHES)
RECORDS
 TOTAL           33.4   1899
 24 HR TOTAL       MM
 SNOW DEPTH        31   05/02/1899
TOTALS            0.0               1.8    -1.8      0.0
SNOWDEPTH AVG.      0
DAYS >= TRACE       0               0.5    -0.5
DAYS >= 1.0         0               0.3    -0.3
GREATEST
 SNOW DEPTH         0   MM                             0
 24 HR TOTAL      0.0   05/31 TO 05/31

DEGREE_DAYS
HEATING TOTAL     396               351      45      367
 SINCE 7/1       7404              8088    -684     8380
COOLING TOTAL       0                10     -10        7
 SINCE 1/1          0                11     -11        7
..............................................................

WIND (MPH)
AVERAGE WIND SPEED              10.3
HIGHEST WIND SPEED/DIRECTION    35/240    DATE  05/01
HIGHEST GUST SPEED/DIRECTION    44/240    DATE  05/01

SKY COVER
AVERAGE SKY COVER           0.40

AVERAGE RH (PERCENT)     60

WEATHER CONDITIONS. NUMBER OF DAYS WITH
THUNDERSTORM              0     MIXED PRECIP               0
HEAVY RAIN                1     RAIN                       4
LIGHT RAIN               13     FREEZING RAIN              0
LT FREEZING RAIN          0     HAIL                       0
HEAVY SNOW                0     SNOW                       0
LIGHT SNOW                0     SLEET                      0
FOG                       7     FOG W/VIS <= 1/4 MILE      2
HAZE                      2

-  INDICATES NEGATIVE NUMBERS.
R  INDICATES RECORD WAS SET OR TIED.
MM INDICATES DATA IS MISSING.
T  INDICATES TRACE AMOUNT.

$$

AFTER A DRY START TO THE MONTH...RAINFALL PICKED UP DURING THE 2ND
HALF OF MAY IN THE HAVRE AREA...WITH A MONTHLY TOTAL OF 1.58 INCHES.
HOWEVER...THIS RAINFALL WAS STILL SHORT OF THE MONTHLY AVERAGE BY
0.16 INCHES. THE AVERAGE TEMPERATURE FOR THE MONTH WAS JUST A BIT
COOLER THAN NORMAL BY 2.0 DEGREES...RESULTING IN AN AVERAGE
TEMPERATURE OF 52.0 DEGREES. THERE WHERE A FEW RECORD LOWS SET...ON
MAY 9TH THE TEMPERATURE FELL TO 26 DEGREES AND ON MAY 18TH THE
TEMPERATURE FELL TO 27 DEGREES.
