000
CXUS51 KLWX 010925 RRB
CLMIAD

CLIMATE REPORT
NATIONAL WEATHER SERVICE BALTIMORE MD/WASHINGTON DC
525 AM EDT WED NOV 1 2017

...................................

...THE WASHINGTON DULLES DC CLIMATE SUMMARY FOR THE MONTH OF OCTOBER 2017...

CLIMATE NORMAL PERIOD 1981 TO 2010
CLIMATE RECORD PERIOD 1960 TO 2017

WEATHER         OBSERVED          NORMAL  DEPART  LAST YEAR`S
                 VALUE   DATE(S)  VALUE   FROM    VALUE
                                          NORMAL
.............................................................
TEMPERATURE (F)
RECORD
 HIGH              94   10/09/2007
 LOW               15   10/24/1969
HIGHEST            87   10/10        83       4
                        10/09
LOWEST             33   10/27        27       6
AVG. MAXIMUM     72.9              68.2     4.7       MM
AVG. MINIMUM     49.3              43.8     5.5       MM
MEAN             61.1              56.0     5.1
DAYS MAX >= 90      0               0.1    -0.1
DAYS MAX <= 32      0               0.0     0.0
DAYS MIN <= 32      0               2.9    -2.9
DAYS MIN <= 0       0               0.0     0.0

PRECIPITATION (INCHES)
RECORD
 MAXIMUM         9.22   2005
 MINIMUM            T   1963
TOTALS           3.15              3.25   -0.10       MM
DAILY AVG.       0.10              0.10    0.00
DAYS >= .01         8               7.6     0.4
DAYS >= .10         5               5.1    -0.1
DAYS >= .50         4               2.3     1.7
DAYS >= 1.00        1               0.8     0.2
GREATEST
 24 HR. TOTAL    1.03   10/29 TO 10/29

SNOWFALL (INCHES)
RECORDS
 TOTAL            1.3   1979
TOTALS            0.0               0.0     0.0
SINCE 7/1           T               0.0     0.0
SNOWDEPTH AVG.      0
DAYS >= TRACE       0               0.0     0.0
DAYS >= 1.0         0               0.0     0.0
GREATEST
 SNOW DEPTH         0   MM
 24 HR TOTAL      0.0

DEGREE_DAYS
HEATING TOTAL     180               298    -118       MM
 SINCE 7/1        221               356    -135       MM
COOLING TOTAL      64                19      45       MM
 SINCE 1/1       1280              1176     104       MM
..............................................................

WIND (MPH)
AVERAGE WIND SPEED              6.4
HIGHEST WIND SPEED/DIRECTION    31/300    DATE  10/30
HIGHEST GUST SPEED/DIRECTION    42/290    DATE  10/30

SKY COVER
POSSIBLE SUNSHINE (PERCENT)   MM
AVERAGE SKY COVER           0.50
NUMBER OF DAYS FAIR           10
NUMBER OF DAYS PC             14
NUMBER OF DAYS CLOUDY          7

AVERAGE RH (PERCENT)     73

WEATHER CONDITIONS. NUMBER OF DAYS WITH
THUNDERSTORM              1     MIXED PRECIP               0
HEAVY RAIN                4     RAIN                       5
LIGHT RAIN               11     FREEZING RAIN              0
LT FREEZING RAIN          0     HAIL                       0
HEAVY SNOW                0     SNOW                       0
LIGHT SNOW                0     SLEET                      0
FOG                      16     FOG W/VIS <= 1/4 MILE      1
HAZE                      1

-  INDICATES NEGATIVE NUMBERS.
R  INDICATES RECORD WAS SET OR TIED.
MM INDICATES DATA IS MISSING.
T  INDICATES TRACE AMOUNT.

&&

WASHINGTON DULLES INTERNATIONAL AIRPORT...

THE MONTHLY AVERAGE TEMPERATURE RANKED AS THE 4TH WARMEST ON RECORD.
MONTHLY PRECIPITATION WAS NEAR NORMAL.

THE LOW TEMPERATURE ON THE 8TH ONLY DROPPED TO 73 DEGREES. THIS IS
THE WARMEST LOW TEMPERATURE EVER RECORDED FOR THE MONTH OF OCTOBER.
THE PREVIOUS RECORD WAS 69 SET ON OCTOBER 7TH 2005 AND OCTOBER 4TH
AND 5TH 1986.

THIS WAS THE FIRST TIME A LOW TEMPERATURE OF 70 DEGREES OR GREATER
WAS RECORDED IN THE MONTH OF OCTOBER.

THREE DAILY WARM LOW TEMPERATURE RECORDS WERE SET LAST MONTH:
A LOW OF 73 DEGREES ON THE 8TH BROKE THE RECORD OF 66 SET IN 1976.
A LOW OF 69 DEGREES ON THE 9TH BROKE THE RECORD OF 66 SET IN 1990.
A LOW OF 65 DEGREES ON THE 11TH BROKE THE RECORD OF 61 SET IN 1990.

A RECORD DAILY HIGH TEMPERATURE OF 87 DEGREES WAS SET ON THE 11TH.
THIS BROKE THE RECORD OF 85 PREVIOUSLY SET IN 1985.

TEMPERATURE AND PRECIPITATION RECORDS AT WASHINGTON DULLES
INTERNATIONAL AIRPORT BEGAN IN 1960. SNOWFALL RECORDS BEGAN IN 1962.

ALL CLIMATE DATA ARE CONSIDERED PRELIMINARY UNTIL REVIEWED BY THE
NATIONAL CENTERS FOR ENVIRONMENTAL INFORMATION (NCEI).

$$

DH/HTS
