000
CXUS53 KUNR 011606
CLMIEN


CLIMATE REPORT
NATIONAL WEATHER SERVICE RAPID CITY SD
1005 AM MDT THU SEP 1 2016

...................................

...THE PINE RIDGE SD CLIMATE SUMMARY FOR THE MONTH OF AUGUST 2016...

CLIMATE NORMAL PERIOD 1981 TO 2010
CLIMATE RECORD PERIOD 9999 TO 9999

WEATHER         OBSERVED          NORMAL  DEPART  LAST YEAR`S
                 VALUE   DATE(S)  VALUE   FROM    VALUE  DATE(S)
                                          NORMAL
................................................................
TEMPERATURE (F)
HIGHEST            99   08/22                        100  08/26
                        08/10
                        08/03
LOWEST             39   08/24                         34  08/23
AVG. MAXIMUM     85.8              88.0    -2.2     86.2
AVG. MINIMUM     54.2              55.9    -1.7     53.7
MEAN             70.0              72.0    -2.0     70.0
DAYS MAX >= 90     10                                  9
DAYS MAX <= 32      0                                  0
DAYS MIN <= 32      0                                  0
DAYS MIN <= 0       0                                  0

PRECIPITATION (INCHES)
TOTALS           2.77              1.85    0.92     0.22
DAILY AVG.       0.09              0.06    0.03     0.01
DAYS >= .01         9                                  5
DAYS >= .10         5                                  0
DAYS >= .50         3                                  0
DAYS >= 1.00        1                                  0
GREATEST
 24 HR. TOTAL    1.06   08/08 TO 08/08              0.09
                        08/07 TO 08/08
                        08/08 TO 08/08

DEGREE_DAYS
HEATING TOTAL      31                25       6       42
 SINCE 7/1         33                37      -4       50
COOLING TOTAL     195               240     -45      188
 SINCE 1/1        712               648      64      505
.................................................................

WIND (MPH)
AVERAGE WIND SPEED              7.9
HIGHEST WIND SPEED/DIRECTION    37/240    DATE  08/03
HIGHEST GUST SPEED/DIRECTION    46/260    DATE  08/11

AVERAGE RH (PERCENT)     64

WEATHER CONDITIONS. NUMBER OF DAYS WITH
THUNDERSTORM              0     MIXED PRECIP               0
HEAVY RAIN                5     RAIN                       4
LIGHT RAIN               12     FREEZING RAIN              0
LT FREEZING RAIN          0     HAIL                       0
HEAVY SNOW                0     SNOW                       0
LIGHT SNOW                0     SLEET                      0
FOG                       9     FOG W/VIS <= 1/4 MILE      1
HAZE                      1

-  INDICATES NEGATIVE NUMBERS.
R  INDICATES RECORD WAS SET OR TIED.
MM INDICATES DATA IS MISSING.
T  INDICATES TRACE AMOUNT.

$$
