693
CXUS53 KUNR 011610
CLMIEN


CLIMATE REPORT
NATIONAL WEATHER SERVICE RAPID CITY SD
1010 AM MDT WED NOV 1 2017

...................................

...THE PINE RIDGE SD CLIMATE SUMMARY FOR THE MONTH OF OCTOBER 2017...

CLIMATE NORMAL PERIOD 1981 TO 2010
CLIMATE RECORD PERIOD 9999 TO 9999

WEATHER         OBSERVED          NORMAL  DEPART  LAST YEAR`S
                 VALUE   DATE(S)  VALUE   FROM    VALUE  DATE(S)
                                          NORMAL
................................................................
TEMPERATURE (F)
HIGHEST            85   10/19                         86  10/01
LOWEST              7R  10/31                         21  10/07
                        10/30
AVG. MAXIMUM     63.6              63.4     0.2     69.9
AVG. MINIMUM     30.6              32.4    -1.8     37.0
MEAN             47.1              47.9    -0.8     53.4
DAYS MAX >= 90      0                                  0
DAYS MAX <= 32      0                                  0
DAYS MIN <= 32     17                                  9
DAYS MIN <= 0       0                                  0

PRECIPITATION (INCHES)
TOTALS           0.93              1.20   -0.27     0.54
DAILY AVG.       0.03              0.04   -0.01     0.02
DAYS >= .01         7                                  4
DAYS >= .10         3                                  1
DAYS >= .50         0                                  0
DAYS >= 1.00        0                                  0
GREATEST
 24 HR. TOTAL    0.36   10/02 TO 10/02              0.42

DEGREE_DAYS
HEATING TOTAL     550               533      17      315
 SINCE 7/1        730               755     -25      479
COOLING TOTAL       6                 3       3        8
 SINCE 1/1        780               717      63      774
.................................................................

WIND (MPH)
AVERAGE WIND SPEED              8.7
HIGHEST WIND SPEED/DIRECTION    38/360    DATE  10/26
HIGHEST GUST SPEED/DIRECTION    51/360    DATE  10/26

AVERAGE RH (PERCENT)     59

WEATHER CONDITIONS. NUMBER OF DAYS WITH
THUNDERSTORM              0     MIXED PRECIP               0
HEAVY RAIN                1     RAIN                       3
LIGHT RAIN               11     FREEZING RAIN              0
LT FREEZING RAIN          0     HAIL                       0
HEAVY SNOW                0     SNOW                       0
LIGHT SNOW                0     SLEET                      0
FOG                       8     FOG W/VIS <= 1/4 MILE      2
HAZE                      2

-  INDICATES NEGATIVE NUMBERS.
R  INDICATES RECORD WAS SET OR TIED.
MM INDICATES DATA IS MISSING.
T  INDICATES TRACE AMOUNT.

$$
