000
CXUS52 KILM 060309
CLMILM


CLIMATE REPORT
NATIONAL WEATHER SERVICE WILMINGTON NC
1006 PM EST WED NOV 5 2014

...................................

...THE WILMINGTON NC CLIMATE SUMMARY FOR THE MONTH OF OCTOBER 2014...

CLIMATE NORMAL PERIOD 1981 TO 2010
CLIMATE RECORD PERIOD 1871 TO 2014

WEATHER         OBSERVED          NORMAL  DEPART  LAST YEAR`S
                 VALUE   DATE(S)  VALUE   FROM    VALUE  DATE(S)
                                          NORMAL
................................................................
TEMPERATURE (F)
RECORD
 HIGH              95   10/03/1986
                        10/05/1954
 LOW               27   10/27/1962
HIGHEST            88   10/11                         86  10/05
                        10/08                             10/02
LOWEST             44   10/20                         35  10/26
AVG. MAXIMUM     77.8              75.7     2.1     75.0
AVG. MINIMUM     55.3              54.6     0.7     56.4
MEAN             66.5              65.2     1.3     65.7
DAYS MAX >= 90      0               0.2    -0.2        0
DAYS MAX <= 32      0               0.0     0.0        0
DAYS MIN <= 32      0               0.0     0.0        0
DAYS MIN <= 0       0               0.0     0.0        0

PRECIPITATION (INCHES)
RECORD
 MAXIMUM        15.07   2005
 MINIMUM         0.02   1943
TOTALS           1.59              3.89   -2.30     2.27
DAILY AVG.       0.05              0.13   -0.08     0.07
DAYS >= .01         6               9.0    -3.0       10
DAYS >= .10         4               4.9    -0.9        5
DAYS >= .50         1               2.2    -1.2        1
DAYS >= 1.00        0               1.1    -1.1        1
GREATEST
 24 HR. TOTAL    1.15   10/14 TO 10/15

SNOWFALL (INCHES)
RECORDS
 TOTAL             MM   MM
 24 HR TOTAL       MM
TOTALS            0.0               0.0     0.0      0.0
SINCE 7/1         0.0               0.0     0.0      0.0
DAYS >= TRACE       0               0.0     0.0        0
DAYS >= 1.0         0               0.0     0.0        0
GREATEST
 SNOW DEPTH         0   MM                             0  MM
 24 HR TOTAL      0.0   MM

DEGREE_DAYS
HEATING TOTAL      57                92     -35       72
COOLING TOTAL     113                97      16      101
.........................................................

WIND (MPH)
AVERAGE WIND SPEED              6.2
RESULTANT WIND SPEED/DIRECTION   1/259
HIGHEST WIND SPEED/DIRECTION    21/300    DATE  10/26
HIGHEST GUST SPEED/DIRECTION    28/260    DATE  10/29

SKY COVER
POSSIBLE SUNSHINE (PERCENT)   MM
AVERAGE SKY COVER           0.20
NUMBER OF DAYS FAIR           26
NUMBER OF DAYS PC              4
NUMBER OF DAYS CLOUDY          1

AVERAGE RH (PERCENT)     70

WEATHER CONDITIONS. NUMBER OF DAYS WITH
THUNDERSTORM              2     MIXED PRECIP               0
HEAVY RAIN                3     RAIN                       2
LIGHT RAIN                8     FREEZING RAIN              0
LT FREEZING RAIN          0     HAIL                       0
HEAVY SNOW                0     SNOW                       0
LIGHT SNOW                0     SLEET                      0
FOG                      12     FOG W/VIS <= 1/4 MILE      3
HAZE                      0

-  INDICATES NEGATIVE NUMBERS.
R  INDICATES RECORD WAS SET OR TIED.
MM INDICATES DATA IS MISSING.
T  INDICATES TRACE AMOUNT.

$$
