000
CXUS53 KEAX 020734
CLMIRK

CLIMATE REPORT
NATIONAL WEATHER SERVICE KANSAS CITY/PLEASANT HILL MO
1253 AM CST FRI DEC 2 2016

...................................

...THE KIRKSVILLE CLIMATE SUMMARY FOR THE MONTH OF NOVEMBER 2016...

CLIMATE NORMAL PERIOD 1981 TO 2010
CLIMATE RECORD PERIOD 9999 TO 9999

WEATHER         OBSERVED          NORMAL  DEPART  LAST YEAR`S
                 VALUE   DATE(S)  VALUE   FROM    VALUE  DATE(S)
                                          NORMAL
................................................................
TEMPERATURE (F)
HIGHEST            78   11/01        71       7       74  11/02
LOWEST             20   11/20        14       6       16  11/22
AVG. MAXIMUM     59.1              50.3     8.8     57.1
AVG. MINIMUM     37.9              30.9     7.0     36.3
MEAN             48.5              40.6     7.9     46.7
DAYS MAX >= 90      0               0.0     0.0        0
DAYS MAX <= 32      0               1.9    -1.9        0
DAYS MIN <= 32      7              16.4    -9.4       12
DAYS MIN <= 0       0               0.0     0.0        0

PRECIPITATION (INCHES)
TOTALS           1.74              2.72   -0.98     4.46
DAILY AVG.       0.06              0.09   -0.03     0.15
DAYS >= .01         6               8.0    -2.0       11
DAYS >= .10         3               3.9    -0.9        7
DAYS >= .50         1               1.4    -0.4        3
DAYS >= 1.00        1               0.3     0.7        2
GREATEST
 24 HR. TOTAL    1.36   11/02 TO 11/02

DEGREE_DAYS
HEATING TOTAL     495               732    -237      528
 SINCE 7/1        722              1221    -499      882
COOLING TOTAL       7                 0       7        0
 SINCE 1/1       1313               939     374     1102
.................................................................

WIND (MPH)
AVERAGE WIND SPEED              8.3
HIGHEST WIND SPEED/DIRECTION    29/290    DATE  11/18
HIGHEST GUST SPEED/DIRECTION    42/280    DATE  11/18

SKY COVER
POSSIBLE SUNSHINE (PERCENT)   MM
AVERAGE SKY COVER           0.30
NUMBER OF DAYS FAIR           18
NUMBER OF DAYS PC              8
NUMBER OF DAYS CLOUDY          4

AVERAGE RH (PERCENT)     68

WEATHER CONDITIONS. NUMBER OF DAYS WITH
THUNDERSTORM              2     MIXED PRECIP               0
HEAVY RAIN                1     RAIN                       2
LIGHT RAIN                4     FREEZING RAIN              0
LT FREEZING RAIN          0     HAIL                       0
HEAVY SNOW                0     SNOW                       0
LIGHT SNOW                0     SLEET                      0
FOG                      11     FOG W/VIS <= 1/4 MILE      2
HAZE                      2

-  INDICATES NEGATIVE NUMBERS.
R  INDICATES RECORD WAS SET OR TIED.
MM INDICATES DATA IS MISSING.
T  INDICATES TRACE AMOUNT.

$$
