000
CXUS53 KEAX 010818
CLMIRK

CLIMATE REPORT
NATIONAL WEATHER SERVICE KANSAS CITY/PLEASANT HILL MO
212 AM CST THU FEB 1 2018

...................................

...THE KIRKSVILLE CLIMATE SUMMARY FOR THE MONTH OF JANUARY 2018...

CLIMATE NORMAL PERIOD 1981 TO 2010
CLIMATE RECORD PERIOD 9999 TO 9999

WEATHER         OBSERVED          NORMAL  DEPART  LAST YEAR`S
                 VALUE   DATE(S)  VALUE   FROM    VALUE  DATE(S)
                                          NORMAL
................................................................
TEMPERATURE (F)
HIGHEST            61   01/26        57       4       58  01/30
LOWEST            -16   01/01        -5     -11       -5  01/07
AVG. MAXIMUM     35.2              35.3    -0.1     38.0
AVG. MINIMUM     15.3              17.0    -1.7     22.0
MEAN             25.3              26.1    -0.8     30.0
DAYS MAX >= 90      0               0.0     0.0        0
DAYS MAX <= 32     13              13.3    -0.3       10
DAYS MIN <= 32     25              28.1    -3.1       24
DAYS MIN <= 0       8               3.6     4.4        3

PRECIPITATION (INCHES)
TOTALS           0.97              1.27   -0.30     1.63
DAILY AVG.       0.03              0.04   -0.01     0.05
DAYS >= .01         6               6.6    -0.6        9
DAYS >= .10         4               3.0     1.0        2
DAYS >= .50         0               0.6    -0.6        1
DAYS >= 1.00        0               0.3    -0.3        1
GREATEST
 24 HR. TOTAL    0.42   01/11 TO 01/11

DEGREE_DAYS
HEATING TOTAL    1225              1204      21     1079
 SINCE 7/1       3342              3547    -205     2880
COOLING TOTAL       0                 0       0        0
 SINCE 1/1          0                 0       0        0
.................................................................

WIND (MPH)
AVERAGE WIND SPEED              10.2
HIGHEST WIND SPEED/DIRECTION    33/200    DATE  01/26
HIGHEST GUST SPEED/DIRECTION    44/190    DATE  01/26

SKY COVER
POSSIBLE SUNSHINE (PERCENT)   MM
AVERAGE SKY COVER           0.40
NUMBER OF DAYS FAIR           13
NUMBER OF DAYS PC             12
NUMBER OF DAYS CLOUDY          6

AVERAGE RH (PERCENT)     75

WEATHER CONDITIONS. NUMBER OF DAYS WITH
THUNDERSTORM              0     MIXED PRECIP               0
HEAVY RAIN                1     RAIN                       1
LIGHT RAIN                3     FREEZING RAIN              0
LT FREEZING RAIN          2     HAIL                       0
HEAVY SNOW                0     SNOW                       1
LIGHT SNOW                6     SLEET                      0
FOG                      12     FOG W/VIS <= 1/4 MILE      2
HAZE                      4

-  INDICATES NEGATIVE NUMBERS.
R  INDICATES RECORD WAS SET OR TIED.
MM INDICATES DATA IS MISSING.
T  INDICATES TRACE AMOUNT.

$$
