195
CXUS51 KOKX 011747
CLMISP

CLIMATE REPORT
NATIONAL WEATHER SERVICE NEW YORK NY
146 PM EDT FRI JUL 1 2016

...................................

...THE ISLIP NY CLIMATE SUMMARY FOR THE MONTH OF JUNE 2016...

CLIMATE NORMAL PERIOD 1981 TO 2010
CLIMATE RECORD PERIOD 1984 TO 2016

WEATHER         OBSERVED          NORMAL  DEPART  LAST YEAR`S
                 VALUE   DATE(S)  VALUE   FROM    VALUE  DATE(S)
                                          NORMAL
................................................................
TEMPERATURE (F)
RECORD
 HIGH              96   06/19/1994
 LOW               42   06/01/2009
HIGHEST            86   06/29        MM      MM       88  06/21
                        06/22
                        06/21
LOWEST             52   06/11        MM      MM       50  06/07
                        06/10                             06/03
                                                          06/02
AVG. MAXIMUM     78.2              76.6     1.6     75.7
AVG. MINIMUM     60.1              60.2    -0.1     60.6
MEAN             69.1              68.4     0.7     68.2
DAYS MAX >= 90      0               1.1    -1.1        0
DAYS MAX <= 32      0               0.0     0.0        0
DAYS MIN <= 32      0               0.0     0.0        0
DAYS MIN <= 0       0               0.0     0.0        0

PRECIPITATION (INCHES)
RECORD
 MAXIMUM        10.80   2003
 MINIMUM         0.58   1988
TOTALS           1.13              4.27   -3.14     4.05
DAILY AVG.       0.04              0.14   -0.10     0.14
DAYS >= .01         7              10.1    -3.1       12
DAYS >= .10         2               6.4    -4.4        8
DAYS >= .50         1               2.6    -1.6        4
DAYS >= 1.00        0               1.1    -1.1        1
GREATEST
 24 HR. TOTAL    0.60   06/05 TO 06/05           06/14 TO 06/15
                        06/04 TO 06/05                    06/30 TO 06/30
                        06/05 TO 06/05                    06/30 TO 06/30
 STORM TOTAL       MM                                 MM
 (MM/DD(HH))            MM                    06/15(00) TO 06/15(00)
                                                 06/30(00) TO 06/30(00)0
                                                 06/30(00) TO 06/30(00)0

SNOWFALL (INCHES)
RECORDS
 TOTAL             MM   5
 24 HR TOTAL       MM
TOTALS            0.0               0.0     0.0      0.0
 LIQUID EQUIV    0.00              0.00    0.00     0.00
SINCE 7/1        41.4              24.8    16.6     63.7
 LIQUID 7/1      4.14              2.50    1.64     6.37
DAYS >= TRACE       0               0.0     0.0        0
DAYS >= 1.0         0               0.0     0.0        0
GREATEST
 SNOW DEPTH         0   MM                             0  MM
 24 HR TOTAL      0.0   06/30 TO 06/30           06/30 TO 06/30
                                                          06/30 TO 06/30
                                                          06/30 TO 06/30
 STORM TOTAL       MM                                 MM
 (MM/DD(HH))            MM                    06/30(00) TO 06/30(00)
                                                 06/30(00) TO 06/30(00)0
                                                 06/30(00) TO 06/30(00)0

DEGREE_DAYS
HEATING TOTAL       8                38     -30       46
 SINCE 7/1       4372              5428   -1056     5557
COOLING TOTAL     139               140      -1      152
 SINCE 1/1        183               164      19      202
.................................................

WIND (MPH)
AVERAGE WIND SPEED              9.0
HIGHEST WIND SPEED/DIRECTION    31/330    DATE  06/12
HIGHEST GUST SPEED/DIRECTION    41/270    DATE  06/12

SKY COVER
POSSIBLE SUNSHINE (PERCENT)   MM
AVERAGE SKY COVER           0.50
NUMBER OF DAYS FAIR            8
NUMBER OF DAYS PC             18
NUMBER OF DAYS CLOUDY          4

AVERAGE RH (PERCENT)     68

WEATHER CONDITIONS. NUMBER OF DAYS WITH
THUNDERSTORM              0     MIXED PRECIP               0
HEAVY RAIN                1     RAIN                       2
LIGHT RAIN                8     FREEZING RAIN              0
LT FREEZING RAIN          0     HAIL                       0
HEAVY SNOW                0     SNOW                       0
LIGHT SNOW                0     SLEET                      0
FOG                      14     FOG W/VIS <= 1/4 MILE      2
HAZE                      4

-  INDICATES NEGATIVE NUMBERS.
R  INDICATES RECORD WAS SET OR TIED.
MM INDICATES DATA IS MISSING.
T  INDICATES TRACE AMOUNT.

$$
