000
CXCA52 TJSJ 011426
CLMIST


CLIMATE REPORT
NATIONAL WEATHER SERVICE SAN JUAN, PR
1025 AM AST MON JUN 1 2015

...................................

...THE CYRIL E. KING AP/ST THOMAS  CLIMATE SUMMARY FOR THE MONTH OF MAY 2015...

CLIMATE NORMAL PERIOD 1981 TO 2010
CLIMATE RECORD PERIOD 1953 TO 2015

WEATHER         OBSERVED          NORMAL  DEPART  LAST YEAR`S
                 VALUE   DATE(S)  VALUE   FROM    VALUE  DATE(S)
                                          NORMAL
................................................................
TEMPERATURE (F)
RECORD
 HIGH              97   05/23/1996
                        05/19/1995
                        05/07/1994
 LOW               66   05/05/1974
HIGHEST            91   05/12        87       4       87  05/31
                        05/05                             05/27
                                                          05/26
LOWEST             73   05/18        76      -3       71  05/11
                        05/17                             05/10
AVG. MAXIMUM     87.2              87.6    -0.4     85.6
AVG. MINIMUM     77.4              76.2     1.2     75.9
MEAN             82.3              81.9     0.4     80.8
DAYS MAX >= 90      2               5.3    -3.3        0
DAYS MAX <= 32      0               0.0     0.0        0
DAYS MIN <= 32      0               0.0     0.0        0
DAYS MIN <= 0       0               0.0     0.0        0

PRECIPITATION (INCHES)
RECORD
 MAXIMUM         9.98   1979
 MINIMUM         0.06   2008
TOTALS           6.25              3.06    3.19     6.68
DAILY AVG.       0.20              0.10    0.10     0.22
DAYS >= .01         9              12.7    -3.7       13
DAYS >= .10         5               6.5    -1.5        5
DAYS >= .50         3               2.0     1.0        4
DAYS >= 1.00        2               0.8     1.2        2
GREATEST
 24 HR. TOTAL    4.28   05/16 TO 05/17

SNOWFALL (INCHES)
TOTALS            0.0               0.0     0.0      0.0

DEGREE_DAYS
HEATING TOTAL       0                 0       0        0
COOLING TOTAL     543               524      19      496
.................................................................

WIND (MPH)
AVERAGE WIND SPEED              10.2
HIGHEST WIND SPEED/DIRECTION    25/110    DATE  05/11
HIGHEST GUST SPEED/DIRECTION    33/120    DATE  05/11

SKY COVER
AVERAGE SKY COVER           0.50

AVERAGE RH (PERCENT)     73

WEATHER CONDITIONS. NUMBER OF DAYS WITH
THUNDERSTORM              0     MIXED PRECIP               0
HEAVY RAIN                3     RAIN                       4
LIGHT RAIN               11     FREEZING RAIN              0
LT FREEZING RAIN          0     HAIL                       0
HEAVY SNOW                0     SNOW                       0
LIGHT SNOW                0     SLEET                      0
FOG                       4     FOG W/VIS <= 1/4 MILE      0
HAZE                      3

-  INDICATES NEGATIVE NUMBERS.
R  INDICATES RECORD WAS SET OR TIED.
MM INDICATES DATA IS MISSING.
T  INDICATES TRACE AMOUNT.

$$
