000
CXUS53 KGLD 021700
CLMITR

CLIMATE REPORT
NATIONAL WEATHER SERVICE GOODLAND
957 AM MST TUE JAN 2 2018

...................................

...THE BURLINGTON CLIMATE SUMMARY FOR THE MONTH OF DECEMBER 2017...

CLIMATE NORMAL PERIOD 1981 TO 2010
CLIMATE RECORD PERIOD 1896 TO 2018

WEATHER         OBSERVED          NORMAL  DEPART  LAST YEAR`S
                 VALUE   DATE(S)  VALUE   FROM    VALUE  DATE(S)
                                          NORMAL
................................................................
TEMPERATURE (F)
RECORD
 HIGH              81   12/06/1939
 LOW              -22   12/09/1919
HIGHEST            66   12/12        66       0       66  12/30
                        12/03
LOWEST             -4   12/24                -3      -15  12/17
AVG. MAXIMUM     45.3              41.9     3.4     41.5
AVG. MINIMUM     14.5              15.9    -1.4     12.1
MEAN             29.9              28.9     1.0     26.8
DAYS MAX >= 90      0               0.0     0.0        0
DAYS MAX <= 32      6               6.6    -0.6        5
DAYS MIN <= 32     29              30.5    -1.5       31
DAYS MIN <= 0       2               1.4     0.6        5

PRECIPITATION (INCHES)
RECORD
 MAXIMUM         3.83   1913
 MINIMUM         0.00   2002
TOTALS           0.17              0.43   -0.26     0.34
DAILY AVG.       0.01              0.01    0.00     0.01
DAYS >= .01         1                MM      MM        3
DAYS >= .10         1                MM      MM        2
DAYS >= .50         0                MM      MM        0
DAYS >= 1.00        0                MM      MM        0
GREATEST
 24 HR. TOTAL    0.17   12/23 TO 12/23              0.16


.................................................................



-  INDICATES NEGATIVE NUMBERS.
R  INDICATES RECORD WAS SET OR TIED.
MM INDICATES DATA IS MISSING.
T  INDICATES TRACE AMOUNT.

$$
