000
CXUS54 KMEG 021905
CLMJBR


CLIMATE REPORT
NATIONAL WEATHER SERVICE MEMPHIS TN
102 PM CST FRI DEC 2 2016

...................................

...THE JONESBORO CLIMATE SUMMARY FOR THE MONTH OF NOVEMBER 2016...

CLIMATE NORMAL PERIOD 1981 TO 2010
CLIMATE RECORD PERIOD 1897 TO 2016

WEATHER         OBSERVED          NORMAL  DEPART  LAST YEAR`S
                 VALUE   DATE(S)  VALUE   FROM    VALUE  DATE(S)
                                          NORMAL
................................................................
TEMPERATURE (F)
RECORD
 HIGH              90   11/26/2003
 LOW                9   11/25/1950
HIGHEST            84   11/03        59     25      74  11/05
                        11/01
LOWEST             28   11/20        39     -11     27  11/22
AVG. MAXIMUM     65.8              59.4     6.4     60.8
AVG. MINIMUM     43.7              39.9     3.8     44.7
MEAN             54.8              49.6     5.2     52.8
DAYS MAX >= 90      0               0.0     0.0        0
DAYS MAX <= 32      0               0.0     0.0        0
DAYS MIN <= 32      3               6.1    -3.1        4
DAYS MIN <= 0       0               0.0     0.0        0

PRECIPITATION (INCHES)
RECORD
 MAXIMUM        14.91   1957
 MINIMUM         0.37   1949
TOTALS           3.50              4.90   -1.40    12.22
DAILY AVG.       0.12              0.16   -0.04     0.41
DAYS >= .01         5                MM      MM       11
DAYS >= .10         2                MM      MM        9
DAYS >= .50         2                MM      MM        6
DAYS >= 1.00        1                MM      MM        4
GREATEST
 24 HR. TOTAL    2.36   11/28 TO 11/28

SNOWFALL (INCHES)
RECORDS
 TOTAL            4.0   1971
TOTALS            0.0               0.0     0.0      0.0
SINCE 7/1         0.0               0.0     0.0      0.0
SNOWDEPTH AVG.      0                MM      MM        0
DAYS >= 1.0         0                MM      MM        0
GREATEST
 SNOW DEPTH         0   MM                             0  MM
 24 HR TOTAL      0.0   11/30 TO 11/30

DEGREE_DAYS
HEATING TOTAL     318               463    -145      360
 SINCE 7/1        349               650    -301      509
COOLING TOTAL      17                 3      14        1
 SINCE 1/1       2285              1827     458     1748
.................................................................

WIND (MPH)
AVERAGE WIND SPEED              6.4
HIGHEST WIND SPEED/DIRECTION    36/160    DATE  11/23
HIGHEST GUST SPEED/DIRECTION    46/160    DATE  11/23

SKY COVER
POSSIBLE SUNSHINE (PERCENT)   MM
AVERAGE SKY COVER           0.30
NUMBER OF DAYS FAIR           20
NUMBER OF DAYS PC              6
NUMBER OF DAYS CLOUDY          4

AVERAGE RH (PERCENT)     66

WEATHER CONDITIONS. NUMBER OF DAYS WITH
THUNDERSTORM              0     MIXED PRECIP               0
HEAVY RAIN                2     RAIN                       3
LIGHT RAIN                9     FREEZING RAIN              0
LT FREEZING RAIN          0     HAIL                       0
HEAVY SNOW                0     SNOW                       0
LIGHT SNOW                0     SLEET                      0
FOG                       9     FOG W/VIS <= 1/4 MILE      1
HAZE                      1

-  INDICATES NEGATIVE NUMBERS.
R  INDICATES RECORD WAS SET OR TIED.
MM INDICATES DATA IS MISSING.
T  INDICATES TRACE AMOUNT.

$$
