000
CXUS51 KOKX 011712
CLMJFK

NYCCLMJFK 000
TTAA00 KOKX 011710


CLIMATE REPORT
NATIONAL WEATHER SERVICE NEW YORK NY
110 PM EDT WED NOV 1 2017

...................................

...THE KENNEDY NY CLIMATE SUMMARY FOR THE MONTH OF OCTOBER 2017...

CLIMATE NORMAL PERIOD 1981 TO 2010
CLIMATE RECORD PERIOD 1948 TO 2017

WEATHER         OBSERVED          NORMAL  DEPART  LAST YEAR`S
                 VALUE   DATE(S)  VALUE   FROM    VALUE  DATE(S)
                                          NORMAL
................................................................
TEMPERATURE (F)
RECORD
 HIGH              90   10/08/2007
 LOW               30   10/28/1976
                        10/31/1966
                        10/30/1962
HIGHEST            84   10/10        MM      MM       86  10/19
LOWEST             42   10/17        MM      MM       39  10/29
AVG. MAXIMUM     71.0              64.5     6.5     66.8
AVG. MINIMUM     55.4              49.6     5.8     51.1
MEAN             63.2              57.0     6.2     58.9
DAYS MAX >= 90      0               0.0     0.0        0
DAYS MAX <= 32      0               0.0     0.0        0
DAYS MIN <= 32      0               0.0     0.0        0
DAYS MIN <= 0       0               0.0     0.0        0

PRECIPITATION (INCHES)
RECORD
 MAXIMUM        14.97   2005
 MINIMUM         0.09   1963
TOTALS           4.21              3.62    0.59     3.33
DAILY AVG.       0.14              0.12    0.02     0.11
DAYS >= .01         9               8.5     0.5        8
DAYS >= .10         4               5.4    -1.4        6
DAYS >= .50         2               2.5    -0.5        3
DAYS >= 1.00        1               1.0     0.0        0
GREATEST
 24 HR. TOTAL    3.14   10/29 TO 10/30           10/08 TO 10/09
                                                          10/31 TO 10/31
                                                          10/31 TO 10/31
 STORM TOTAL       MM                                 MM
 (MM/DD(HH))            MM                    10/09(00) TO 10/09(00)
                                                 10/31(00) TO 10/31(00)1
                                                 10/31(00) TO 10/31(00)1

SNOWFALL (INCHES)
RECORDS
 TOTAL              T   2008
                        2002
                        2000
 24 HR TOTAL       MM
TOTALS            0.0               0.0     0.0      0.0
 LIQUID EQUIV    0.00                 T    0.00     0.00
SINCE 7/1         0.0               0.0     0.0
 LIQUID 7/1      0.00              0.00             0.00
DAYS >= TRACE       0               0.0     0.0        0
DAYS >= 1.0         0               0.0     0.0        0
GREATEST
 SNOW DEPTH         0   MM                             0  MM
 24 HR TOTAL      0.0   10/31 TO 10/31           10/31 TO 10/31
                                                          10/31 TO 10/31
                                                          10/31 TO 10/31
 STORM TOTAL       MM                                 MM
 (MM/DD(HH))            MM                    10/31(00) TO 10/31(00)
                                                 10/31(00) TO 10/31(00)1
                                                 10/31(00) TO 10/31(00)1

DEGREE_DAYS
HEATING TOTAL     113               260    -147      201
 SINCE 7/1        125               299    -174      214
COOLING TOTAL      66                14      52       20
 SINCE 1/1       1173              1005     168     1362
..................................................

WIND (MPH)
AVERAGE WIND SPEED              11.4
HIGHEST WIND SPEED/DIRECTION    38/240    DATE  10/29
HIGHEST GUST SPEED/DIRECTION    46/140    DATE  10/29

SKY COVER
POSSIBLE SUNSHINE (PERCENT)   MM
AVERAGE SKY COVER           0.60
NUMBER OF DAYS FAIR           10
NUMBER OF DAYS PC             12
NUMBER OF DAYS CLOUDY          9

AVERAGE RH (PERCENT)     74

WEATHER CONDITIONS. NUMBER OF DAYS WITH
THUNDERSTORM              0     MIXED PRECIP               0
HEAVY RAIN                3     RAIN                       4
LIGHT RAIN               13     FREEZING RAIN              0
LT FREEZING RAIN          0     HAIL                       0
HEAVY SNOW                0     SNOW                       0
LIGHT SNOW                0     SLEET                      0
FOG                      12     FOG W/VIS <= 1/4 MILE      0
HAZE                      1

-  INDICATES NEGATIVE NUMBERS.
R  INDICATES RECORD WAS SET OR TIED.
MM INDICATES DATA IS MISSING.
T  INDICATES TRACE AMOUNT.

$$
