000
CXUS53 KIND 011617
CLMLAF


CLIMATE REPORT
NATIONAL WEATHER SERVICE INDIANAPOLIS IN
1111 AM EST SUN MAR 1 2015

...................................

...THE LAFAYETTE IN CLIMATE SUMMARY FOR THE MONTH OF FEBRUARY 2015...

CLIMATE NORMAL PERIOD 1981 TO 2010
CLIMATE RECORD PERIOD 9999 TO 9999

WEATHER         OBSERVED          NORMAL  DEPART  LAST YEAR`S
                 VALUE   DATE(S)  VALUE   FROM    VALUE  DATE(S)
                                          NORMAL
................................................................
TEMPERATURE (F)
HIGHEST            52   02/08                         59  02/20
LOWEST             -6   02/20                        -17  02/11
AVG. MAXIMUM     26.8              38.6   -11.8     28.0
AVG. MINIMUM      8.1              22.4   -14.3      9.1
MEAN             17.4              30.5   -13.1     18.6
DAYS MAX >= 90      0               0.0     0.0        0
DAYS MAX <= 32     20               7.7    12.3       19
DAYS MIN <= 32     28              22.3     5.7       28
DAYS MIN <= 0       7               1.2     5.8        8

PRECIPITATION (INCHES)
TOTALS           0.43              1.76   -1.33     2.43
DAILY AVG.       0.02              0.06   -0.04     0.09
DAYS >= .01         4               8.2    -4.2       11
DAYS >= .10         1               4.2    -3.2        6
DAYS >= .50         0               0.8    -0.8        2
DAYS >= 1.00        0               0.2    -0.2        1
GREATEST
 24 HR. TOTAL    0.36   01/31 TO 02/01

DEGREE_DAYS
HEATING TOTAL    1325               966     359     1294
 SINCE 7/1       5078              4334     744     4962
COOLING TOTAL       0                 0       0        0
 SINCE 1/1          0                 0       0        0
.................................................................

WIND (MPH)
AVERAGE WIND SPEED              8.8
HIGHEST WIND SPEED/DIRECTION    35/320    DATE  02/14
HIGHEST GUST SPEED/DIRECTION    47/320    DATE  02/14

SKY COVER
POSSIBLE SUNSHINE (PERCENT)   MM
AVERAGE SKY COVER           0.50
NUMBER OF DAYS FAIR           10
NUMBER OF DAYS PC             11
NUMBER OF DAYS CLOUDY          7

AVERAGE RH (PERCENT)     72

WEATHER CONDITIONS. NUMBER OF DAYS WITH
THUNDERSTORM              0     MIXED PRECIP               0
HEAVY RAIN                0     RAIN                       0
LIGHT RAIN                1     FREEZING RAIN              0
LT FREEZING RAIN          0     HAIL                       0
HEAVY SNOW                1     SNOW                       4
LIGHT SNOW               14     SLEET                      0
FOG                      14     FOG W/VIS <= 1/4 MILE      1
HAZE                      9

-  INDICATES NEGATIVE NUMBERS.
R  INDICATES RECORD WAS SET OR TIED.
MM INDICATES DATA IS MISSING.
T  INDICATES TRACE AMOUNT.

$$
