098
CXUS53 KLBF 010955
CLMLBF


CLIMATE REPORT
NATIONAL WEATHER SERVICE NORTH PLATTE
454 AM CDT THU SEP 1 2016

...................................

...THE NORTH PLATTE NE CLIMATE SUMMARY FOR THE MONTH OF AUGUST 2016...

CLIMATE NORMAL PERIOD 1981 TO 2010
CLIMATE RECORD PERIOD 1874 TO 2016

WEATHER         OBSERVED          NORMAL  DEPART  LAST YEAR`S
                 VALUE   DATE(S)  VALUE   FROM    VALUE  DATE(S)
                                          NORMAL
................................................................
TEMPERATURE (F)
RECORD
 HIGH             108   08/02/2008
                        08/11/1936
                        00/00/2194
 LOW               35   08/28/1976
HIGHEST            97   08/18        98      -1       96  08/02
LOWEST             43   08/21        46      -3       40  08/23
AVG. MAXIMUM     86.0              86.1    -0.1     83.9
AVG. MINIMUM     58.9              58.2     0.7     56.4
MEAN             72.5              72.1     0.4     70.2
DAYS MAX >= 90     13              10.1     2.9        7
DAYS MAX <= 32      0               0.0     0.0        0
DAYS MIN <= 32      0               0.0     0.0        0
DAYS MIN <= 0       0               0.0     0.0        0

PRECIPITATION (INCHES)
RECORD
 MAXIMUM         7.16   MM
                        1950
 MINIMUM         0.06   1967
TOTALS           0.88              2.29   -1.41     3.19
DAILY AVG.       0.03              0.07   -0.04     0.10
DAYS >= .01         7               8.8    -1.8        7
DAYS >= .10         1               4.2    -3.2        5
DAYS >= .50         1               1.7    -0.7        3
DAYS >= 1.00        0               0.5    -0.5        1
GREATEST
 24 HR. TOTAL    0.70   08/11 TO 08/12           08/07 TO 08/08
                                                          08/08 TO 08/08
                                                          08/08 TO 08/08

SNOWFALL (INCHES)
RECORDS
 TOTAL              T   2008
                        2004
TOTALS            0.0               0.0     0.0      0.0
SINCE 7/1         0.0               0.0     0.0      0.0
SNOWDEPTH AVG.      0                MM      MM        0
DAYS >= 1.0         0               0.0     0.0        0
GREATEST
 SNOW DEPTH         0   MM                             0  MM
 24 HR TOTAL      0.0   08/31 TO 08/31

DEGREE_DAYS
HEATING TOTAL       6                15      -9       23
 SINCE 7/1         12                20      -8       29
COOLING TOTAL     245               236       9      190
 SINCE 1/1        807               695     112      668
.........................................................

WIND (MPH)
AVERAGE WIND SPEED              7.3
HIGHEST WIND SPEED/DIRECTION    61/300    DATE  08/11
HIGHEST GUST SPEED/DIRECTION    73/300    DATE  08/11

SKY COVER
POSSIBLE SUNSHINE (PERCENT)   MM
AVERAGE SKY COVER           0.30
NUMBER OF DAYS FAIR           20
NUMBER OF DAYS PC              8
NUMBER OF DAYS CLOUDY          3

AVERAGE RH (PERCENT)     68

WEATHER CONDITIONS. NUMBER OF DAYS WITH
THUNDERSTORM              0     MIXED PRECIP               0
HEAVY RAIN                2     RAIN                       1
LIGHT RAIN               11     FREEZING RAIN              0
LT FREEZING RAIN          0     HAIL                       0
HEAVY SNOW                0     SNOW                       0
LIGHT SNOW                0     SLEET                      0
FOG                      18     FOG W/VIS <= 1/4 MILE      6
HAZE                      2

-  INDICATES NEGATIVE NUMBERS.
R  INDICATES RECORD WAS SET OR TIED.
MM INDICATES DATA IS MISSING.
T  INDICATES TRACE AMOUNT.

$$
