000
CXUS53 KLBF 011258
CLMLBF


CLIMATE REPORT
NATIONAL WEATHER SERVICE NORTH PLATTE
757 AM CDT SAT APR 1 2017

...................................

...THE NORTH PLATTE NE CLIMATE SUMMARY FOR THE MONTH OF MARCH 2017...

CLIMATE NORMAL PERIOD 1981 TO 2010
CLIMATE RECORD PERIOD 1874 TO 2017

WEATHER         OBSERVED          NORMAL  DEPART  LAST YEAR`S
                 VALUE   DATE(S)  VALUE   FROM    VALUE  DATE(S)
                                          NORMAL
................................................................
TEMPERATURE (F)
RECORD
 HIGH              91   03/16/2015
 LOW              -22   03/03/2002
                        03/03/1960
HIGHEST            90   03/19        77      13       80  03/21
LOWEST             11   03/13         4       7        8  03/20
AVG. MAXIMUM     59.4              52.5     6.9     61.0
AVG. MINIMUM     28.2              23.5     4.7     24.2
MEAN             43.8              38.0     5.8     42.6
DAYS MAX >= 90      1               0.0     1.0        0
DAYS MAX <= 32      0               2.6    -2.6        0
DAYS MIN <= 32     20              26.0    -6.0       26
DAYS MIN <= 0       0               0.5    -0.5        0

PRECIPITATION (INCHES)
RECORD
 MAXIMUM         4.37   1949
 MINIMUM         0.01   2015
TOTALS           1.82              1.05    0.77     0.66
DAILY AVG.       0.06              0.03    0.03     0.02
DAYS >= .01         6               6.7    -0.7        5
DAYS >= .10         3               2.7     0.3        1
DAYS >= .50         2               0.6     1.4        1
DAYS >= 1.00        0               0.0     0.0        0
GREATEST
 24 HR. TOTAL    0.77   03/23 TO 03/23

SNOWFALL (INCHES)
RECORDS
 TOTAL           27.8   1912
TOTALS              T               4.4    -4.4      4.3
SINCE 7/1        20.3              25.3    -5.0     29.9
SNOWDEPTH AVG.      0                MM      MM        0
DAYS >= 1.0         0               1.4    -1.4        1
GREATEST
 SNOW DEPTH         0   MM                             3  03/24
 24 HR TOTAL        T   03/06 TO 03/06
                        03/11 TO 03/11
                        03/14 TO 03/14

DEGREE_DAYS
HEATING TOTAL     651               837    -186      686
 SINCE 7/1       4973              5865    -892     4963
COOLING TOTAL       0                 0       0        0
 SINCE 1/1          0                 0       0        0
....................................................

WIND (MPH)
AVERAGE WIND SPEED              10.0
HIGHEST WIND SPEED/DIRECTION    49/300    DATE  03/06
HIGHEST GUST SPEED/DIRECTION    59/290    DATE  03/06

SKY COVER
POSSIBLE SUNSHINE (PERCENT)   MM
AVERAGE SKY COVER           0.40
NUMBER OF DAYS FAIR           17
NUMBER OF DAYS PC              8
NUMBER OF DAYS CLOUDY          6

AVERAGE RH (PERCENT)     59

WEATHER CONDITIONS. NUMBER OF DAYS WITH
THUNDERSTORM              0     MIXED PRECIP               0
HEAVY RAIN                1     RAIN                       3
LIGHT RAIN                8     FREEZING RAIN              0
LT FREEZING RAIN          1     HAIL                       0
HEAVY SNOW                0     SNOW                       1
LIGHT SNOW                1     SLEET                      0
FOG                       7     FOG W/VIS <= 1/4 MILE      1
HAZE                      1

-  INDICATES NEGATIVE NUMBERS.
R  INDICATES RECORD WAS SET OR TIED.
MM INDICATES DATA IS MISSING.
T  INDICATES TRACE AMOUNT.

$$
