000
CXUS53 KLBF 011430
CLMLBF


CLIMATE REPORT
NATIONAL WEATHER SERVICE NORTH PLATTE
826 AM CST SUN MAR 1 2015

...................................

...THE NORTH PLATTE NE CLIMATE SUMMARY FOR THE MONTH OF FEBRUARY 2015...

CLIMATE NORMAL PERIOD 1981 TO 2010
CLIMATE RECORD PERIOD 1874 TO 2015

WEATHER         OBSERVED          NORMAL  DEPART  LAST YEAR`S
                 VALUE   DATE(S)  VALUE   FROM    VALUE  DATE(S)
                                          NORMAL
................................................................
TEMPERATURE (F)
RECORD
 HIGH              79   02/11/1962
 LOW              -35   02/12/1899
HIGHEST            71   02/07        66       5       60  02/18
LOWEST             -9   02/02        -5      -4      -21  02/06
AVG. MAXIMUM     42.7              43.0    -0.3     32.4
AVG. MINIMUM     12.9              15.0    -2.1      8.2
MEAN             27.8              29.0    -1.2     20.3
DAYS MAX >= 90      0               0.0     0.0        0
DAYS MAX <= 32     11               6.2     4.8       17
DAYS MIN <= 32     28              27.3     0.7       28
DAYS MIN <= 0       5               2.9     2.1        8

PRECIPITATION (INCHES)
RECORD
 MAXIMUM         1.98   1978
 MINIMUM            T   1996
TOTALS           0.46              0.50   -0.04     0.73
DAILY AVG.       0.02              0.02    0.00     0.03
DAYS >= .01         5               5.1    -0.1        7
DAYS >= .10         1               1.6    -0.6        4
DAYS >= .50         0               0.1    -0.1        0
DAYS >= 1.00        0               0.0     0.0        0
GREATEST
 24 HR. TOTAL    0.42   02/04 TO 02/04

SNOWFALL (INCHES)
RECORDS
 TOTAL           20.6   1978
TOTALS            6.3               5.3     1.0     11.6
SINCE 7/1        18.9              20.9    -2.0     22.4
SNOWDEPTH AVG.      1                 2      -1        2
DAYS >= 1.0         1               1.8    -0.8        5
GREATEST
 SNOW DEPTH         6   02/05                          5  02/11
                                                          02/10
 24 HR TOTAL      5.9   02/04 TO 02/04

DEGREE_DAYS
HEATING TOTAL    1037              1008      29     1243
 SINCE 7/1       4889              5028    -139     5191
COOLING TOTAL       0                 0       0        0
 SINCE 1/1          0                 0       0        0
....................................................

WIND (MPH)
AVERAGE WIND SPEED              8.9
HIGHEST WIND SPEED/DIRECTION    31/360    DATE  02/25
HIGHEST GUST SPEED/DIRECTION    40/320    DATE  02/17

SKY COVER
POSSIBLE SUNSHINE (PERCENT)   MM
AVERAGE SKY COVER           0.40
NUMBER OF DAYS FAIR           13
NUMBER OF DAYS PC             14
NUMBER OF DAYS CLOUDY          1

AVERAGE RH (PERCENT)     64

WEATHER CONDITIONS. NUMBER OF DAYS WITH
THUNDERSTORM              0     MIXED PRECIP               0
HEAVY RAIN                0     RAIN                       0
LIGHT RAIN                2     FREEZING RAIN              0
LT FREEZING RAIN          0     HAIL                       0
HEAVY SNOW                1     SNOW                       1
LIGHT SNOW                5     SLEET                      0
FOG                       5     FOG W/VIS <= 1/4 MILE      1
HAZE                      4

-  INDICATES NEGATIVE NUMBERS.
R  INDICATES RECORD WAS SET OR TIED.
MM INDICATES DATA IS MISSING.
T  INDICATES TRACE AMOUNT.

$$
