000
CXHW51 PHFO 011613
CLMLIH


CLIMATE REPORT
NATIONAL WEATHER SERVICE HONOLULU HI
612 AM HST WED OCT 1 2014

...................................

...THE LIHUE HI CLIMATE SUMMARY FOR THE MONTH OF SEPTEMBER 2014...

CLIMATE NORMAL PERIOD 1981 TO 2010
CLIMATE RECORD PERIOD 1946 TO 2014

WEATHER         OBSERVED          NORMAL  DEPART  LAST YEAR`S
                 VALUE   DATE(S)  VALUE   FROM    VALUE  DATE(S)
                                          NORMAL
................................................................
TEMPERATURE (F)
RECORD
 HIGH              90   09/13/1995
                        09/26/1993
 LOW               50   09/10/2008
HIGHEST            88   09/30        85       3       87  09/24
                        09/23                             09/02
                        09/22
LOWEST             70   09/14        74      -4       70  09/05
                        09/13
AVG. MAXIMUM     86.7              84.8     1.9     85.3
AVG. MINIMUM     74.5              74.1     0.4     74.8
MEAN             80.6              79.4     1.2     80.1
DAYS MAX >= 90      0               0.0     0.0        0
DAYS MAX <= 32      0               0.0     0.0        0
DAYS MIN <= 32      0               0.0     0.0        0
DAYS MIN <= 0       0               0.0     0.0        0

PRECIPITATION (INCHES)
RECORD
 MAXIMUM        10.87   1980
 MINIMUM         0.44   2007
TOTALS           1.40              2.12   -0.72     2.36
DAILY AVG.       0.05              0.07   -0.02     0.08
DAYS >= .01        17              16.3     0.7       19
DAYS >= .10         6               5.3     0.7       10
DAYS >= .50         0               0.9    -0.9        1
DAYS >= 1.00        0               0.2    -0.2        0
GREATEST
 24 HR. TOTAL    0.29   09/24 TO 09/25              0.54
                        09/25 TO 09/26

SNOWFALL (INCHES)
RECORDS
 TOTAL             MM   5
TOTALS            0.0               0.0     0.0      0.0
SINCE 7/1         0.0               0.0     0.0      0.0
SNOWDEPTH AVG.      0                MM      MM        0
DAYS >= 1.0         0               0.0     0.0        0
GREATEST
 SNOW DEPTH         0   MM                             0  MM
 24 HR TOTAL      0.0   09/30 TO 09/30               0.0

DEGREE_DAYS
HEATING TOTAL       0                 0       0        0
 SINCE 7/1          0                 0       0        0
COOLING TOTAL     477               433      44      460
 SINCE 1/1       2995              2959      36     2756
.................................................................

WIND (MPH)
AVERAGE WIND SPEED              9.5
HIGHEST WIND SPEED/DIRECTION    26/100    DATE  09/23
HIGHEST GUST SPEED/DIRECTION    31/050    DATE  09/26

SKY COVER
POSSIBLE SUNSHINE (PERCENT)   MM
AVERAGE SKY COVER           0.50
NUMBER OF DAYS FAIR            7
NUMBER OF DAYS PC             20
NUMBER OF DAYS CLOUDY          3

AVERAGE RH (PERCENT)     73

WEATHER CONDITIONS. NUMBER OF DAYS WITH
THUNDERSTORM              0     MIXED PRECIP               2
HEAVY RAIN                3     RAIN                       6
LIGHT RAIN               15     FREEZING RAIN              0
LT FREEZING RAIN          0     HAIL                       0
HEAVY SNOW                0     SNOW                       0
LIGHT SNOW                0     SLEET                      0
FOG                      14     FOG W/VIS <= 1/4 MILE      0
HAZE                      4

-  INDICATES NEGATIVE NUMBERS.
R  INDICATES RECORD WAS SET OR TIED.
MM INDICATES DATA IS MISSING.
T  INDICATES TRACE AMOUNT.

$$
