000
CXUS53 KOAX 011626
CLMLNK

CLIMATE REPORT
NATIONAL WEATHER SERVICE OMAHA NEBRASKA
1044 AM CDT TUE SEP 1 2015

...................................

...THE LINCOLN, NEBRASKA CLIMATE SUMMARY FOR THE MONTH OF AUGUST 2015...

CLIMATE NORMAL PERIOD 1981 TO 2010
CLIMATE RECORD PERIOD 1887 TO 2015

WEATHER         OBSERVED          NORMAL  DEPART
                 VALUE   DATE(S)  VALUE   FROM
                                          NORMAL
................................................
TEMPERATURE (F)
HIGHEST            96   08/02
LOWEST             46   08/24
AVG. MAXIMUM     85.4              86.8    -1.4
AVG. MINIMUM     62.2              63.8    -1.6
MEAN             73.8              75.3    -1.5
DAYS MAX >= 90      7
DAYS MAX <= 32      0
DAYS MIN <= 32      0
DAYS MIN <= 0       0

PRECIPITATION (INCHES)
RECORD
 MAXIMUM        13.98   1910
 MINIMUM         0.07   1976
TOTALS           3.78              3.49    0.29
DAILY AVG.       0.12
DAYS >= .01         9
DAYS >= .10         6
DAYS >= .50         2
DAYS >= 1.00        1
GREATEST
 24 HR. TOTAL    1.98   08/17 TO 08/18

SNOWFALL (INCHES)
RECORDS
 TOTAL              T   2007
                        2004
                        2002
TOTALS            0.0               0.0
SINCE 7/1         0.0
SNOWDEPTH AVG.      0                MM      MM
DAYS >= 1.0         0               0.0     0.0
GREATEST
 SNOW DEPTH         0   MM
 24 HR TOTAL      0.0   08/31 TO 08/31

DEGREE_DAYS
HEATING TOTAL       3                 5      -2
 SINCE 7/1          4                 6      -2
COOLING TOTAL     283               324     -41
 SINCE 1/1        981              1035     -54
.................................................

WIND (MPH)
AVERAGE WIND SPEED              8.7
HIGHEST WIND SPEED/DIRECTION    33/160    DATE  08/27
HIGHEST GUST SPEED/DIRECTION    43/160    DATE  08/27

SKY COVER
AVERAGE SKY COVER           0.20


WEATHER CONDITIONS. NUMBER OF DAYS WITH
THUNDERSTORM              9     MIXED PRECIP               0
HEAVY RAIN                5     RAIN                       3
LIGHT RAIN               14     FREEZING RAIN              0
LT FREEZING RAIN          0     HAIL                       0
HEAVY SNOW                0     SNOW                       0
LIGHT SNOW                0     SLEET                      0
FOG                      12     FOG W/VIS <= 1/4 MILE      1
HAZE                      4

-  INDICATES NEGATIVE NUMBERS.
R  INDICATES RECORD WAS SET OR TIED.
MM INDICATES DATA IS MISSING.
T  INDICATES TRACE AMOUNT.
>= INDICATES GREATER THAN OR EQUAL TO.
<= INDICATES LESS THAN OR EQUAL TO.

&&

...AUGUST WAS SLIGHTLY COOLER THAN NORMAL...WITH NEAR-NORMAL
RAINFALL...

THE MONTHLY AVERAGE TEMPERATURE OF 73.8 DEGREES WAS 1.5 DEGREES
BELOW NORMAL...FALLING JUST OUTSIDE OF THE COOLEST THIRD OF AUGUSTS
ON RECORD AND IN THE NEAR-NORMAL CATEGORY.  THE RAINFALL OF 3.78
INCHES WAS JUST 0.29 INCHES ABOVE NORMAL.

AUGUST STARTED WITH A WET STREAK...WITH MEASURABLE RAIN ON 3 OF THE
FIRST 8 DAYS OF THE MONTH TOTALING 0.56 INCHES OF RAIN.  THE WARMEST
TEMPERATURE OF THE MONTH...AT 96 DEGREES...WAS RECORDED ON THE 2ND.
TEMPERATURES WERE JUST A FEW DEGREES AWAY FROM NORMAL ON MOST DAYS
THROUGH THE 17TH. ALSO...THE WET WEATHER TO BEGIN THE MONTH WAS
FOLLOWED BY A DRY STREAK ON THE 9TH THROUGH THE 16TH.

THE SECOND HALF OF THE MONTH TILTED TOWARD COOLER AND WETTER
CONDITIONS. RAINFALL OF 2.08 INCHES ON THE 17TH TO 18TH WAS OVER
HALF OF THE MONTHLY TOTAL. A FEW OTHER RAINFALL DAYS...INTERSPERSED
WITH DRY WEATHER DAYS...PROVIDED A STEADY DOSE OF RAINFALL FOR THE
REST OF THE MONTH. TEMPERATURES FROM THE 17TH THROUGH THE 31ST WERE
MAINLY IN THE 70S TO MID 80S DURING THE DAY...WITH ONE 90+
DEGREEDAYON THE 22ND...AND DOWN IN THE 50S TO LOWER 60S AT NIGHT.
THE COLDEST TEMPERATURE OF THE MONTH...46 DEGREES...OCCURRED ON THE
24TH.  OVERALL...THE END-OF-MONTH WEATHER WAS LARGELY STILL ON THE
HUMID SIDE.

THE SUMMER MONTHS OF JUNE THROUGH AUGUST WERE WETTER AND SLIGHTLY
COOLER THAN NORMAL. THE AVERAGE TEMPERATURE IN LINCOLN WAS 74.8
DEGREES...WHICH IS 0.6 DEGREES BELOW NORMAL. THE TOTAL RAINFALL OF
13.83 INCHES WAS 2.59 INCHES ABOVE NORMAL.


DAILY RECORDS SET IN AUGUST 2015:
DATE         RECORD           READING  PREVIOUS RECORD
NO RECORDS SET IN AUGUST

$$

MAYES/KG
