000
CXUS54 KCRP 011803
CLMLRD

CLIMATE REPORT
NATIONAL WEATHER SERVICE CORPUS CHRISTI TX
1138 AM CST WED MAR 1 2017

...................................

...THE LAREDO CLIMATE SUMMARY FOR THE MONTH OF FEBRUARY 2017...

CLIMATE NORMAL PERIOD 1981 TO 2010
CLIMATE RECORD PERIOD 1900 TO 2017

WEATHER         OBSERVED          NORMAL  DEPART  LAST YEAR`S
                 VALUE   DATE(S)  VALUE   FROM    VALUE  DATE(S)
                                          NORMAL
................................................................
TEMPERATURE (F)
RECORD
 HIGH             103   02/27/2011
                        02/20/1986
 LOW               16   02/15/1909
HIGHEST           100   02/23        77      23       93  02/01
LOWEST             41   02/16        46      -5       36  02/07
                                                          02/04
AVG. MAXIMUM     84.0              72.0    12.0     79.6
AVG. MINIMUM     57.5              50.3     7.2     51.1
MEAN             70.7              61.2     9.5     65.4
DAYS MAX >= 90     10               0.9     9.1        1
DAYS MAX <= 32      0               0.0     0.0        0
DAYS MIN <= 32      0               0.8    -0.8        0
DAYS MIN <= 0       0               0.0     0.0        0

PRECIPITATION (INCHES)
RECORD
 MAXIMUM         5.50   1923
 MINIMUM         0.00   1978
            1926
            1925
TOTALS           0.96              0.94    0.02     0.01
DAILY AVG.       0.03              0.03    0.00     0.00
DAYS >= .01         4               5.3    -1.3        1
DAYS >= .10         1               1.9    -0.9        0
DAYS >= .50         1               0.5     0.5        0
DAYS >= 1.00        0               0.2    -0.2        0
GREATEST
 24 HR. TOTAL    0.92   02/19 TO 02/20

SNOWFALL (INCHES)
RECORDS
 TOTAL             MM   MM
 24 HR TOTAL       MM
TOTALS            0.0                MM      MM      0.0
SINCE 7/1         0.0               0.0     0.0      0.0
SNOWDEPTH AVG.      0                MM      MM        0
DAYS >= 1.0         0                MM      MM
GREATEST
 SNOW DEPTH         0   MM                             0
 24 HR TOTAL      0.0   02/28 TO 02/28               0.0

DEGREE_DAYS
HEATING TOTAL      38               165    -127       94
 SINCE 7/1        380               844    -464      576
COOLING TOTAL     204                57     147      111
 SINCE 1/1        306                85     221      118
...................................................

WIND (MPH)
AVERAGE WIND SPEED              9.0
HIGHEST WIND SPEED/DIRECTION    23/340    DATE  02/14
HIGHEST GUST SPEED/DIRECTION    33/140    DATE  02/13

SKY COVER
AVERAGE SKY COVER           0.30

AVERAGE RH (PERCENT)     58

WEATHER CONDITIONS. NUMBER OF DAYS WITH
THUNDERSTORM              2     MIXED PRECIP               0
HEAVY RAIN                1     RAIN                       2
LIGHT RAIN                9     FREEZING RAIN              0
LT FREEZING RAIN          0     HAIL                       0
HEAVY SNOW                0     SNOW                       0
LIGHT SNOW                0     SLEET                      0
FOG                       5     FOG W/VIS <= 1/4 MILE      0
HAZE                      2

-  INDICATES NEGATIVE NUMBERS.
R  INDICATES RECORD WAS SET OR TIED.
MM INDICATES DATA IS MISSING.
T  INDICATES TRACE AMOUNT.

$$

88
