000
CXUS54 KCRP 012130
CLMLRD

CLIMATE REPORT
NATIONAL WEATHER SERVICE CORPUS CHRISTI TX
412 PM CDT MON JUN 1 2015

...................................

...THE LAREDO CLIMATE SUMMARY FOR THE MONTH OF MAY 2015...

CLIMATE NORMAL PERIOD 1981 TO 2010
CLIMATE RECORD PERIOD 1900 TO 2015

WEATHER         OBSERVED          NORMAL  DEPART  LAST YEAR`S
                 VALUE   DATE(S)  VALUE   FROM    VALUE  DATE(S)
                                          NORMAL
................................................................
TEMPERATURE (F)
RECORD
 HIGH             115   05/07/1927
 LOW               37   05/07/1917
                        05/01/1908
HIGHEST           100   05/09        98       2      103  05/06
LOWEST             59   05/01        68      -9       56  05/15
AVG. MAXIMUM     89.4              93.5    -4.1     92.4
AVG. MINIMUM     71.8              71.5     0.3     68.8
MEAN             80.6              82.5    -1.9     80.6
DAYS MAX >= 90     17              22.1    -5.1       25
DAYS MAX <= 32      0               0.0     0.0        0
DAYS MIN <= 32      0               0.0     0.0        0
DAYS MIN <= 0       0               0.0     0.0        0

PRECIPITATION (INCHES)
RECORD
 MAXIMUM        11.48   1972
 MINIMUM         0.00   1998
TOTALS           9.74              2.49    7.25     3.71
DAILY AVG.       0.31              0.08    0.23     0.12
DAYS >= .01        10               5.3     4.7        4
DAYS >= .10         5               3.2     1.8        3
DAYS >= .50         4               1.6     2.4        2
DAYS >= 1.00        4               0.7     3.3        2
GREATEST
 24 HR. TOTAL    3.68   05/30 TO 05/30           05/23 TO 05/23

SNOWFALL (INCHES)
RECORDS
 TOTAL             MM   MM
 24 HR TOTAL       MM
TOTALS            0.0                MM      MM        T
SINCE 7/1         0.0               0.0     0.0        T
SNOWDEPTH AVG.      0                MM      MM        0
DAYS >= 1.0         0                MM      MM
GREATEST
 SNOW DEPTH         0   MM                             0
 24 HR TOTAL      0.0   MM                             T

DEGREE_DAYS
HEATING TOTAL       0                 0       0        0
 SINCE 7/1       1064               926     138     1095
COOLING TOTAL     491               543     -52      491
 SINCE 1/1        942              1143    -201     1125
..........................................................

WIND (MPH)
AVERAGE WIND SPEED              11.8
HIGHEST WIND SPEED/DIRECTION    41/320    DATE  05/30
HIGHEST GUST SPEED/DIRECTION    52/330    DATE  05/30

SKY COVER
AVERAGE SKY COVER           0.50

AVERAGE RH (PERCENT)     72

WEATHER CONDITIONS. NUMBER OF DAYS WITH
THUNDERSTORM              4     MIXED PRECIP               0
HEAVY RAIN                5     RAIN                       8
LIGHT RAIN               17     FREEZING RAIN              0
LT FREEZING RAIN          0     HAIL                       0
HEAVY SNOW                0     SNOW                       0
LIGHT SNOW                0     SLEET                      0
FOG                      17     FOG W/VIS <= 1/4 MILE      0
HAZE                     17

-  INDICATES NEGATIVE NUMBERS.
R  INDICATES RECORD WAS SET OR TIED.
MM INDICATES DATA IS MISSING.
T  INDICATES TRACE AMOUNT.

$$

88
