000
CXUS54 KCRP 011501
CLMLRD

CLIMATE REPORT
NATIONAL WEATHER SERVICE CORPUS CHRISTI TX
915 AM CDT TUE SEP 1 2015

...................................

...THE LAREDO CLIMATE SUMMARY FOR THE MONTH OF AUGUST 2015...

CLIMATE NORMAL PERIOD 1981 TO 2010
CLIMATE RECORD PERIOD 1900 TO 2015

WEATHER         OBSERVED          NORMAL  DEPART  LAST YEAR`S
                 VALUE   DATE(S)  VALUE   FROM    VALUE  DATE(S)
                                          NORMAL
................................................................
TEMPERATURE (F)
RECORD
 HIGH             113   08/11/1936
 LOW               60   08/13/1918
                        08/12/1918
                        08/11/1918
HIGHEST           107   08/10       102       5      107  08/07
                        08/08
                        08/07
LOWEST             71   08/28        74      -3       74  08/13
AVG. MAXIMUM    103.1              99.9     3.2    102.8
AVG. MINIMUM     77.1              77.0     0.1     78.8
MEAN             90.1              88.4     1.7     90.8
DAYS MAX >= 90     31              29.9     1.1       31
DAYS MAX <= 32      0               0.0     0.0        0
DAYS MIN <= 32      0               0.0     0.0        0
DAYS MIN <= 0       0               0.0     0.0        0

PRECIPITATION (INCHES)
RECORD
 MAXIMUM        10.00   1971
 MINIMUM           MM   MM
TOTALS           0.03              1.88   -1.85     0.66
DAILY AVG.       0.00              0.06   -0.06     0.02
DAYS >= .01         1               5.1    -4.1        3
DAYS >= .10         0               2.8    -2.8        2
DAYS >= .50         0               1.2    -1.2        0
DAYS >= 1.00        0               0.6    -0.6        0
GREATEST
 24 HR. TOTAL    0.03   08/20 TO 08/20              0.48 08/01 TO 08/01
 STORM TOTAL       MM                                 MM
 (MM/DD(HH))            MM                                MM

SNOWFALL (INCHES)
RECORDS
 TOTAL             MM   MM
 24 HR TOTAL       MM
TOTALS            0.0                MM      MM        0
SINCE 7/1         0.0               0.0     0.0        0
SNOWDEPTH AVG.      0                MM      MM        0
DAYS >= 1.0         0                MM      MM
GREATEST
 SNOW DEPTH         0   MM                             0
 24 HR TOTAL      0.0   08/31 TO 08/31                 0

DEGREE_DAYS
HEATING TOTAL       0                 0       0        0
 SINCE 7/1          0                 0       0        0
COOLING TOTAL     788               727      61      809
 SINCE 1/1       3089              3243    -154     3433
.................................................................

WIND (MPH)
AVERAGE WIND SPEED              10.5
HIGHEST WIND SPEED/DIRECTION    38/100    DATE  08/31
HIGHEST GUST SPEED/DIRECTION    45/100    DATE  08/31

SKY COVER
AVERAGE SKY COVER           0.10

AVERAGE RH (PERCENT)     55

WEATHER CONDITIONS. NUMBER OF DAYS WITH
THUNDERSTORM              0     MIXED PRECIP               0
HEAVY RAIN                0     RAIN                       1
LIGHT RAIN                1     FREEZING RAIN              0
LT FREEZING RAIN          0     HAIL                       0
HEAVY SNOW                0     SNOW                       0
LIGHT SNOW                0     SLEET                      0
FOG                       1     FOG W/VIS <= 1/4 MILE      0
HAZE                      2

-  INDICATES NEGATIVE NUMBERS.
R  INDICATES RECORD WAS SET OR TIED.
MM INDICATES DATA IS MISSING.
T  INDICATES TRACE AMOUNT.

$$
