000
CXUS53 KTOP 011429
CLMLWC


CLIMATE REPORT
NATIONAL WEATHER SERVICE TOPEKA KS
824 AM CST MON DEC 1 2014

...................................

...THE LAWRENCE KS CLIMATE SUMMARY FOR THE MONTH OF NOVEMBER 2014...

CLIMATE NORMAL PERIOD 1981 TO 2010
CLIMATE RECORD PERIOD 9999 TO 9999

WEATHER         OBSERVED          NORMAL  DEPART  LAST YEAR`S
                 VALUE   DATE(S)  VALUE   FROM    VALUE
                                          NORMAL
.............................................................
TEMPERATURE (F)
HIGHEST            71   11/10                         73
LOWEST              6R  11/18                         10
AVG. MAXIMUM     49.1              55.4    -6.3     54.2
AVG. MINIMUM     24.3              31.7    -7.4     28.5
MEAN             36.7              43.5    -6.8     41.2
DAYS MAX >= 90      0               0.0     0.0        0
DAYS MAX <= 32      5               0.5     4.5        3
DAYS MIN <= 32     23              15.8     7.2       20
DAYS MIN <= 0       0               0.0     0.0        0

PRECIPITATION (INCHES)
TOTALS           0.37              2.18   -1.81     0.28
DAILY AVG.       0.01                               0.01
DAYS >= .01         6                                  5
DAYS >= .10         1                                  1
DAYS >= .50         0                                  0
DAYS >= 1.00        0                                  0
GREATEST
 24 HR. TOTAL    0.21   11/22 TO 11/23              0.57

DEGREE_DAYS
HEATING TOTAL     842               644     198      684
 SINCE 7/1       1180              1008     172     1030
COOLING TOTAL       0                 1      -1        0
 SINCE 1/1       1426              1371      55     1492
..............................................................

WIND (MPH)
AVERAGE WIND SPEED              10.4
HIGHEST WIND SPEED/DIRECTION    37/340    DATE  11/10
HIGHEST GUST SPEED/DIRECTION    47/330    DATE  11/23

SKY COVER
POSSIBLE SUNSHINE (PERCENT)   MM
AVERAGE SKY COVER           0.30
NUMBER OF DAYS FAIR           21
NUMBER OF DAYS PC              6
NUMBER OF DAYS CLOUDY          3

AVERAGE RH (PERCENT)     65

WEATHER CONDITIONS. NUMBER OF DAYS WITH
THUNDERSTORM              0     MIXED PRECIP               0
HEAVY RAIN                0     RAIN                       1
LIGHT RAIN                5     FREEZING RAIN              0
LT FREEZING RAIN          0     HEAVY SNOW                 0
SNOW                      0     LIGHT SNOW                 2
FOG                      15     FOG W/VIS <= 1/4 MILE      1
HAZE                     13

-  INDICATES NEGATIVE NUMBERS.
R  INDICATES RECORD WAS SET OR TIED.
MM INDICATES DATA IS MISSING.
T  INDICATES TRACE AMOUNT.

$$
